{"id":18526,"date":"2024-05-30T19:02:20","date_gmt":"2024-05-30T18:02:20","guid":{"rendered":"https:\/\/pharmadreams.shop\/?post_type=product&#038;p=18526"},"modified":"2024-05-30T19:02:20","modified_gmt":"2024-05-30T18:02:20","slug":"avene-cleanance-gel-nettoyant-400ml","status":"publish","type":"product","link":"https:\/\/pharmadreams.shop\/index.php\/product\/avene-cleanance-gel-nettoyant-400ml\/","title":{"rendered":"AVENE Cleanance Gel Nettoyant 400ml"},"content":{"rendered":"","protected":false},"excerpt":{"rendered":"<p>Le<strong>\u00a0gel nettoyant sans savon Cleanance<\/strong>\u00a0de la marque\u00a0<strong>Av\u00e8ne<\/strong>\u00a0est un produit de toilette qui convient sp\u00e9cialement aux<strong>\u00a0<a href=\"https:\/\/www.maparatunisie.tn\/categorie-produit\/visages\/soins-peau-grasse-mixte-et-acne\/\">peaux grasses \u00e0 imperfections<\/a><\/strong>.<\/p>\n<p>Il permet d\u2019<strong>\u00e9liminer les impuret\u00e9s de la peau du visage et du corps en douceur<\/strong>\u00a0et d\u00e9tient \u00e9galement un<strong>\u00a0pouvoir matifiant<\/strong>. Ce gel nettoyant est aussi en mesure d\u2019<strong>apaiser les inflammations li\u00e9es aux boutons d\u2019acn\u00e9<\/strong>.<\/p>\n<p>Le\u00a0<strong>gel nettoyant Cleanance<\/strong>\u00a0d\u2019Av\u00e8ne b\u00e9n\u00e9ficie des vertus de l\u2019<strong>eau thermale d\u2019Av\u00e8ne<\/strong>\u00a0dont les propri\u00e9t\u00e9s calmantes et anti-irritantes apportent une sensation de bien-\u00eatre.<br \/>\nL\u2019eau thermale est conjugu\u00e9e \u00e0 une base lavante douce et \u00e0 la com\u00e9doclastin qui fait l\u2019objet d\u2019un brevet d\u00e9pos\u00e9. Ces ingr\u00e9dients participent \u00e0 r\u00e9duire de fa\u00e7on significative les\u00a0<strong>exc\u00e8s de s\u00e9bum<\/strong>\u00a0pour d\u00e9sincruster les pores de la peau, de l\u2019hydrater consid\u00e9rablement pour qu\u2019elle restaure son film hydrolipidique et puisse retrouver un aspect uniforme et lisse.<\/p>\n<p>Facile d\u2019utilisation gr\u00e2ce \u00e0 son flacon-pompe pratique \u00e0 ranger qui dure longtemps, le gel nettoyant sans savon Cleanance est pourvu d\u2019une mousse agr\u00e9able qui<strong>\u00a0purifie la peau et laisse le teint frais<\/strong>, d\u00e9barrass\u00e9 de toute impuret\u00e9.<\/p>\n","protected":false},"featured_media":18527,"comment_status":"open","ping_status":"closed","template":"","meta":[],"product_brand":[],"product_cat":[163,304,242,225,162],"product_tag":[],"class_list":{"0":"post-18526","1":"product","2":"type-product","3":"status-publish","4":"has-post-thumbnail","6":"product_cat-gel-lavant","7":"product_cat-nettoyant-visage","8":"product_cat-peaux-acneiques","9":"product_cat-peaux-grasses","10":"product_cat-peaux-mixtes","12":"first","13":"instock","14":"sale","15":"shipping-taxable","16":"purchasable","17":"product-type-simple"},"yoast_head":"<!-- This site is optimized with the Yoast SEO plugin v23.0 - https:\/\/yoast.com\/wordpress\/plugins\/seo\/ -->\n<title>AVENE Cleanance Gel Nettoyant 400ml - pharmadreams<\/title>\n<meta name=\"robots\" content=\"index, follow, max-snippet:-1, max-image-preview:large, max-video-preview:-1\" \/>\n<link rel=\"canonical\" href=\"https:\/\/pharmadreams.shop\/index.php\/product\/avene-cleanance-gel-nettoyant-400ml\/\" \/>\n<meta property=\"og:locale\" content=\"fr_FR\" \/>\n<meta property=\"og:type\" content=\"article\" \/>\n<meta property=\"og:title\" content=\"AVENE Cleanance Gel Nettoyant 400ml - pharmadreams\" \/>\n<meta property=\"og:description\" content=\"Le\u00a0gel nettoyant sans savon Cleanance\u00a0de la marque\u00a0Av\u00e8ne\u00a0est un produit de toilette qui convient sp\u00e9cialement aux\u00a0peaux grasses \u00e0 imperfections.  Il permet d\u2019\u00e9liminer les impuret\u00e9s de la peau du visage et du corps en douceur\u00a0et d\u00e9tient \u00e9galement un\u00a0pouvoir matifiant. Ce gel nettoyant est aussi en mesure d\u2019apaiser les inflammations li\u00e9es aux boutons d\u2019acn\u00e9.  Le\u00a0gel nettoyant Cleanance\u00a0d\u2019Av\u00e8ne b\u00e9n\u00e9ficie des vertus de l\u2019eau thermale d\u2019Av\u00e8ne\u00a0dont les propri\u00e9t\u00e9s calmantes et anti-irritantes apportent une sensation de bien-\u00eatre. L\u2019eau thermale est conjugu\u00e9e \u00e0 une base lavante douce et \u00e0 la com\u00e9doclastin qui fait l\u2019objet d\u2019un brevet d\u00e9pos\u00e9. Ces ingr\u00e9dients participent \u00e0 r\u00e9duire de fa\u00e7on significative les\u00a0exc\u00e8s de s\u00e9bum\u00a0pour d\u00e9sincruster les pores de la peau, de l\u2019hydrater consid\u00e9rablement pour qu\u2019elle restaure son film hydrolipidique et puisse retrouver un aspect uniforme et lisse.  Facile d\u2019utilisation gr\u00e2ce \u00e0 son flacon-pompe pratique \u00e0 ranger qui dure longtemps, le gel nettoyant sans savon Cleanance est pourvu d\u2019une mousse agr\u00e9able qui\u00a0purifie la peau et laisse le teint frais, d\u00e9barrass\u00e9 de toute impuret\u00e9.\" \/>\n<meta property=\"og:url\" content=\"https:\/\/pharmadreams.shop\/index.php\/product\/avene-cleanance-gel-nettoyant-400ml\/\" \/>\n<meta property=\"og:site_name\" content=\"pharmadreams\" \/>\n<meta property=\"og:image\" content=\"https:\/\/pharmadreams.shop\/wp-content\/uploads\/2024\/05\/avene-cleanance-gel-nettoyant-400-ml.jpg\" \/>\n\t<meta property=\"og:image:width\" content=\"500\" \/>\n\t<meta property=\"og:image:height\" content=\"500\" \/>\n\t<meta property=\"og:image:type\" content=\"image\/jpeg\" \/>\n<meta name=\"twitter:card\" content=\"summary_large_image\" \/>\n<meta name=\"twitter:label1\" content=\"Dur\u00e9e de lecture estim\u00e9e\" \/>\n\t<meta name=\"twitter:data1\" content=\"1 minute\" \/>\n<script type=\"application\/ld+json\" class=\"yoast-schema-graph\">{\"@context\":\"https:\/\/schema.org\",\"@graph\":[{\"@type\":\"WebPage\",\"@id\":\"https:\/\/pharmadreams.shop\/index.php\/product\/avene-cleanance-gel-nettoyant-400ml\/\",\"url\":\"https:\/\/pharmadreams.shop\/index.php\/product\/avene-cleanance-gel-nettoyant-400ml\/\",\"name\":\"AVENE Cleanance Gel Nettoyant 400ml - pharmadreams\",\"isPartOf\":{\"@id\":\"https:\/\/pharmadreams.shop\/#website\"},\"primaryImageOfPage\":{\"@id\":\"https:\/\/pharmadreams.shop\/index.php\/product\/avene-cleanance-gel-nettoyant-400ml\/#primaryimage\"},\"image\":{\"@id\":\"https:\/\/pharmadreams.shop\/index.php\/product\/avene-cleanance-gel-nettoyant-400ml\/#primaryimage\"},\"thumbnailUrl\":\"https:\/\/pharmadreams.shop\/wp-content\/uploads\/2024\/05\/avene-cleanance-gel-nettoyant-400-ml.jpg\",\"datePublished\":\"2024-05-30T18:02:20+00:00\",\"dateModified\":\"2024-05-30T18:02:20+00:00\",\"breadcrumb\":{\"@id\":\"https:\/\/pharmadreams.shop\/index.php\/product\/avene-cleanance-gel-nettoyant-400ml\/#breadcrumb\"},\"inLanguage\":\"fr-FR\",\"potentialAction\":[{\"@type\":\"ReadAction\",\"target\":[\"https:\/\/pharmadreams.shop\/index.php\/product\/avene-cleanance-gel-nettoyant-400ml\/\"]}]},{\"@type\":\"ImageObject\",\"inLanguage\":\"fr-FR\",\"@id\":\"https:\/\/pharmadreams.shop\/index.php\/product\/avene-cleanance-gel-nettoyant-400ml\/#primaryimage\",\"url\":\"https:\/\/pharmadreams.shop\/wp-content\/uploads\/2024\/05\/avene-cleanance-gel-nettoyant-400-ml.jpg\",\"contentUrl\":\"https:\/\/pharmadreams.shop\/wp-content\/uploads\/2024\/05\/avene-cleanance-gel-nettoyant-400-ml.jpg\",\"width\":500,\"height\":500},{\"@type\":\"BreadcrumbList\",\"@id\":\"https:\/\/pharmadreams.shop\/index.php\/product\/avene-cleanance-gel-nettoyant-400ml\/#breadcrumb\",\"itemListElement\":[{\"@type\":\"ListItem\",\"position\":1,\"name\":\"Accueil\",\"item\":\"https:\/\/pharmadreams.shop\/\"},{\"@type\":\"ListItem\",\"position\":2,\"name\":\"Shop\",\"item\":\"https:\/\/pharmadreams.shop\/index.php\/shop\/\"},{\"@type\":\"ListItem\",\"position\":3,\"name\":\"AVENE Cleanance Gel Nettoyant 400ml\"}]},{\"@type\":\"WebSite\",\"@id\":\"https:\/\/pharmadreams.shop\/#website\",\"url\":\"https:\/\/pharmadreams.shop\/\",\"name\":\"pharmadreams\",\"description\":\"Parapharmacie en ligne\",\"potentialAction\":[{\"@type\":\"SearchAction\",\"target\":{\"@type\":\"EntryPoint\",\"urlTemplate\":\"https:\/\/pharmadreams.shop\/?s={search_term_string}\"},\"query-input\":\"required name=search_term_string\"}],\"inLanguage\":\"fr-FR\"}]}<\/script>\n<!-- \/ Yoast SEO plugin. -->","yoast_head_json":{"title":"AVENE Cleanance Gel Nettoyant 400ml - pharmadreams","robots":{"index":"index","follow":"follow","max-snippet":"max-snippet:-1","max-image-preview":"max-image-preview:large","max-video-preview":"max-video-preview:-1"},"canonical":"https:\/\/pharmadreams.shop\/index.php\/product\/avene-cleanance-gel-nettoyant-400ml\/","og_locale":"fr_FR","og_type":"article","og_title":"AVENE Cleanance Gel Nettoyant 400ml - pharmadreams","og_description":"Le\u00a0gel nettoyant sans savon Cleanance\u00a0de la marque\u00a0Av\u00e8ne\u00a0est un produit de toilette qui convient sp\u00e9cialement aux\u00a0peaux grasses \u00e0 imperfections.  Il permet d\u2019\u00e9liminer les impuret\u00e9s de la peau du visage et du corps en douceur\u00a0et d\u00e9tient \u00e9galement un\u00a0pouvoir matifiant. Ce gel nettoyant est aussi en mesure d\u2019apaiser les inflammations li\u00e9es aux boutons d\u2019acn\u00e9.  Le\u00a0gel nettoyant Cleanance\u00a0d\u2019Av\u00e8ne b\u00e9n\u00e9ficie des vertus de l\u2019eau thermale d\u2019Av\u00e8ne\u00a0dont les propri\u00e9t\u00e9s calmantes et anti-irritantes apportent une sensation de bien-\u00eatre. L\u2019eau thermale est conjugu\u00e9e \u00e0 une base lavante douce et \u00e0 la com\u00e9doclastin qui fait l\u2019objet d\u2019un brevet d\u00e9pos\u00e9. Ces ingr\u00e9dients participent \u00e0 r\u00e9duire de fa\u00e7on significative les\u00a0exc\u00e8s de s\u00e9bum\u00a0pour d\u00e9sincruster les pores de la peau, de l\u2019hydrater consid\u00e9rablement pour qu\u2019elle restaure son film hydrolipidique et puisse retrouver un aspect uniforme et lisse.  Facile d\u2019utilisation gr\u00e2ce \u00e0 son flacon-pompe pratique \u00e0 ranger qui dure longtemps, le gel nettoyant sans savon Cleanance est pourvu d\u2019une mousse agr\u00e9able qui\u00a0purifie la peau et laisse le teint frais, d\u00e9barrass\u00e9 de toute impuret\u00e9.","og_url":"https:\/\/pharmadreams.shop\/index.php\/product\/avene-cleanance-gel-nettoyant-400ml\/","og_site_name":"pharmadreams","og_image":[{"width":500,"height":500,"url":"https:\/\/pharmadreams.shop\/wp-content\/uploads\/2024\/05\/avene-cleanance-gel-nettoyant-400-ml.jpg","type":"image\/jpeg"}],"twitter_card":"summary_large_image","twitter_misc":{"Dur\u00e9e de lecture estim\u00e9e":"1 minute"},"schema":{"@context":"https:\/\/schema.org","@graph":[{"@type":"WebPage","@id":"https:\/\/pharmadreams.shop\/index.php\/product\/avene-cleanance-gel-nettoyant-400ml\/","url":"https:\/\/pharmadreams.shop\/index.php\/product\/avene-cleanance-gel-nettoyant-400ml\/","name":"AVENE Cleanance Gel Nettoyant 400ml - pharmadreams","isPartOf":{"@id":"https:\/\/pharmadreams.shop\/#website"},"primaryImageOfPage":{"@id":"https:\/\/pharmadreams.shop\/index.php\/product\/avene-cleanance-gel-nettoyant-400ml\/#primaryimage"},"image":{"@id":"https:\/\/pharmadreams.shop\/index.php\/product\/avene-cleanance-gel-nettoyant-400ml\/#primaryimage"},"thumbnailUrl":"https:\/\/pharmadreams.shop\/wp-content\/uploads\/2024\/05\/avene-cleanance-gel-nettoyant-400-ml.jpg","datePublished":"2024-05-30T18:02:20+00:00","dateModified":"2024-05-30T18:02:20+00:00","breadcrumb":{"@id":"https:\/\/pharmadreams.shop\/index.php\/product\/avene-cleanance-gel-nettoyant-400ml\/#breadcrumb"},"inLanguage":"fr-FR","potentialAction":[{"@type":"ReadAction","target":["https:\/\/pharmadreams.shop\/index.php\/product\/avene-cleanance-gel-nettoyant-400ml\/"]}]},{"@type":"ImageObject","inLanguage":"fr-FR","@id":"https:\/\/pharmadreams.shop\/index.php\/product\/avene-cleanance-gel-nettoyant-400ml\/#primaryimage","url":"https:\/\/pharmadreams.shop\/wp-content\/uploads\/2024\/05\/avene-cleanance-gel-nettoyant-400-ml.jpg","contentUrl":"https:\/\/pharmadreams.shop\/wp-content\/uploads\/2024\/05\/avene-cleanance-gel-nettoyant-400-ml.jpg","width":500,"height":500},{"@type":"BreadcrumbList","@id":"https:\/\/pharmadreams.shop\/index.php\/product\/avene-cleanance-gel-nettoyant-400ml\/#breadcrumb","itemListElement":[{"@type":"ListItem","position":1,"name":"Accueil","item":"https:\/\/pharmadreams.shop\/"},{"@type":"ListItem","position":2,"name":"Shop","item":"https:\/\/pharmadreams.shop\/index.php\/shop\/"},{"@type":"ListItem","position":3,"name":"AVENE Cleanance Gel Nettoyant 400ml"}]},{"@type":"WebSite","@id":"https:\/\/pharmadreams.shop\/#website","url":"https:\/\/pharmadreams.shop\/","name":"pharmadreams","description":"Parapharmacie en ligne","potentialAction":[{"@type":"SearchAction","target":{"@type":"EntryPoint","urlTemplate":"https:\/\/pharmadreams.shop\/?s={search_term_string}"},"query-input":"required name=search_term_string"}],"inLanguage":"fr-FR"}]}},"_links":{"self":[{"href":"https:\/\/pharmadreams.shop\/index.php\/wp-json\/wp\/v2\/product\/18526","targetHints":{"allow":["GET"]}}],"collection":[{"href":"https:\/\/pharmadreams.shop\/index.php\/wp-json\/wp\/v2\/product"}],"about":[{"href":"https:\/\/pharmadreams.shop\/index.php\/wp-json\/wp\/v2\/types\/product"}],"replies":[{"embeddable":true,"href":"https:\/\/pharmadreams.shop\/index.php\/wp-json\/wp\/v2\/comments?post=18526"}],"version-history":[{"count":0,"href":"https:\/\/pharmadreams.shop\/index.php\/wp-json\/wp\/v2\/product\/18526\/revisions"}],"wp:featuredmedia":[{"embeddable":true,"href":"https:\/\/pharmadreams.shop\/index.php\/wp-json\/wp\/v2\/media\/18527"}],"wp:attachment":[{"href":"https:\/\/pharmadreams.shop\/index.php\/wp-json\/wp\/v2\/media?parent=18526"}],"wp:term":[{"taxonomy":"product_brand","embeddable":true,"href":"https:\/\/pharmadreams.shop\/index.php\/wp-json\/wp\/v2\/product_brand?post=18526"},{"taxonomy":"product_cat","embeddable":true,"href":"https:\/\/pharmadreams.shop\/index.php\/wp-json\/wp\/v2\/product_cat?post=18526"},{"taxonomy":"product_tag","embeddable":true,"href":"https:\/\/pharmadreams.shop\/index.php\/wp-json\/wp\/v2\/product_tag?post=18526"}],"curies":[{"name":"wp","href":"https:\/\/api.w.org\/{rel}","templated":true}]}}