{"id":18540,"date":"2024-05-31T10:15:51","date_gmt":"2024-05-31T09:15:51","guid":{"rendered":"https:\/\/pharmadreams.shop\/?post_type=product&#038;p=18540"},"modified":"2024-05-31T10:15:52","modified_gmt":"2024-05-31T09:15:52","slug":"avene-hydrance-creme-riche-spf30-uv-40ml","status":"publish","type":"product","link":"https:\/\/pharmadreams.shop\/index.php\/product\/avene-hydrance-creme-riche-spf30-uv-40ml\/","title":{"rendered":"AVENE Hydrance Creme Riche SPF30 UV 40ml"},"content":{"rendered":"","protected":false},"excerpt":{"rendered":"<p>La\u00a0<strong>cr\u00e8me riche Av\u00e8ne Hydrance UV<\/strong>\u00a0est sp\u00e9cialement formul\u00e9e pour les\u00a0<strong>peaux sensibles s\u00e8ches \u00e0 tr\u00e8s s\u00e8ches<\/strong>.<\/p>\n<p>La cr\u00e8me hydratante riche Hydrance d\u2019Av\u00e8ne poss\u00e8de un<strong>\u00a0indice de protection SPF 30<\/strong>. Elle incorpore \u00e9galement un pr\u00e9curseur de la vitamine E, le pr\u00e9-tocoph\u00e9ryl, qui a des propri\u00e9t\u00e9s anti-oxydantes. La peau est donc prot\u00e9g\u00e9e des radicaux libres, responsables notamment du vieillissement cutan\u00e9 pr\u00e9matur\u00e9.<\/p>\n","protected":false},"featured_media":18541,"comment_status":"open","ping_status":"closed","template":"","meta":[],"product_brand":[],"product_cat":[78,98,79,233,20],"product_tag":[],"class_list":{"0":"post-18540","1":"product","2":"type-product","3":"status-publish","4":"has-post-thumbnail","6":"product_cat-cremes","7":"product_cat-hydratation","8":"product_cat-peaux-seches","9":"product_cat-protection-solaire","10":"product_cat-visage","12":"first","13":"instock","14":"shipping-taxable","15":"purchasable","16":"product-type-simple"},"yoast_head":"<!-- This site is optimized with the Yoast SEO plugin v23.0 - https:\/\/yoast.com\/wordpress\/plugins\/seo\/ -->\n<title>AVENE Hydrance Creme Riche SPF30 UV 40ml - pharmadreams<\/title>\n<meta name=\"robots\" content=\"index, follow, max-snippet:-1, max-image-preview:large, max-video-preview:-1\" \/>\n<link rel=\"canonical\" href=\"https:\/\/pharmadreams.shop\/index.php\/product\/avene-hydrance-creme-riche-spf30-uv-40ml\/\" \/>\n<meta property=\"og:locale\" content=\"fr_FR\" \/>\n<meta property=\"og:type\" content=\"article\" \/>\n<meta property=\"og:title\" content=\"AVENE Hydrance Creme Riche SPF30 UV 40ml - pharmadreams\" \/>\n<meta property=\"og:description\" content=\"La\u00a0cr\u00e8me riche Av\u00e8ne Hydrance UV\u00a0est sp\u00e9cialement formul\u00e9e pour les\u00a0peaux sensibles s\u00e8ches \u00e0 tr\u00e8s s\u00e8ches.  La cr\u00e8me hydratante riche Hydrance d\u2019Av\u00e8ne poss\u00e8de un\u00a0indice de protection SPF 30. Elle incorpore \u00e9galement un pr\u00e9curseur de la vitamine E, le pr\u00e9-tocoph\u00e9ryl, qui a des propri\u00e9t\u00e9s anti-oxydantes. La peau est donc prot\u00e9g\u00e9e des radicaux libres, responsables notamment du vieillissement cutan\u00e9 pr\u00e9matur\u00e9.\" \/>\n<meta property=\"og:url\" content=\"https:\/\/pharmadreams.shop\/index.php\/product\/avene-hydrance-creme-riche-spf30-uv-40ml\/\" \/>\n<meta property=\"og:site_name\" content=\"pharmadreams\" \/>\n<meta property=\"article:modified_time\" content=\"2024-05-31T09:15:52+00:00\" \/>\n<meta name=\"twitter:card\" content=\"summary_large_image\" \/>\n<meta name=\"twitter:label1\" content=\"Dur\u00e9e de lecture estim\u00e9e\" \/>\n\t<meta name=\"twitter:data1\" content=\"1 minute\" \/>\n<script type=\"application\/ld+json\" class=\"yoast-schema-graph\">{\"@context\":\"https:\/\/schema.org\",\"@graph\":[{\"@type\":\"WebPage\",\"@id\":\"https:\/\/pharmadreams.shop\/index.php\/product\/avene-hydrance-creme-riche-spf30-uv-40ml\/\",\"url\":\"https:\/\/pharmadreams.shop\/index.php\/product\/avene-hydrance-creme-riche-spf30-uv-40ml\/\",\"name\":\"AVENE Hydrance Creme Riche SPF30 UV 40ml - pharmadreams\",\"isPartOf\":{\"@id\":\"https:\/\/pharmadreams.shop\/#website\"},\"primaryImageOfPage\":{\"@id\":\"https:\/\/pharmadreams.shop\/index.php\/product\/avene-hydrance-creme-riche-spf30-uv-40ml\/#primaryimage\"},\"image\":{\"@id\":\"https:\/\/pharmadreams.shop\/index.php\/product\/avene-hydrance-creme-riche-spf30-uv-40ml\/#primaryimage\"},\"thumbnailUrl\":\"https:\/\/pharmadreams.shop\/wp-content\/uploads\/2024\/05\/avene-hydrance-riche-creme-hydratante-40ml-1.avif\",\"datePublished\":\"2024-05-31T09:15:51+00:00\",\"dateModified\":\"2024-05-31T09:15:52+00:00\",\"breadcrumb\":{\"@id\":\"https:\/\/pharmadreams.shop\/index.php\/product\/avene-hydrance-creme-riche-spf30-uv-40ml\/#breadcrumb\"},\"inLanguage\":\"fr-FR\",\"potentialAction\":[{\"@type\":\"ReadAction\",\"target\":[\"https:\/\/pharmadreams.shop\/index.php\/product\/avene-hydrance-creme-riche-spf30-uv-40ml\/\"]}]},{\"@type\":\"ImageObject\",\"inLanguage\":\"fr-FR\",\"@id\":\"https:\/\/pharmadreams.shop\/index.php\/product\/avene-hydrance-creme-riche-spf30-uv-40ml\/#primaryimage\",\"url\":\"https:\/\/pharmadreams.shop\/wp-content\/uploads\/2024\/05\/avene-hydrance-riche-creme-hydratante-40ml-1.avif\",\"contentUrl\":\"https:\/\/pharmadreams.shop\/wp-content\/uploads\/2024\/05\/avene-hydrance-riche-creme-hydratante-40ml-1.avif\",\"width\":1000,\"height\":1000},{\"@type\":\"BreadcrumbList\",\"@id\":\"https:\/\/pharmadreams.shop\/index.php\/product\/avene-hydrance-creme-riche-spf30-uv-40ml\/#breadcrumb\",\"itemListElement\":[{\"@type\":\"ListItem\",\"position\":1,\"name\":\"Accueil\",\"item\":\"https:\/\/pharmadreams.shop\/\"},{\"@type\":\"ListItem\",\"position\":2,\"name\":\"Shop\",\"item\":\"https:\/\/pharmadreams.shop\/index.php\/shop\/\"},{\"@type\":\"ListItem\",\"position\":3,\"name\":\"AVENE Hydrance Creme Riche SPF30 UV 40ml\"}]},{\"@type\":\"WebSite\",\"@id\":\"https:\/\/pharmadreams.shop\/#website\",\"url\":\"https:\/\/pharmadreams.shop\/\",\"name\":\"pharmadreams\",\"description\":\"Parapharmacie en ligne\",\"potentialAction\":[{\"@type\":\"SearchAction\",\"target\":{\"@type\":\"EntryPoint\",\"urlTemplate\":\"https:\/\/pharmadreams.shop\/?s={search_term_string}\"},\"query-input\":\"required name=search_term_string\"}],\"inLanguage\":\"fr-FR\"}]}<\/script>\n<!-- \/ Yoast SEO plugin. -->","yoast_head_json":{"title":"AVENE Hydrance Creme Riche SPF30 UV 40ml - pharmadreams","robots":{"index":"index","follow":"follow","max-snippet":"max-snippet:-1","max-image-preview":"max-image-preview:large","max-video-preview":"max-video-preview:-1"},"canonical":"https:\/\/pharmadreams.shop\/index.php\/product\/avene-hydrance-creme-riche-spf30-uv-40ml\/","og_locale":"fr_FR","og_type":"article","og_title":"AVENE Hydrance Creme Riche SPF30 UV 40ml - pharmadreams","og_description":"La\u00a0cr\u00e8me riche Av\u00e8ne Hydrance UV\u00a0est sp\u00e9cialement formul\u00e9e pour les\u00a0peaux sensibles s\u00e8ches \u00e0 tr\u00e8s s\u00e8ches.  La cr\u00e8me hydratante riche Hydrance d\u2019Av\u00e8ne poss\u00e8de un\u00a0indice de protection SPF 30. Elle incorpore \u00e9galement un pr\u00e9curseur de la vitamine E, le pr\u00e9-tocoph\u00e9ryl, qui a des propri\u00e9t\u00e9s anti-oxydantes. La peau est donc prot\u00e9g\u00e9e des radicaux libres, responsables notamment du vieillissement cutan\u00e9 pr\u00e9matur\u00e9.","og_url":"https:\/\/pharmadreams.shop\/index.php\/product\/avene-hydrance-creme-riche-spf30-uv-40ml\/","og_site_name":"pharmadreams","article_modified_time":"2024-05-31T09:15:52+00:00","twitter_card":"summary_large_image","twitter_misc":{"Dur\u00e9e de lecture estim\u00e9e":"1 minute"},"schema":{"@context":"https:\/\/schema.org","@graph":[{"@type":"WebPage","@id":"https:\/\/pharmadreams.shop\/index.php\/product\/avene-hydrance-creme-riche-spf30-uv-40ml\/","url":"https:\/\/pharmadreams.shop\/index.php\/product\/avene-hydrance-creme-riche-spf30-uv-40ml\/","name":"AVENE Hydrance Creme Riche SPF30 UV 40ml - pharmadreams","isPartOf":{"@id":"https:\/\/pharmadreams.shop\/#website"},"primaryImageOfPage":{"@id":"https:\/\/pharmadreams.shop\/index.php\/product\/avene-hydrance-creme-riche-spf30-uv-40ml\/#primaryimage"},"image":{"@id":"https:\/\/pharmadreams.shop\/index.php\/product\/avene-hydrance-creme-riche-spf30-uv-40ml\/#primaryimage"},"thumbnailUrl":"https:\/\/pharmadreams.shop\/wp-content\/uploads\/2024\/05\/avene-hydrance-riche-creme-hydratante-40ml-1.avif","datePublished":"2024-05-31T09:15:51+00:00","dateModified":"2024-05-31T09:15:52+00:00","breadcrumb":{"@id":"https:\/\/pharmadreams.shop\/index.php\/product\/avene-hydrance-creme-riche-spf30-uv-40ml\/#breadcrumb"},"inLanguage":"fr-FR","potentialAction":[{"@type":"ReadAction","target":["https:\/\/pharmadreams.shop\/index.php\/product\/avene-hydrance-creme-riche-spf30-uv-40ml\/"]}]},{"@type":"ImageObject","inLanguage":"fr-FR","@id":"https:\/\/pharmadreams.shop\/index.php\/product\/avene-hydrance-creme-riche-spf30-uv-40ml\/#primaryimage","url":"https:\/\/pharmadreams.shop\/wp-content\/uploads\/2024\/05\/avene-hydrance-riche-creme-hydratante-40ml-1.avif","contentUrl":"https:\/\/pharmadreams.shop\/wp-content\/uploads\/2024\/05\/avene-hydrance-riche-creme-hydratante-40ml-1.avif","width":1000,"height":1000},{"@type":"BreadcrumbList","@id":"https:\/\/pharmadreams.shop\/index.php\/product\/avene-hydrance-creme-riche-spf30-uv-40ml\/#breadcrumb","itemListElement":[{"@type":"ListItem","position":1,"name":"Accueil","item":"https:\/\/pharmadreams.shop\/"},{"@type":"ListItem","position":2,"name":"Shop","item":"https:\/\/pharmadreams.shop\/index.php\/shop\/"},{"@type":"ListItem","position":3,"name":"AVENE Hydrance Creme Riche SPF30 UV 40ml"}]},{"@type":"WebSite","@id":"https:\/\/pharmadreams.shop\/#website","url":"https:\/\/pharmadreams.shop\/","name":"pharmadreams","description":"Parapharmacie en ligne","potentialAction":[{"@type":"SearchAction","target":{"@type":"EntryPoint","urlTemplate":"https:\/\/pharmadreams.shop\/?s={search_term_string}"},"query-input":"required name=search_term_string"}],"inLanguage":"fr-FR"}]}},"_links":{"self":[{"href":"https:\/\/pharmadreams.shop\/index.php\/wp-json\/wp\/v2\/product\/18540","targetHints":{"allow":["GET"]}}],"collection":[{"href":"https:\/\/pharmadreams.shop\/index.php\/wp-json\/wp\/v2\/product"}],"about":[{"href":"https:\/\/pharmadreams.shop\/index.php\/wp-json\/wp\/v2\/types\/product"}],"replies":[{"embeddable":true,"href":"https:\/\/pharmadreams.shop\/index.php\/wp-json\/wp\/v2\/comments?post=18540"}],"version-history":[{"count":0,"href":"https:\/\/pharmadreams.shop\/index.php\/wp-json\/wp\/v2\/product\/18540\/revisions"}],"wp:featuredmedia":[{"embeddable":true,"href":"https:\/\/pharmadreams.shop\/index.php\/wp-json\/wp\/v2\/media\/18541"}],"wp:attachment":[{"href":"https:\/\/pharmadreams.shop\/index.php\/wp-json\/wp\/v2\/media?parent=18540"}],"wp:term":[{"taxonomy":"product_brand","embeddable":true,"href":"https:\/\/pharmadreams.shop\/index.php\/wp-json\/wp\/v2\/product_brand?post=18540"},{"taxonomy":"product_cat","embeddable":true,"href":"https:\/\/pharmadreams.shop\/index.php\/wp-json\/wp\/v2\/product_cat?post=18540"},{"taxonomy":"product_tag","embeddable":true,"href":"https:\/\/pharmadreams.shop\/index.php\/wp-json\/wp\/v2\/product_tag?post=18540"}],"curies":[{"name":"wp","href":"https:\/\/api.w.org\/{rel}","templated":true}]}}