{"id":18562,"date":"2024-05-31T15:17:57","date_gmt":"2024-05-31T14:17:57","guid":{"rendered":"https:\/\/pharmadreams.shop\/?post_type=product&#038;p=18562"},"modified":"2024-05-31T15:17:57","modified_gmt":"2024-05-31T14:17:57","slug":"avene-cleanance-fluide-solaire-ultra-leger-spf-50","status":"publish","type":"product","link":"https:\/\/pharmadreams.shop\/index.php\/product\/avene-cleanance-fluide-solaire-ultra-leger-spf-50\/","title":{"rendered":"Avene Cleanance Fluide Solaire Ultra L\u00e9ger SPF 50+"},"content":{"rendered":"","protected":false},"excerpt":{"rendered":"<p><a href=\"https:\/\/www.eau-thermale-avene.fr\/p\/cleanance-solaire-spf-50-3282770149548-14c39aab\" target=\"_blank\" rel=\"noopener\">Av\u00e8ne Cleanance SPF50+ 50 ml<\/a>\u00a0est une cr\u00e8me de tr\u00e8s haute protection UVB\/UVA et anti-lumi\u00e8re bleue HEV (Haute \u00c9nergie Visible), qui aide \u00e0 pr\u00e9venir l\u2019apparition des marques induites par l\u2019exposition pour les peaux grasses \u00e0 imperfections du visage et du cou. La cr\u00e8me est r\u00e9sistante \u00e0 l\u2019eau.<\/p>\n<p>\u00c9labor\u00e9 en vue de minimiser les risques de r\u00e9actions allergiques.<\/p>\n<p>Non com\u00e9dog\u00e8ne.<\/p>\n<p>Ne pique pas les yeux.<\/p>\n","protected":false},"featured_media":18563,"comment_status":"open","ping_status":"closed","template":"","meta":[],"product_brand":[],"product_cat":[231,233],"product_tag":[],"class_list":{"0":"post-18562","1":"product","2":"type-product","3":"status-publish","4":"has-post-thumbnail","6":"product_cat-ecran-solaire","7":"product_cat-protection-solaire","9":"first","10":"instock","11":"shipping-taxable","12":"purchasable","13":"product-type-simple"},"yoast_head":"<!-- This site is optimized with the Yoast SEO plugin v23.0 - https:\/\/yoast.com\/wordpress\/plugins\/seo\/ -->\n<title>Avene Cleanance Fluide Solaire Ultra L\u00e9ger SPF 50+ - pharmadreams<\/title>\n<meta name=\"robots\" content=\"index, follow, max-snippet:-1, max-image-preview:large, max-video-preview:-1\" \/>\n<link rel=\"canonical\" href=\"https:\/\/pharmadreams.shop\/index.php\/product\/avene-cleanance-fluide-solaire-ultra-leger-spf-50\/\" \/>\n<meta property=\"og:locale\" content=\"fr_FR\" \/>\n<meta property=\"og:type\" content=\"article\" \/>\n<meta property=\"og:title\" content=\"Avene Cleanance Fluide Solaire Ultra L\u00e9ger SPF 50+ - pharmadreams\" \/>\n<meta property=\"og:description\" content=\"Av\u00e8ne Cleanance SPF50+ 50 ml\u00a0est une cr\u00e8me de tr\u00e8s haute protection UVB\/UVA et anti-lumi\u00e8re bleue HEV (Haute \u00c9nergie Visible), qui aide \u00e0 pr\u00e9venir l\u2019apparition des marques induites par l\u2019exposition pour les peaux grasses \u00e0 imperfections du visage et du cou. La cr\u00e8me est r\u00e9sistante \u00e0 l\u2019eau.  \u00c9labor\u00e9 en vue de minimiser les risques de r\u00e9actions allergiques.  Non com\u00e9dog\u00e8ne.  Ne pique pas les yeux.\" \/>\n<meta property=\"og:url\" content=\"https:\/\/pharmadreams.shop\/index.php\/product\/avene-cleanance-fluide-solaire-ultra-leger-spf-50\/\" \/>\n<meta property=\"og:site_name\" content=\"pharmadreams\" \/>\n<meta property=\"og:image\" content=\"https:\/\/pharmadreams.shop\/wp-content\/uploads\/2024\/05\/3282770149548-avene-cleanance-solaire-spf50-50ml-1200x1200-1.webp\" \/>\n\t<meta property=\"og:image:width\" content=\"1200\" \/>\n\t<meta property=\"og:image:height\" content=\"1200\" \/>\n\t<meta property=\"og:image:type\" content=\"image\/webp\" \/>\n<meta name=\"twitter:card\" content=\"summary_large_image\" \/>\n<meta name=\"twitter:label1\" content=\"Dur\u00e9e de lecture estim\u00e9e\" \/>\n\t<meta name=\"twitter:data1\" content=\"1 minute\" \/>\n<script type=\"application\/ld+json\" class=\"yoast-schema-graph\">{\"@context\":\"https:\/\/schema.org\",\"@graph\":[{\"@type\":\"WebPage\",\"@id\":\"https:\/\/pharmadreams.shop\/index.php\/product\/avene-cleanance-fluide-solaire-ultra-leger-spf-50\/\",\"url\":\"https:\/\/pharmadreams.shop\/index.php\/product\/avene-cleanance-fluide-solaire-ultra-leger-spf-50\/\",\"name\":\"Avene Cleanance Fluide Solaire Ultra L\u00e9ger SPF 50+ - pharmadreams\",\"isPartOf\":{\"@id\":\"https:\/\/pharmadreams.shop\/#website\"},\"primaryImageOfPage\":{\"@id\":\"https:\/\/pharmadreams.shop\/index.php\/product\/avene-cleanance-fluide-solaire-ultra-leger-spf-50\/#primaryimage\"},\"image\":{\"@id\":\"https:\/\/pharmadreams.shop\/index.php\/product\/avene-cleanance-fluide-solaire-ultra-leger-spf-50\/#primaryimage\"},\"thumbnailUrl\":\"https:\/\/pharmadreams.shop\/wp-content\/uploads\/2024\/05\/3282770149548-avene-cleanance-solaire-spf50-50ml-1200x1200-1.webp\",\"datePublished\":\"2024-05-31T14:17:57+00:00\",\"dateModified\":\"2024-05-31T14:17:57+00:00\",\"breadcrumb\":{\"@id\":\"https:\/\/pharmadreams.shop\/index.php\/product\/avene-cleanance-fluide-solaire-ultra-leger-spf-50\/#breadcrumb\"},\"inLanguage\":\"fr-FR\",\"potentialAction\":[{\"@type\":\"ReadAction\",\"target\":[\"https:\/\/pharmadreams.shop\/index.php\/product\/avene-cleanance-fluide-solaire-ultra-leger-spf-50\/\"]}]},{\"@type\":\"ImageObject\",\"inLanguage\":\"fr-FR\",\"@id\":\"https:\/\/pharmadreams.shop\/index.php\/product\/avene-cleanance-fluide-solaire-ultra-leger-spf-50\/#primaryimage\",\"url\":\"https:\/\/pharmadreams.shop\/wp-content\/uploads\/2024\/05\/3282770149548-avene-cleanance-solaire-spf50-50ml-1200x1200-1.webp\",\"contentUrl\":\"https:\/\/pharmadreams.shop\/wp-content\/uploads\/2024\/05\/3282770149548-avene-cleanance-solaire-spf50-50ml-1200x1200-1.webp\",\"width\":1200,\"height\":1200},{\"@type\":\"BreadcrumbList\",\"@id\":\"https:\/\/pharmadreams.shop\/index.php\/product\/avene-cleanance-fluide-solaire-ultra-leger-spf-50\/#breadcrumb\",\"itemListElement\":[{\"@type\":\"ListItem\",\"position\":1,\"name\":\"Accueil\",\"item\":\"https:\/\/pharmadreams.shop\/\"},{\"@type\":\"ListItem\",\"position\":2,\"name\":\"Shop\",\"item\":\"https:\/\/pharmadreams.shop\/index.php\/shop\/\"},{\"@type\":\"ListItem\",\"position\":3,\"name\":\"Avene Cleanance Fluide Solaire Ultra L\u00e9ger SPF 50+\"}]},{\"@type\":\"WebSite\",\"@id\":\"https:\/\/pharmadreams.shop\/#website\",\"url\":\"https:\/\/pharmadreams.shop\/\",\"name\":\"pharmadreams\",\"description\":\"Parapharmacie en ligne\",\"potentialAction\":[{\"@type\":\"SearchAction\",\"target\":{\"@type\":\"EntryPoint\",\"urlTemplate\":\"https:\/\/pharmadreams.shop\/?s={search_term_string}\"},\"query-input\":\"required name=search_term_string\"}],\"inLanguage\":\"fr-FR\"}]}<\/script>\n<!-- \/ Yoast SEO plugin. -->","yoast_head_json":{"title":"Avene Cleanance Fluide Solaire Ultra L\u00e9ger SPF 50+ - pharmadreams","robots":{"index":"index","follow":"follow","max-snippet":"max-snippet:-1","max-image-preview":"max-image-preview:large","max-video-preview":"max-video-preview:-1"},"canonical":"https:\/\/pharmadreams.shop\/index.php\/product\/avene-cleanance-fluide-solaire-ultra-leger-spf-50\/","og_locale":"fr_FR","og_type":"article","og_title":"Avene Cleanance Fluide Solaire Ultra L\u00e9ger SPF 50+ - pharmadreams","og_description":"Av\u00e8ne Cleanance SPF50+ 50 ml\u00a0est une cr\u00e8me de tr\u00e8s haute protection UVB\/UVA et anti-lumi\u00e8re bleue HEV (Haute \u00c9nergie Visible), qui aide \u00e0 pr\u00e9venir l\u2019apparition des marques induites par l\u2019exposition pour les peaux grasses \u00e0 imperfections du visage et du cou. La cr\u00e8me est r\u00e9sistante \u00e0 l\u2019eau.  \u00c9labor\u00e9 en vue de minimiser les risques de r\u00e9actions allergiques.  Non com\u00e9dog\u00e8ne.  Ne pique pas les yeux.","og_url":"https:\/\/pharmadreams.shop\/index.php\/product\/avene-cleanance-fluide-solaire-ultra-leger-spf-50\/","og_site_name":"pharmadreams","og_image":[{"width":1200,"height":1200,"url":"https:\/\/pharmadreams.shop\/wp-content\/uploads\/2024\/05\/3282770149548-avene-cleanance-solaire-spf50-50ml-1200x1200-1.webp","type":"image\/webp"}],"twitter_card":"summary_large_image","twitter_misc":{"Dur\u00e9e de lecture estim\u00e9e":"1 minute"},"schema":{"@context":"https:\/\/schema.org","@graph":[{"@type":"WebPage","@id":"https:\/\/pharmadreams.shop\/index.php\/product\/avene-cleanance-fluide-solaire-ultra-leger-spf-50\/","url":"https:\/\/pharmadreams.shop\/index.php\/product\/avene-cleanance-fluide-solaire-ultra-leger-spf-50\/","name":"Avene Cleanance Fluide Solaire Ultra L\u00e9ger SPF 50+ - pharmadreams","isPartOf":{"@id":"https:\/\/pharmadreams.shop\/#website"},"primaryImageOfPage":{"@id":"https:\/\/pharmadreams.shop\/index.php\/product\/avene-cleanance-fluide-solaire-ultra-leger-spf-50\/#primaryimage"},"image":{"@id":"https:\/\/pharmadreams.shop\/index.php\/product\/avene-cleanance-fluide-solaire-ultra-leger-spf-50\/#primaryimage"},"thumbnailUrl":"https:\/\/pharmadreams.shop\/wp-content\/uploads\/2024\/05\/3282770149548-avene-cleanance-solaire-spf50-50ml-1200x1200-1.webp","datePublished":"2024-05-31T14:17:57+00:00","dateModified":"2024-05-31T14:17:57+00:00","breadcrumb":{"@id":"https:\/\/pharmadreams.shop\/index.php\/product\/avene-cleanance-fluide-solaire-ultra-leger-spf-50\/#breadcrumb"},"inLanguage":"fr-FR","potentialAction":[{"@type":"ReadAction","target":["https:\/\/pharmadreams.shop\/index.php\/product\/avene-cleanance-fluide-solaire-ultra-leger-spf-50\/"]}]},{"@type":"ImageObject","inLanguage":"fr-FR","@id":"https:\/\/pharmadreams.shop\/index.php\/product\/avene-cleanance-fluide-solaire-ultra-leger-spf-50\/#primaryimage","url":"https:\/\/pharmadreams.shop\/wp-content\/uploads\/2024\/05\/3282770149548-avene-cleanance-solaire-spf50-50ml-1200x1200-1.webp","contentUrl":"https:\/\/pharmadreams.shop\/wp-content\/uploads\/2024\/05\/3282770149548-avene-cleanance-solaire-spf50-50ml-1200x1200-1.webp","width":1200,"height":1200},{"@type":"BreadcrumbList","@id":"https:\/\/pharmadreams.shop\/index.php\/product\/avene-cleanance-fluide-solaire-ultra-leger-spf-50\/#breadcrumb","itemListElement":[{"@type":"ListItem","position":1,"name":"Accueil","item":"https:\/\/pharmadreams.shop\/"},{"@type":"ListItem","position":2,"name":"Shop","item":"https:\/\/pharmadreams.shop\/index.php\/shop\/"},{"@type":"ListItem","position":3,"name":"Avene Cleanance Fluide Solaire Ultra L\u00e9ger SPF 50+"}]},{"@type":"WebSite","@id":"https:\/\/pharmadreams.shop\/#website","url":"https:\/\/pharmadreams.shop\/","name":"pharmadreams","description":"Parapharmacie en ligne","potentialAction":[{"@type":"SearchAction","target":{"@type":"EntryPoint","urlTemplate":"https:\/\/pharmadreams.shop\/?s={search_term_string}"},"query-input":"required name=search_term_string"}],"inLanguage":"fr-FR"}]}},"_links":{"self":[{"href":"https:\/\/pharmadreams.shop\/index.php\/wp-json\/wp\/v2\/product\/18562","targetHints":{"allow":["GET"]}}],"collection":[{"href":"https:\/\/pharmadreams.shop\/index.php\/wp-json\/wp\/v2\/product"}],"about":[{"href":"https:\/\/pharmadreams.shop\/index.php\/wp-json\/wp\/v2\/types\/product"}],"replies":[{"embeddable":true,"href":"https:\/\/pharmadreams.shop\/index.php\/wp-json\/wp\/v2\/comments?post=18562"}],"version-history":[{"count":0,"href":"https:\/\/pharmadreams.shop\/index.php\/wp-json\/wp\/v2\/product\/18562\/revisions"}],"wp:featuredmedia":[{"embeddable":true,"href":"https:\/\/pharmadreams.shop\/index.php\/wp-json\/wp\/v2\/media\/18563"}],"wp:attachment":[{"href":"https:\/\/pharmadreams.shop\/index.php\/wp-json\/wp\/v2\/media?parent=18562"}],"wp:term":[{"taxonomy":"product_brand","embeddable":true,"href":"https:\/\/pharmadreams.shop\/index.php\/wp-json\/wp\/v2\/product_brand?post=18562"},{"taxonomy":"product_cat","embeddable":true,"href":"https:\/\/pharmadreams.shop\/index.php\/wp-json\/wp\/v2\/product_cat?post=18562"},{"taxonomy":"product_tag","embeddable":true,"href":"https:\/\/pharmadreams.shop\/index.php\/wp-json\/wp\/v2\/product_tag?post=18562"}],"curies":[{"name":"wp","href":"https:\/\/api.w.org\/{rel}","templated":true}]}}