{"id":18615,"date":"2024-06-04T11:11:01","date_gmt":"2024-06-04T10:11:01","guid":{"rendered":"https:\/\/pharmadreams.shop\/?post_type=product&#038;p=18615"},"modified":"2024-06-04T11:11:01","modified_gmt":"2024-06-04T10:11:01","slug":"svr-clairial-cc-creme-light-spf50-40ml","status":"publish","type":"product","link":"https:\/\/pharmadreams.shop\/index.php\/product\/svr-clairial-cc-creme-light-spf50-40ml\/","title":{"rendered":"SVR Clairial CC Cr\u00e8me Light SPF50+ 40ml"},"content":{"rendered":"","protected":false},"excerpt":{"rendered":"<p><strong>SVR Clairial CC Cr\u00e8me Light<\/strong>\u00a0correctrice de couleur avec des filtres de tr\u00e8s haute protection solaire. Aide \u00e0 pr\u00e9venir l\u2019apparition de taches solaires sur la peau. Formul\u00e9 avec un complexe d\u00e9pigmentant qui aide \u00e0 estomper les taches existantes et \u00e9mergentes et des b\u00eata-carot\u00e8nes antioxydants qui prot\u00e8gent et nourrissent la peau. Avec une tol\u00e9rance optimale pour la peau. Convient aux peaux sensibles. Non-com\u00e9dog\u00e8ne. Hypoallerg\u00e9nique.<\/p>\n<p><strong>Mode d\u2019emploi<\/strong><\/p>\n<p>Appliquer\u00a0<strong>SVR Clairial CC Cr\u00e8me Light<\/strong>\u00a0sur la peau en massages doux, chaque matin et avant l\u2019exposition au soleil.<\/p>\n","protected":false},"featured_media":18616,"comment_status":"open","ping_status":"closed","template":"","meta":[],"product_brand":[],"product_cat":[90,233],"product_tag":[],"class_list":{"0":"post-18615","1":"product","2":"type-product","3":"status-publish","4":"has-post-thumbnail","6":"product_cat-anti-tache","7":"product_cat-protection-solaire","9":"first","10":"instock","11":"shipping-taxable","12":"purchasable","13":"product-type-simple"},"yoast_head":"<!-- This site is optimized with the Yoast SEO plugin v23.0 - https:\/\/yoast.com\/wordpress\/plugins\/seo\/ -->\n<title>SVR Clairial CC Cr\u00e8me Light SPF50+ 40ml - pharmadreams<\/title>\n<meta name=\"robots\" content=\"index, follow, max-snippet:-1, max-image-preview:large, max-video-preview:-1\" \/>\n<link rel=\"canonical\" href=\"https:\/\/pharmadreams.shop\/index.php\/product\/svr-clairial-cc-creme-light-spf50-40ml\/\" \/>\n<meta property=\"og:locale\" content=\"fr_FR\" \/>\n<meta property=\"og:type\" content=\"article\" \/>\n<meta property=\"og:title\" content=\"SVR Clairial CC Cr\u00e8me Light SPF50+ 40ml - pharmadreams\" \/>\n<meta property=\"og:description\" content=\"SVR Clairial CC Cr\u00e8me Light\u00a0correctrice de couleur avec des filtres de tr\u00e8s haute protection solaire. Aide \u00e0 pr\u00e9venir l\u2019apparition de taches solaires sur la peau. Formul\u00e9 avec un complexe d\u00e9pigmentant qui aide \u00e0 estomper les taches existantes et \u00e9mergentes et des b\u00eata-carot\u00e8nes antioxydants qui prot\u00e8gent et nourrissent la peau. Avec une tol\u00e9rance optimale pour la peau. Convient aux peaux sensibles. Non-com\u00e9dog\u00e8ne. Hypoallerg\u00e9nique.  Mode d\u2019emploi  Appliquer\u00a0SVR Clairial CC Cr\u00e8me Light\u00a0sur la peau en massages doux, chaque matin et avant l\u2019exposition au soleil.\" \/>\n<meta property=\"og:url\" content=\"https:\/\/pharmadreams.shop\/index.php\/product\/svr-clairial-cc-creme-light-spf50-40ml\/\" \/>\n<meta property=\"og:site_name\" content=\"pharmadreams\" \/>\n<meta property=\"og:image\" content=\"https:\/\/pharmadreams.shop\/wp-content\/uploads\/2024\/06\/clairial_CC-Lightm_2000x2000_6d6de148-9fbc-4126-9e59-b6c93587b0d5_x3000.webp\" \/>\n\t<meta property=\"og:image:width\" content=\"2000\" \/>\n\t<meta property=\"og:image:height\" content=\"2000\" \/>\n\t<meta property=\"og:image:type\" content=\"image\/webp\" \/>\n<meta name=\"twitter:card\" content=\"summary_large_image\" \/>\n<meta name=\"twitter:label1\" content=\"Dur\u00e9e de lecture estim\u00e9e\" \/>\n\t<meta name=\"twitter:data1\" content=\"1 minute\" \/>\n<script type=\"application\/ld+json\" class=\"yoast-schema-graph\">{\"@context\":\"https:\/\/schema.org\",\"@graph\":[{\"@type\":\"WebPage\",\"@id\":\"https:\/\/pharmadreams.shop\/index.php\/product\/svr-clairial-cc-creme-light-spf50-40ml\/\",\"url\":\"https:\/\/pharmadreams.shop\/index.php\/product\/svr-clairial-cc-creme-light-spf50-40ml\/\",\"name\":\"SVR Clairial CC Cr\u00e8me Light SPF50+ 40ml - pharmadreams\",\"isPartOf\":{\"@id\":\"https:\/\/pharmadreams.shop\/#website\"},\"primaryImageOfPage\":{\"@id\":\"https:\/\/pharmadreams.shop\/index.php\/product\/svr-clairial-cc-creme-light-spf50-40ml\/#primaryimage\"},\"image\":{\"@id\":\"https:\/\/pharmadreams.shop\/index.php\/product\/svr-clairial-cc-creme-light-spf50-40ml\/#primaryimage\"},\"thumbnailUrl\":\"https:\/\/pharmadreams.shop\/wp-content\/uploads\/2024\/06\/clairial_CC-Lightm_2000x2000_6d6de148-9fbc-4126-9e59-b6c93587b0d5_x3000.webp\",\"datePublished\":\"2024-06-04T10:11:01+00:00\",\"dateModified\":\"2024-06-04T10:11:01+00:00\",\"breadcrumb\":{\"@id\":\"https:\/\/pharmadreams.shop\/index.php\/product\/svr-clairial-cc-creme-light-spf50-40ml\/#breadcrumb\"},\"inLanguage\":\"fr-FR\",\"potentialAction\":[{\"@type\":\"ReadAction\",\"target\":[\"https:\/\/pharmadreams.shop\/index.php\/product\/svr-clairial-cc-creme-light-spf50-40ml\/\"]}]},{\"@type\":\"ImageObject\",\"inLanguage\":\"fr-FR\",\"@id\":\"https:\/\/pharmadreams.shop\/index.php\/product\/svr-clairial-cc-creme-light-spf50-40ml\/#primaryimage\",\"url\":\"https:\/\/pharmadreams.shop\/wp-content\/uploads\/2024\/06\/clairial_CC-Lightm_2000x2000_6d6de148-9fbc-4126-9e59-b6c93587b0d5_x3000.webp\",\"contentUrl\":\"https:\/\/pharmadreams.shop\/wp-content\/uploads\/2024\/06\/clairial_CC-Lightm_2000x2000_6d6de148-9fbc-4126-9e59-b6c93587b0d5_x3000.webp\",\"width\":2000,\"height\":2000},{\"@type\":\"BreadcrumbList\",\"@id\":\"https:\/\/pharmadreams.shop\/index.php\/product\/svr-clairial-cc-creme-light-spf50-40ml\/#breadcrumb\",\"itemListElement\":[{\"@type\":\"ListItem\",\"position\":1,\"name\":\"Accueil\",\"item\":\"https:\/\/pharmadreams.shop\/\"},{\"@type\":\"ListItem\",\"position\":2,\"name\":\"Shop\",\"item\":\"https:\/\/pharmadreams.shop\/index.php\/shop\/\"},{\"@type\":\"ListItem\",\"position\":3,\"name\":\"SVR Clairial CC Cr\u00e8me Light SPF50+ 40ml\"}]},{\"@type\":\"WebSite\",\"@id\":\"https:\/\/pharmadreams.shop\/#website\",\"url\":\"https:\/\/pharmadreams.shop\/\",\"name\":\"pharmadreams\",\"description\":\"Parapharmacie en ligne\",\"potentialAction\":[{\"@type\":\"SearchAction\",\"target\":{\"@type\":\"EntryPoint\",\"urlTemplate\":\"https:\/\/pharmadreams.shop\/?s={search_term_string}\"},\"query-input\":\"required name=search_term_string\"}],\"inLanguage\":\"fr-FR\"}]}<\/script>\n<!-- \/ Yoast SEO plugin. -->","yoast_head_json":{"title":"SVR Clairial CC Cr\u00e8me Light SPF50+ 40ml - pharmadreams","robots":{"index":"index","follow":"follow","max-snippet":"max-snippet:-1","max-image-preview":"max-image-preview:large","max-video-preview":"max-video-preview:-1"},"canonical":"https:\/\/pharmadreams.shop\/index.php\/product\/svr-clairial-cc-creme-light-spf50-40ml\/","og_locale":"fr_FR","og_type":"article","og_title":"SVR Clairial CC Cr\u00e8me Light SPF50+ 40ml - pharmadreams","og_description":"SVR Clairial CC Cr\u00e8me Light\u00a0correctrice de couleur avec des filtres de tr\u00e8s haute protection solaire. Aide \u00e0 pr\u00e9venir l\u2019apparition de taches solaires sur la peau. Formul\u00e9 avec un complexe d\u00e9pigmentant qui aide \u00e0 estomper les taches existantes et \u00e9mergentes et des b\u00eata-carot\u00e8nes antioxydants qui prot\u00e8gent et nourrissent la peau. Avec une tol\u00e9rance optimale pour la peau. Convient aux peaux sensibles. Non-com\u00e9dog\u00e8ne. Hypoallerg\u00e9nique.  Mode d\u2019emploi  Appliquer\u00a0SVR Clairial CC Cr\u00e8me Light\u00a0sur la peau en massages doux, chaque matin et avant l\u2019exposition au soleil.","og_url":"https:\/\/pharmadreams.shop\/index.php\/product\/svr-clairial-cc-creme-light-spf50-40ml\/","og_site_name":"pharmadreams","og_image":[{"width":2000,"height":2000,"url":"https:\/\/pharmadreams.shop\/wp-content\/uploads\/2024\/06\/clairial_CC-Lightm_2000x2000_6d6de148-9fbc-4126-9e59-b6c93587b0d5_x3000.webp","type":"image\/webp"}],"twitter_card":"summary_large_image","twitter_misc":{"Dur\u00e9e de lecture estim\u00e9e":"1 minute"},"schema":{"@context":"https:\/\/schema.org","@graph":[{"@type":"WebPage","@id":"https:\/\/pharmadreams.shop\/index.php\/product\/svr-clairial-cc-creme-light-spf50-40ml\/","url":"https:\/\/pharmadreams.shop\/index.php\/product\/svr-clairial-cc-creme-light-spf50-40ml\/","name":"SVR Clairial CC Cr\u00e8me Light SPF50+ 40ml - pharmadreams","isPartOf":{"@id":"https:\/\/pharmadreams.shop\/#website"},"primaryImageOfPage":{"@id":"https:\/\/pharmadreams.shop\/index.php\/product\/svr-clairial-cc-creme-light-spf50-40ml\/#primaryimage"},"image":{"@id":"https:\/\/pharmadreams.shop\/index.php\/product\/svr-clairial-cc-creme-light-spf50-40ml\/#primaryimage"},"thumbnailUrl":"https:\/\/pharmadreams.shop\/wp-content\/uploads\/2024\/06\/clairial_CC-Lightm_2000x2000_6d6de148-9fbc-4126-9e59-b6c93587b0d5_x3000.webp","datePublished":"2024-06-04T10:11:01+00:00","dateModified":"2024-06-04T10:11:01+00:00","breadcrumb":{"@id":"https:\/\/pharmadreams.shop\/index.php\/product\/svr-clairial-cc-creme-light-spf50-40ml\/#breadcrumb"},"inLanguage":"fr-FR","potentialAction":[{"@type":"ReadAction","target":["https:\/\/pharmadreams.shop\/index.php\/product\/svr-clairial-cc-creme-light-spf50-40ml\/"]}]},{"@type":"ImageObject","inLanguage":"fr-FR","@id":"https:\/\/pharmadreams.shop\/index.php\/product\/svr-clairial-cc-creme-light-spf50-40ml\/#primaryimage","url":"https:\/\/pharmadreams.shop\/wp-content\/uploads\/2024\/06\/clairial_CC-Lightm_2000x2000_6d6de148-9fbc-4126-9e59-b6c93587b0d5_x3000.webp","contentUrl":"https:\/\/pharmadreams.shop\/wp-content\/uploads\/2024\/06\/clairial_CC-Lightm_2000x2000_6d6de148-9fbc-4126-9e59-b6c93587b0d5_x3000.webp","width":2000,"height":2000},{"@type":"BreadcrumbList","@id":"https:\/\/pharmadreams.shop\/index.php\/product\/svr-clairial-cc-creme-light-spf50-40ml\/#breadcrumb","itemListElement":[{"@type":"ListItem","position":1,"name":"Accueil","item":"https:\/\/pharmadreams.shop\/"},{"@type":"ListItem","position":2,"name":"Shop","item":"https:\/\/pharmadreams.shop\/index.php\/shop\/"},{"@type":"ListItem","position":3,"name":"SVR Clairial CC Cr\u00e8me Light SPF50+ 40ml"}]},{"@type":"WebSite","@id":"https:\/\/pharmadreams.shop\/#website","url":"https:\/\/pharmadreams.shop\/","name":"pharmadreams","description":"Parapharmacie en ligne","potentialAction":[{"@type":"SearchAction","target":{"@type":"EntryPoint","urlTemplate":"https:\/\/pharmadreams.shop\/?s={search_term_string}"},"query-input":"required name=search_term_string"}],"inLanguage":"fr-FR"}]}},"_links":{"self":[{"href":"https:\/\/pharmadreams.shop\/index.php\/wp-json\/wp\/v2\/product\/18615","targetHints":{"allow":["GET"]}}],"collection":[{"href":"https:\/\/pharmadreams.shop\/index.php\/wp-json\/wp\/v2\/product"}],"about":[{"href":"https:\/\/pharmadreams.shop\/index.php\/wp-json\/wp\/v2\/types\/product"}],"replies":[{"embeddable":true,"href":"https:\/\/pharmadreams.shop\/index.php\/wp-json\/wp\/v2\/comments?post=18615"}],"version-history":[{"count":0,"href":"https:\/\/pharmadreams.shop\/index.php\/wp-json\/wp\/v2\/product\/18615\/revisions"}],"wp:featuredmedia":[{"embeddable":true,"href":"https:\/\/pharmadreams.shop\/index.php\/wp-json\/wp\/v2\/media\/18616"}],"wp:attachment":[{"href":"https:\/\/pharmadreams.shop\/index.php\/wp-json\/wp\/v2\/media?parent=18615"}],"wp:term":[{"taxonomy":"product_brand","embeddable":true,"href":"https:\/\/pharmadreams.shop\/index.php\/wp-json\/wp\/v2\/product_brand?post=18615"},{"taxonomy":"product_cat","embeddable":true,"href":"https:\/\/pharmadreams.shop\/index.php\/wp-json\/wp\/v2\/product_cat?post=18615"},{"taxonomy":"product_tag","embeddable":true,"href":"https:\/\/pharmadreams.shop\/index.php\/wp-json\/wp\/v2\/product_tag?post=18615"}],"curies":[{"name":"wp","href":"https:\/\/api.w.org\/{rel}","templated":true}]}}