{"id":18679,"date":"2024-06-07T12:34:06","date_gmt":"2024-06-07T11:34:06","guid":{"rendered":"https:\/\/pharmadreams.shop\/?post_type=product&#038;p=18679"},"modified":"2024-06-07T12:34:06","modified_gmt":"2024-06-07T11:34:06","slug":"gummybear-womens-multi-60-gummies","status":"publish","type":"product","link":"https:\/\/pharmadreams.shop\/index.php\/product\/gummybear-womens-multi-60-gummies\/","title":{"rendered":"GUMMYBEAR WOMEN&rsquo;S MULTI 60 GUMMIES"},"content":{"rendered":"","protected":false},"excerpt":{"rendered":"<p style=\"font-weight: 400;\">Energie &amp; Vitalit\u00e9 :<\/p>\n<p style=\"font-weight: 400;\">Jouent un r\u00f4le important dans la production d&rsquo;\u00e9nergie, aidant ainsi \u00e0 r\u00e9duire la fatigue et \u00e0 maintenir la vitalit\u00e9.<\/p>\n<p style=\"font-weight: 400;\">Immunit\u00e9 :<\/p>\n<p style=\"font-weight: 400;\">Contribuer \u00e0 renforcer le syst\u00e8me immunitaire gr\u00e2ce au selenium et au zinc qui stimulent la production d&rsquo;anticorps.<\/p>\n<p style=\"font-weight: 400;\">Sant\u00e9 osseuse et cardiovasculaire :<\/p>\n<p style=\"font-weight: 400;\">Favorise la densit\u00e9 osseuse et la construction osseuse normale gr\u00e2ce \u00e0 la vitamine D3 et le calcium. Soutient la sant\u00e9 cardiovasculaire.<\/p>\n","protected":false},"featured_media":18680,"comment_status":"open","ping_status":"closed","template":"","meta":[],"product_brand":[],"product_cat":[32,123],"product_tag":[],"class_list":{"0":"post-18679","1":"product","2":"type-product","3":"status-publish","4":"has-post-thumbnail","6":"product_cat-complements-alimentaires","7":"product_cat-vitamines","9":"first","10":"instock","11":"shipping-taxable","12":"purchasable","13":"product-type-simple"},"yoast_head":"<!-- This site is optimized with the Yoast SEO plugin v23.0 - https:\/\/yoast.com\/wordpress\/plugins\/seo\/ -->\n<title>GUMMYBEAR WOMEN&#039;S MULTI 60 GUMMIES - pharmadreams<\/title>\n<meta name=\"robots\" content=\"index, follow, max-snippet:-1, max-image-preview:large, max-video-preview:-1\" \/>\n<link rel=\"canonical\" href=\"https:\/\/pharmadreams.shop\/index.php\/product\/gummybear-womens-multi-60-gummies\/\" \/>\n<meta property=\"og:locale\" content=\"fr_FR\" \/>\n<meta property=\"og:type\" content=\"article\" \/>\n<meta property=\"og:title\" content=\"GUMMYBEAR WOMEN&#039;S MULTI 60 GUMMIES - pharmadreams\" \/>\n<meta property=\"og:description\" content=\"Energie &amp; Vitalit\u00e9 : Jouent un r\u00f4le important dans la production d&#039;\u00e9nergie, aidant ainsi \u00e0 r\u00e9duire la fatigue et \u00e0 maintenir la vitalit\u00e9. Immunit\u00e9 : Contribuer \u00e0 renforcer le syst\u00e8me immunitaire gr\u00e2ce au selenium et au zinc qui stimulent la production d&#039;anticorps. Sant\u00e9 osseuse et cardiovasculaire : Favorise la densit\u00e9 osseuse et la construction osseuse normale gr\u00e2ce \u00e0 la vitamine D3 et le calcium. Soutient la sant\u00e9 cardiovasculaire.\" \/>\n<meta property=\"og:url\" content=\"https:\/\/pharmadreams.shop\/index.php\/product\/gummybear-womens-multi-60-gummies\/\" \/>\n<meta property=\"og:site_name\" content=\"pharmadreams\" \/>\n<meta property=\"og:image\" content=\"https:\/\/pharmadreams.shop\/wp-content\/uploads\/2024\/06\/gummybear-women-s-multi-60-gummies.jpg\" \/>\n\t<meta property=\"og:image:width\" content=\"500\" \/>\n\t<meta property=\"og:image:height\" content=\"500\" \/>\n\t<meta property=\"og:image:type\" content=\"image\/jpeg\" \/>\n<meta name=\"twitter:card\" content=\"summary_large_image\" \/>\n<meta name=\"twitter:label1\" content=\"Dur\u00e9e de lecture estim\u00e9e\" \/>\n\t<meta name=\"twitter:data1\" content=\"1 minute\" \/>\n<script type=\"application\/ld+json\" class=\"yoast-schema-graph\">{\"@context\":\"https:\/\/schema.org\",\"@graph\":[{\"@type\":\"WebPage\",\"@id\":\"https:\/\/pharmadreams.shop\/index.php\/product\/gummybear-womens-multi-60-gummies\/\",\"url\":\"https:\/\/pharmadreams.shop\/index.php\/product\/gummybear-womens-multi-60-gummies\/\",\"name\":\"GUMMYBEAR WOMEN'S MULTI 60 GUMMIES - pharmadreams\",\"isPartOf\":{\"@id\":\"https:\/\/pharmadreams.shop\/#website\"},\"primaryImageOfPage\":{\"@id\":\"https:\/\/pharmadreams.shop\/index.php\/product\/gummybear-womens-multi-60-gummies\/#primaryimage\"},\"image\":{\"@id\":\"https:\/\/pharmadreams.shop\/index.php\/product\/gummybear-womens-multi-60-gummies\/#primaryimage\"},\"thumbnailUrl\":\"https:\/\/pharmadreams.shop\/wp-content\/uploads\/2024\/06\/gummybear-women-s-multi-60-gummies.jpg\",\"datePublished\":\"2024-06-07T11:34:06+00:00\",\"dateModified\":\"2024-06-07T11:34:06+00:00\",\"breadcrumb\":{\"@id\":\"https:\/\/pharmadreams.shop\/index.php\/product\/gummybear-womens-multi-60-gummies\/#breadcrumb\"},\"inLanguage\":\"fr-FR\",\"potentialAction\":[{\"@type\":\"ReadAction\",\"target\":[\"https:\/\/pharmadreams.shop\/index.php\/product\/gummybear-womens-multi-60-gummies\/\"]}]},{\"@type\":\"ImageObject\",\"inLanguage\":\"fr-FR\",\"@id\":\"https:\/\/pharmadreams.shop\/index.php\/product\/gummybear-womens-multi-60-gummies\/#primaryimage\",\"url\":\"https:\/\/pharmadreams.shop\/wp-content\/uploads\/2024\/06\/gummybear-women-s-multi-60-gummies.jpg\",\"contentUrl\":\"https:\/\/pharmadreams.shop\/wp-content\/uploads\/2024\/06\/gummybear-women-s-multi-60-gummies.jpg\",\"width\":500,\"height\":500},{\"@type\":\"BreadcrumbList\",\"@id\":\"https:\/\/pharmadreams.shop\/index.php\/product\/gummybear-womens-multi-60-gummies\/#breadcrumb\",\"itemListElement\":[{\"@type\":\"ListItem\",\"position\":1,\"name\":\"Accueil\",\"item\":\"https:\/\/pharmadreams.shop\/\"},{\"@type\":\"ListItem\",\"position\":2,\"name\":\"Shop\",\"item\":\"https:\/\/pharmadreams.shop\/index.php\/shop\/\"},{\"@type\":\"ListItem\",\"position\":3,\"name\":\"GUMMYBEAR WOMEN&#8217;S MULTI 60 GUMMIES\"}]},{\"@type\":\"WebSite\",\"@id\":\"https:\/\/pharmadreams.shop\/#website\",\"url\":\"https:\/\/pharmadreams.shop\/\",\"name\":\"pharmadreams\",\"description\":\"Parapharmacie en ligne\",\"potentialAction\":[{\"@type\":\"SearchAction\",\"target\":{\"@type\":\"EntryPoint\",\"urlTemplate\":\"https:\/\/pharmadreams.shop\/?s={search_term_string}\"},\"query-input\":\"required name=search_term_string\"}],\"inLanguage\":\"fr-FR\"}]}<\/script>\n<!-- \/ Yoast SEO plugin. -->","yoast_head_json":{"title":"GUMMYBEAR WOMEN'S MULTI 60 GUMMIES - pharmadreams","robots":{"index":"index","follow":"follow","max-snippet":"max-snippet:-1","max-image-preview":"max-image-preview:large","max-video-preview":"max-video-preview:-1"},"canonical":"https:\/\/pharmadreams.shop\/index.php\/product\/gummybear-womens-multi-60-gummies\/","og_locale":"fr_FR","og_type":"article","og_title":"GUMMYBEAR WOMEN'S MULTI 60 GUMMIES - pharmadreams","og_description":"Energie &amp; Vitalit\u00e9 : Jouent un r\u00f4le important dans la production d'\u00e9nergie, aidant ainsi \u00e0 r\u00e9duire la fatigue et \u00e0 maintenir la vitalit\u00e9. Immunit\u00e9 : Contribuer \u00e0 renforcer le syst\u00e8me immunitaire gr\u00e2ce au selenium et au zinc qui stimulent la production d'anticorps. Sant\u00e9 osseuse et cardiovasculaire : Favorise la densit\u00e9 osseuse et la construction osseuse normale gr\u00e2ce \u00e0 la vitamine D3 et le calcium. Soutient la sant\u00e9 cardiovasculaire.","og_url":"https:\/\/pharmadreams.shop\/index.php\/product\/gummybear-womens-multi-60-gummies\/","og_site_name":"pharmadreams","og_image":[{"width":500,"height":500,"url":"https:\/\/pharmadreams.shop\/wp-content\/uploads\/2024\/06\/gummybear-women-s-multi-60-gummies.jpg","type":"image\/jpeg"}],"twitter_card":"summary_large_image","twitter_misc":{"Dur\u00e9e de lecture estim\u00e9e":"1 minute"},"schema":{"@context":"https:\/\/schema.org","@graph":[{"@type":"WebPage","@id":"https:\/\/pharmadreams.shop\/index.php\/product\/gummybear-womens-multi-60-gummies\/","url":"https:\/\/pharmadreams.shop\/index.php\/product\/gummybear-womens-multi-60-gummies\/","name":"GUMMYBEAR WOMEN'S MULTI 60 GUMMIES - pharmadreams","isPartOf":{"@id":"https:\/\/pharmadreams.shop\/#website"},"primaryImageOfPage":{"@id":"https:\/\/pharmadreams.shop\/index.php\/product\/gummybear-womens-multi-60-gummies\/#primaryimage"},"image":{"@id":"https:\/\/pharmadreams.shop\/index.php\/product\/gummybear-womens-multi-60-gummies\/#primaryimage"},"thumbnailUrl":"https:\/\/pharmadreams.shop\/wp-content\/uploads\/2024\/06\/gummybear-women-s-multi-60-gummies.jpg","datePublished":"2024-06-07T11:34:06+00:00","dateModified":"2024-06-07T11:34:06+00:00","breadcrumb":{"@id":"https:\/\/pharmadreams.shop\/index.php\/product\/gummybear-womens-multi-60-gummies\/#breadcrumb"},"inLanguage":"fr-FR","potentialAction":[{"@type":"ReadAction","target":["https:\/\/pharmadreams.shop\/index.php\/product\/gummybear-womens-multi-60-gummies\/"]}]},{"@type":"ImageObject","inLanguage":"fr-FR","@id":"https:\/\/pharmadreams.shop\/index.php\/product\/gummybear-womens-multi-60-gummies\/#primaryimage","url":"https:\/\/pharmadreams.shop\/wp-content\/uploads\/2024\/06\/gummybear-women-s-multi-60-gummies.jpg","contentUrl":"https:\/\/pharmadreams.shop\/wp-content\/uploads\/2024\/06\/gummybear-women-s-multi-60-gummies.jpg","width":500,"height":500},{"@type":"BreadcrumbList","@id":"https:\/\/pharmadreams.shop\/index.php\/product\/gummybear-womens-multi-60-gummies\/#breadcrumb","itemListElement":[{"@type":"ListItem","position":1,"name":"Accueil","item":"https:\/\/pharmadreams.shop\/"},{"@type":"ListItem","position":2,"name":"Shop","item":"https:\/\/pharmadreams.shop\/index.php\/shop\/"},{"@type":"ListItem","position":3,"name":"GUMMYBEAR WOMEN&#8217;S MULTI 60 GUMMIES"}]},{"@type":"WebSite","@id":"https:\/\/pharmadreams.shop\/#website","url":"https:\/\/pharmadreams.shop\/","name":"pharmadreams","description":"Parapharmacie en ligne","potentialAction":[{"@type":"SearchAction","target":{"@type":"EntryPoint","urlTemplate":"https:\/\/pharmadreams.shop\/?s={search_term_string}"},"query-input":"required name=search_term_string"}],"inLanguage":"fr-FR"}]}},"_links":{"self":[{"href":"https:\/\/pharmadreams.shop\/index.php\/wp-json\/wp\/v2\/product\/18679","targetHints":{"allow":["GET"]}}],"collection":[{"href":"https:\/\/pharmadreams.shop\/index.php\/wp-json\/wp\/v2\/product"}],"about":[{"href":"https:\/\/pharmadreams.shop\/index.php\/wp-json\/wp\/v2\/types\/product"}],"replies":[{"embeddable":true,"href":"https:\/\/pharmadreams.shop\/index.php\/wp-json\/wp\/v2\/comments?post=18679"}],"version-history":[{"count":0,"href":"https:\/\/pharmadreams.shop\/index.php\/wp-json\/wp\/v2\/product\/18679\/revisions"}],"wp:featuredmedia":[{"embeddable":true,"href":"https:\/\/pharmadreams.shop\/index.php\/wp-json\/wp\/v2\/media\/18680"}],"wp:attachment":[{"href":"https:\/\/pharmadreams.shop\/index.php\/wp-json\/wp\/v2\/media?parent=18679"}],"wp:term":[{"taxonomy":"product_brand","embeddable":true,"href":"https:\/\/pharmadreams.shop\/index.php\/wp-json\/wp\/v2\/product_brand?post=18679"},{"taxonomy":"product_cat","embeddable":true,"href":"https:\/\/pharmadreams.shop\/index.php\/wp-json\/wp\/v2\/product_cat?post=18679"},{"taxonomy":"product_tag","embeddable":true,"href":"https:\/\/pharmadreams.shop\/index.php\/wp-json\/wp\/v2\/product_tag?post=18679"}],"curies":[{"name":"wp","href":"https:\/\/api.w.org\/{rel}","templated":true}]}}