{"id":18715,"date":"2024-06-13T15:58:50","date_gmt":"2024-06-13T14:58:50","guid":{"rendered":"https:\/\/pharmadreams.shop\/?post_type=product&#038;p=18715"},"modified":"2024-06-13T15:58:51","modified_gmt":"2024-06-13T14:58:51","slug":"daylong-trousse-extreme-lait-solaire-50ml","status":"publish","type":"product","link":"https:\/\/pharmadreams.shop\/index.php\/product\/daylong-trousse-extreme-lait-solaire-50ml\/","title":{"rendered":"Daylong trousse extreme lait solaire 50ml"},"content":{"rendered":"","protected":false},"excerpt":{"rendered":"<p><b><strong>DAYLONG EXTREME LOTION SOLAIRE SPF50+ 50ML<\/strong><\/b><\/p>\n<p>Tr\u00e8s Haute Protection UVA et UVB. Daylong Extr\u00eame SPF50+ est une lotion liposomale d\u2019o\u00f9 une r\u00e9manence am\u00e9lior\u00e9e. Daylong Extr\u00eame SPF50+ est extra-r\u00e9sistant \u00e0 l\u2019eau et r\u00e9sistant \u00e0 la transpiration. La r\u00e9manence est excellente, et une application par jour suffit g\u00e9n\u00e9ralement.<\/p>\n<p>Sans parfum, sans colorant.<\/p>\n<p><b><strong>EXCIPIAL PROTECT CREME MAINS 50ML<\/strong><\/b><\/p>\n<p>La cr\u00e8me pour mains Excipial Protect a \u00e9t\u00e9 \u00e9labor\u00e9e pour prendre soin des mains des travailleurs qui subissent des agressions en milieu professionnel, notamment \u00e0 cause de l\u2019utilisation de produits nocifs ou agressifs, ou de certains \u00e9l\u00e9ments ou mati\u00e8res qui peuvent les endommager. Elle convient tout aussi bien aux personnes ayant la peau ab\u00eem\u00e9e ou fragilis\u00e9e.<\/p>\n","protected":false},"featured_media":18716,"comment_status":"open","ping_status":"closed","template":"","meta":[],"product_brand":[],"product_cat":[28,101,233,20],"product_tag":[],"class_list":{"0":"post-18715","1":"product","2":"type-product","3":"status-publish","4":"has-post-thumbnail","6":"product_cat-corps","7":"product_cat-mains","8":"product_cat-protection-solaire","9":"product_cat-visage","11":"first","12":"instock","13":"shipping-taxable","14":"purchasable","15":"product-type-simple"},"yoast_head":"<!-- This site is optimized with the Yoast SEO plugin v23.0 - https:\/\/yoast.com\/wordpress\/plugins\/seo\/ -->\n<title>Daylong trousse extreme lait solaire 50ml - pharmadreams<\/title>\n<meta name=\"robots\" content=\"index, follow, max-snippet:-1, max-image-preview:large, max-video-preview:-1\" \/>\n<link rel=\"canonical\" href=\"https:\/\/pharmadreams.shop\/index.php\/product\/daylong-trousse-extreme-lait-solaire-50ml\/\" \/>\n<meta property=\"og:locale\" content=\"fr_FR\" \/>\n<meta property=\"og:type\" content=\"article\" \/>\n<meta property=\"og:title\" content=\"Daylong trousse extreme lait solaire 50ml - pharmadreams\" \/>\n<meta property=\"og:description\" content=\"DAYLONG EXTREME LOTION SOLAIRE SPF50+ 50ML  Tr\u00e8s Haute Protection UVA et UVB. Daylong Extr\u00eame SPF50+ est une lotion liposomale d\u2019o\u00f9 une r\u00e9manence am\u00e9lior\u00e9e. Daylong Extr\u00eame SPF50+ est extra-r\u00e9sistant \u00e0 l\u2019eau et r\u00e9sistant \u00e0 la transpiration. La r\u00e9manence est excellente, et une application par jour suffit g\u00e9n\u00e9ralement.  Sans parfum, sans colorant.  EXCIPIAL PROTECT CREME MAINS 50ML  La cr\u00e8me pour mains Excipial Protect a \u00e9t\u00e9 \u00e9labor\u00e9e pour prendre soin des mains des travailleurs qui subissent des agressions en milieu professionnel, notamment \u00e0 cause de l\u2019utilisation de produits nocifs ou agressifs, ou de certains \u00e9l\u00e9ments ou mati\u00e8res qui peuvent les endommager. Elle convient tout aussi bien aux personnes ayant la peau ab\u00eem\u00e9e ou fragilis\u00e9e.\" \/>\n<meta property=\"og:url\" content=\"https:\/\/pharmadreams.shop\/index.php\/product\/daylong-trousse-extreme-lait-solaire-50ml\/\" \/>\n<meta property=\"og:site_name\" content=\"pharmadreams\" \/>\n<meta property=\"article:modified_time\" content=\"2024-06-13T14:58:51+00:00\" \/>\n<meta property=\"og:image\" content=\"https:\/\/pharmadreams.shop\/wp-content\/uploads\/2024\/06\/photo_2024-05-08_10-54-56.webp\" \/>\n\t<meta property=\"og:image:width\" content=\"1181\" \/>\n\t<meta property=\"og:image:height\" content=\"1181\" \/>\n\t<meta property=\"og:image:type\" content=\"image\/webp\" \/>\n<meta name=\"twitter:card\" content=\"summary_large_image\" \/>\n<meta name=\"twitter:label1\" content=\"Dur\u00e9e de lecture estim\u00e9e\" \/>\n\t<meta name=\"twitter:data1\" content=\"1 minute\" \/>\n<script type=\"application\/ld+json\" class=\"yoast-schema-graph\">{\"@context\":\"https:\/\/schema.org\",\"@graph\":[{\"@type\":\"WebPage\",\"@id\":\"https:\/\/pharmadreams.shop\/index.php\/product\/daylong-trousse-extreme-lait-solaire-50ml\/\",\"url\":\"https:\/\/pharmadreams.shop\/index.php\/product\/daylong-trousse-extreme-lait-solaire-50ml\/\",\"name\":\"Daylong trousse extreme lait solaire 50ml - pharmadreams\",\"isPartOf\":{\"@id\":\"https:\/\/pharmadreams.shop\/#website\"},\"primaryImageOfPage\":{\"@id\":\"https:\/\/pharmadreams.shop\/index.php\/product\/daylong-trousse-extreme-lait-solaire-50ml\/#primaryimage\"},\"image\":{\"@id\":\"https:\/\/pharmadreams.shop\/index.php\/product\/daylong-trousse-extreme-lait-solaire-50ml\/#primaryimage\"},\"thumbnailUrl\":\"https:\/\/pharmadreams.shop\/wp-content\/uploads\/2024\/06\/photo_2024-05-08_10-54-56.webp\",\"datePublished\":\"2024-06-13T14:58:50+00:00\",\"dateModified\":\"2024-06-13T14:58:51+00:00\",\"breadcrumb\":{\"@id\":\"https:\/\/pharmadreams.shop\/index.php\/product\/daylong-trousse-extreme-lait-solaire-50ml\/#breadcrumb\"},\"inLanguage\":\"fr-FR\",\"potentialAction\":[{\"@type\":\"ReadAction\",\"target\":[\"https:\/\/pharmadreams.shop\/index.php\/product\/daylong-trousse-extreme-lait-solaire-50ml\/\"]}]},{\"@type\":\"ImageObject\",\"inLanguage\":\"fr-FR\",\"@id\":\"https:\/\/pharmadreams.shop\/index.php\/product\/daylong-trousse-extreme-lait-solaire-50ml\/#primaryimage\",\"url\":\"https:\/\/pharmadreams.shop\/wp-content\/uploads\/2024\/06\/photo_2024-05-08_10-54-56.webp\",\"contentUrl\":\"https:\/\/pharmadreams.shop\/wp-content\/uploads\/2024\/06\/photo_2024-05-08_10-54-56.webp\",\"width\":1181,\"height\":1181},{\"@type\":\"BreadcrumbList\",\"@id\":\"https:\/\/pharmadreams.shop\/index.php\/product\/daylong-trousse-extreme-lait-solaire-50ml\/#breadcrumb\",\"itemListElement\":[{\"@type\":\"ListItem\",\"position\":1,\"name\":\"Accueil\",\"item\":\"https:\/\/pharmadreams.shop\/\"},{\"@type\":\"ListItem\",\"position\":2,\"name\":\"Shop\",\"item\":\"https:\/\/pharmadreams.shop\/index.php\/shop\/\"},{\"@type\":\"ListItem\",\"position\":3,\"name\":\"Daylong trousse extreme lait solaire 50ml\"}]},{\"@type\":\"WebSite\",\"@id\":\"https:\/\/pharmadreams.shop\/#website\",\"url\":\"https:\/\/pharmadreams.shop\/\",\"name\":\"pharmadreams\",\"description\":\"Parapharmacie en ligne\",\"potentialAction\":[{\"@type\":\"SearchAction\",\"target\":{\"@type\":\"EntryPoint\",\"urlTemplate\":\"https:\/\/pharmadreams.shop\/?s={search_term_string}\"},\"query-input\":\"required name=search_term_string\"}],\"inLanguage\":\"fr-FR\"}]}<\/script>\n<!-- \/ Yoast SEO plugin. -->","yoast_head_json":{"title":"Daylong trousse extreme lait solaire 50ml - pharmadreams","robots":{"index":"index","follow":"follow","max-snippet":"max-snippet:-1","max-image-preview":"max-image-preview:large","max-video-preview":"max-video-preview:-1"},"canonical":"https:\/\/pharmadreams.shop\/index.php\/product\/daylong-trousse-extreme-lait-solaire-50ml\/","og_locale":"fr_FR","og_type":"article","og_title":"Daylong trousse extreme lait solaire 50ml - pharmadreams","og_description":"DAYLONG EXTREME LOTION SOLAIRE SPF50+ 50ML  Tr\u00e8s Haute Protection UVA et UVB. Daylong Extr\u00eame SPF50+ est une lotion liposomale d\u2019o\u00f9 une r\u00e9manence am\u00e9lior\u00e9e. Daylong Extr\u00eame SPF50+ est extra-r\u00e9sistant \u00e0 l\u2019eau et r\u00e9sistant \u00e0 la transpiration. La r\u00e9manence est excellente, et une application par jour suffit g\u00e9n\u00e9ralement.  Sans parfum, sans colorant.  EXCIPIAL PROTECT CREME MAINS 50ML  La cr\u00e8me pour mains Excipial Protect a \u00e9t\u00e9 \u00e9labor\u00e9e pour prendre soin des mains des travailleurs qui subissent des agressions en milieu professionnel, notamment \u00e0 cause de l\u2019utilisation de produits nocifs ou agressifs, ou de certains \u00e9l\u00e9ments ou mati\u00e8res qui peuvent les endommager. Elle convient tout aussi bien aux personnes ayant la peau ab\u00eem\u00e9e ou fragilis\u00e9e.","og_url":"https:\/\/pharmadreams.shop\/index.php\/product\/daylong-trousse-extreme-lait-solaire-50ml\/","og_site_name":"pharmadreams","article_modified_time":"2024-06-13T14:58:51+00:00","og_image":[{"width":1181,"height":1181,"url":"https:\/\/pharmadreams.shop\/wp-content\/uploads\/2024\/06\/photo_2024-05-08_10-54-56.webp","type":"image\/webp"}],"twitter_card":"summary_large_image","twitter_misc":{"Dur\u00e9e de lecture estim\u00e9e":"1 minute"},"schema":{"@context":"https:\/\/schema.org","@graph":[{"@type":"WebPage","@id":"https:\/\/pharmadreams.shop\/index.php\/product\/daylong-trousse-extreme-lait-solaire-50ml\/","url":"https:\/\/pharmadreams.shop\/index.php\/product\/daylong-trousse-extreme-lait-solaire-50ml\/","name":"Daylong trousse extreme lait solaire 50ml - pharmadreams","isPartOf":{"@id":"https:\/\/pharmadreams.shop\/#website"},"primaryImageOfPage":{"@id":"https:\/\/pharmadreams.shop\/index.php\/product\/daylong-trousse-extreme-lait-solaire-50ml\/#primaryimage"},"image":{"@id":"https:\/\/pharmadreams.shop\/index.php\/product\/daylong-trousse-extreme-lait-solaire-50ml\/#primaryimage"},"thumbnailUrl":"https:\/\/pharmadreams.shop\/wp-content\/uploads\/2024\/06\/photo_2024-05-08_10-54-56.webp","datePublished":"2024-06-13T14:58:50+00:00","dateModified":"2024-06-13T14:58:51+00:00","breadcrumb":{"@id":"https:\/\/pharmadreams.shop\/index.php\/product\/daylong-trousse-extreme-lait-solaire-50ml\/#breadcrumb"},"inLanguage":"fr-FR","potentialAction":[{"@type":"ReadAction","target":["https:\/\/pharmadreams.shop\/index.php\/product\/daylong-trousse-extreme-lait-solaire-50ml\/"]}]},{"@type":"ImageObject","inLanguage":"fr-FR","@id":"https:\/\/pharmadreams.shop\/index.php\/product\/daylong-trousse-extreme-lait-solaire-50ml\/#primaryimage","url":"https:\/\/pharmadreams.shop\/wp-content\/uploads\/2024\/06\/photo_2024-05-08_10-54-56.webp","contentUrl":"https:\/\/pharmadreams.shop\/wp-content\/uploads\/2024\/06\/photo_2024-05-08_10-54-56.webp","width":1181,"height":1181},{"@type":"BreadcrumbList","@id":"https:\/\/pharmadreams.shop\/index.php\/product\/daylong-trousse-extreme-lait-solaire-50ml\/#breadcrumb","itemListElement":[{"@type":"ListItem","position":1,"name":"Accueil","item":"https:\/\/pharmadreams.shop\/"},{"@type":"ListItem","position":2,"name":"Shop","item":"https:\/\/pharmadreams.shop\/index.php\/shop\/"},{"@type":"ListItem","position":3,"name":"Daylong trousse extreme lait solaire 50ml"}]},{"@type":"WebSite","@id":"https:\/\/pharmadreams.shop\/#website","url":"https:\/\/pharmadreams.shop\/","name":"pharmadreams","description":"Parapharmacie en ligne","potentialAction":[{"@type":"SearchAction","target":{"@type":"EntryPoint","urlTemplate":"https:\/\/pharmadreams.shop\/?s={search_term_string}"},"query-input":"required name=search_term_string"}],"inLanguage":"fr-FR"}]}},"_links":{"self":[{"href":"https:\/\/pharmadreams.shop\/index.php\/wp-json\/wp\/v2\/product\/18715","targetHints":{"allow":["GET"]}}],"collection":[{"href":"https:\/\/pharmadreams.shop\/index.php\/wp-json\/wp\/v2\/product"}],"about":[{"href":"https:\/\/pharmadreams.shop\/index.php\/wp-json\/wp\/v2\/types\/product"}],"replies":[{"embeddable":true,"href":"https:\/\/pharmadreams.shop\/index.php\/wp-json\/wp\/v2\/comments?post=18715"}],"version-history":[{"count":0,"href":"https:\/\/pharmadreams.shop\/index.php\/wp-json\/wp\/v2\/product\/18715\/revisions"}],"wp:featuredmedia":[{"embeddable":true,"href":"https:\/\/pharmadreams.shop\/index.php\/wp-json\/wp\/v2\/media\/18716"}],"wp:attachment":[{"href":"https:\/\/pharmadreams.shop\/index.php\/wp-json\/wp\/v2\/media?parent=18715"}],"wp:term":[{"taxonomy":"product_brand","embeddable":true,"href":"https:\/\/pharmadreams.shop\/index.php\/wp-json\/wp\/v2\/product_brand?post=18715"},{"taxonomy":"product_cat","embeddable":true,"href":"https:\/\/pharmadreams.shop\/index.php\/wp-json\/wp\/v2\/product_cat?post=18715"},{"taxonomy":"product_tag","embeddable":true,"href":"https:\/\/pharmadreams.shop\/index.php\/wp-json\/wp\/v2\/product_tag?post=18715"}],"curies":[{"name":"wp","href":"https:\/\/api.w.org\/{rel}","templated":true}]}}