{"id":18731,"date":"2024-06-20T23:06:42","date_gmt":"2024-06-20T22:06:42","guid":{"rendered":"https:\/\/pharmadreams.shop\/?post_type=product&#038;p=18731"},"modified":"2024-06-20T23:06:42","modified_gmt":"2024-06-20T22:06:42","slug":"dermacare-huile-seche-parfumee-100ml","status":"publish","type":"product","link":"https:\/\/pharmadreams.shop\/index.php\/product\/dermacare-huile-seche-parfumee-100ml\/","title":{"rendered":"Dermacare Huile S\u00e8che Parfum\u00e9e 100ml"},"content":{"rendered":"","protected":false},"excerpt":{"rendered":"<p>Huile s\u00e8che rose musqu\u00e9e p\u00e9n\u00e8tre rapidement dans votre peau sans laisser un fini gras ou un r\u00e9sidu collant. Elle hydrate, assouplit et satine votre peau.<\/p>\n<p>Cette huile s\u00e8che est id\u00e9ale pour sublimer votre peau et vos cheveux en un seul geste. Sa formule pr\u00e9cieuse contient les huiles miracles, aux vertus nourrissantes et antioxydantes. Ce soin tout-en-un est id\u00e9al en p\u00e9riode estivale pour hydrater votre peau, entretenir votre teint h\u00e2l\u00e9 et nourrir vos cheveux.<\/p>\n","protected":false},"featured_media":18728,"comment_status":"open","ping_status":"closed","template":"","meta":[],"product_brand":[],"product_cat":[153,155],"product_tag":[],"class_list":{"0":"post-18731","1":"product","2":"type-product","3":"status-publish","4":"has-post-thumbnail","6":"product_cat-huile","7":"product_cat-huile-corp","9":"first","10":"instock","11":"shipping-taxable","12":"purchasable","13":"product-type-simple"},"yoast_head":"<!-- This site is optimized with the Yoast SEO plugin v23.0 - https:\/\/yoast.com\/wordpress\/plugins\/seo\/ -->\n<title>Dermacare Huile S\u00e8che Parfum\u00e9e 100ml - pharmadreams<\/title>\n<meta name=\"robots\" content=\"index, follow, max-snippet:-1, max-image-preview:large, max-video-preview:-1\" \/>\n<link rel=\"canonical\" href=\"https:\/\/pharmadreams.shop\/index.php\/product\/dermacare-huile-seche-parfumee-100ml\/\" \/>\n<meta property=\"og:locale\" content=\"fr_FR\" \/>\n<meta property=\"og:type\" content=\"article\" \/>\n<meta property=\"og:title\" content=\"Dermacare Huile S\u00e8che Parfum\u00e9e 100ml - pharmadreams\" \/>\n<meta property=\"og:description\" content=\"Huile s\u00e8che rose musqu\u00e9e p\u00e9n\u00e8tre rapidement dans votre peau sans laisser un fini gras ou un r\u00e9sidu collant. Elle hydrate, assouplit et satine votre peau.  Cette huile s\u00e8che est id\u00e9ale pour sublimer votre peau et vos cheveux en un seul geste. Sa formule pr\u00e9cieuse contient les huiles miracles, aux vertus nourrissantes et antioxydantes. Ce soin tout-en-un est id\u00e9al en p\u00e9riode estivale pour hydrater votre peau, entretenir votre teint h\u00e2l\u00e9 et nourrir vos cheveux.\" \/>\n<meta property=\"og:url\" content=\"https:\/\/pharmadreams.shop\/index.php\/product\/dermacare-huile-seche-parfumee-100ml\/\" \/>\n<meta property=\"og:site_name\" content=\"pharmadreams\" \/>\n<meta property=\"og:image\" content=\"https:\/\/pharmadreams.shop\/wp-content\/uploads\/2024\/06\/dermacare-huile-seche-parfumee-100ml.webp\" \/>\n\t<meta property=\"og:image:width\" content=\"1555\" \/>\n\t<meta property=\"og:image:height\" content=\"1600\" \/>\n\t<meta property=\"og:image:type\" content=\"image\/webp\" \/>\n<meta name=\"twitter:card\" content=\"summary_large_image\" \/>\n<meta name=\"twitter:label1\" content=\"Dur\u00e9e de lecture estim\u00e9e\" \/>\n\t<meta name=\"twitter:data1\" content=\"1 minute\" \/>\n<script type=\"application\/ld+json\" class=\"yoast-schema-graph\">{\"@context\":\"https:\/\/schema.org\",\"@graph\":[{\"@type\":\"WebPage\",\"@id\":\"https:\/\/pharmadreams.shop\/index.php\/product\/dermacare-huile-seche-parfumee-100ml\/\",\"url\":\"https:\/\/pharmadreams.shop\/index.php\/product\/dermacare-huile-seche-parfumee-100ml\/\",\"name\":\"Dermacare Huile S\u00e8che Parfum\u00e9e 100ml - pharmadreams\",\"isPartOf\":{\"@id\":\"https:\/\/pharmadreams.shop\/#website\"},\"primaryImageOfPage\":{\"@id\":\"https:\/\/pharmadreams.shop\/index.php\/product\/dermacare-huile-seche-parfumee-100ml\/#primaryimage\"},\"image\":{\"@id\":\"https:\/\/pharmadreams.shop\/index.php\/product\/dermacare-huile-seche-parfumee-100ml\/#primaryimage\"},\"thumbnailUrl\":\"https:\/\/pharmadreams.shop\/wp-content\/uploads\/2024\/06\/dermacare-huile-seche-parfumee-100ml.webp\",\"datePublished\":\"2024-06-20T22:06:42+00:00\",\"dateModified\":\"2024-06-20T22:06:42+00:00\",\"breadcrumb\":{\"@id\":\"https:\/\/pharmadreams.shop\/index.php\/product\/dermacare-huile-seche-parfumee-100ml\/#breadcrumb\"},\"inLanguage\":\"fr-FR\",\"potentialAction\":[{\"@type\":\"ReadAction\",\"target\":[\"https:\/\/pharmadreams.shop\/index.php\/product\/dermacare-huile-seche-parfumee-100ml\/\"]}]},{\"@type\":\"ImageObject\",\"inLanguage\":\"fr-FR\",\"@id\":\"https:\/\/pharmadreams.shop\/index.php\/product\/dermacare-huile-seche-parfumee-100ml\/#primaryimage\",\"url\":\"https:\/\/pharmadreams.shop\/wp-content\/uploads\/2024\/06\/dermacare-huile-seche-parfumee-100ml.webp\",\"contentUrl\":\"https:\/\/pharmadreams.shop\/wp-content\/uploads\/2024\/06\/dermacare-huile-seche-parfumee-100ml.webp\",\"width\":1555,\"height\":1600},{\"@type\":\"BreadcrumbList\",\"@id\":\"https:\/\/pharmadreams.shop\/index.php\/product\/dermacare-huile-seche-parfumee-100ml\/#breadcrumb\",\"itemListElement\":[{\"@type\":\"ListItem\",\"position\":1,\"name\":\"Accueil\",\"item\":\"https:\/\/pharmadreams.shop\/\"},{\"@type\":\"ListItem\",\"position\":2,\"name\":\"Shop\",\"item\":\"https:\/\/pharmadreams.shop\/index.php\/shop\/\"},{\"@type\":\"ListItem\",\"position\":3,\"name\":\"Dermacare Huile S\u00e8che Parfum\u00e9e 100ml\"}]},{\"@type\":\"WebSite\",\"@id\":\"https:\/\/pharmadreams.shop\/#website\",\"url\":\"https:\/\/pharmadreams.shop\/\",\"name\":\"pharmadreams\",\"description\":\"Parapharmacie en ligne\",\"potentialAction\":[{\"@type\":\"SearchAction\",\"target\":{\"@type\":\"EntryPoint\",\"urlTemplate\":\"https:\/\/pharmadreams.shop\/?s={search_term_string}\"},\"query-input\":\"required name=search_term_string\"}],\"inLanguage\":\"fr-FR\"}]}<\/script>\n<!-- \/ Yoast SEO plugin. -->","yoast_head_json":{"title":"Dermacare Huile S\u00e8che Parfum\u00e9e 100ml - pharmadreams","robots":{"index":"index","follow":"follow","max-snippet":"max-snippet:-1","max-image-preview":"max-image-preview:large","max-video-preview":"max-video-preview:-1"},"canonical":"https:\/\/pharmadreams.shop\/index.php\/product\/dermacare-huile-seche-parfumee-100ml\/","og_locale":"fr_FR","og_type":"article","og_title":"Dermacare Huile S\u00e8che Parfum\u00e9e 100ml - pharmadreams","og_description":"Huile s\u00e8che rose musqu\u00e9e p\u00e9n\u00e8tre rapidement dans votre peau sans laisser un fini gras ou un r\u00e9sidu collant. Elle hydrate, assouplit et satine votre peau.  Cette huile s\u00e8che est id\u00e9ale pour sublimer votre peau et vos cheveux en un seul geste. Sa formule pr\u00e9cieuse contient les huiles miracles, aux vertus nourrissantes et antioxydantes. Ce soin tout-en-un est id\u00e9al en p\u00e9riode estivale pour hydrater votre peau, entretenir votre teint h\u00e2l\u00e9 et nourrir vos cheveux.","og_url":"https:\/\/pharmadreams.shop\/index.php\/product\/dermacare-huile-seche-parfumee-100ml\/","og_site_name":"pharmadreams","og_image":[{"width":1555,"height":1600,"url":"https:\/\/pharmadreams.shop\/wp-content\/uploads\/2024\/06\/dermacare-huile-seche-parfumee-100ml.webp","type":"image\/webp"}],"twitter_card":"summary_large_image","twitter_misc":{"Dur\u00e9e de lecture estim\u00e9e":"1 minute"},"schema":{"@context":"https:\/\/schema.org","@graph":[{"@type":"WebPage","@id":"https:\/\/pharmadreams.shop\/index.php\/product\/dermacare-huile-seche-parfumee-100ml\/","url":"https:\/\/pharmadreams.shop\/index.php\/product\/dermacare-huile-seche-parfumee-100ml\/","name":"Dermacare Huile S\u00e8che Parfum\u00e9e 100ml - pharmadreams","isPartOf":{"@id":"https:\/\/pharmadreams.shop\/#website"},"primaryImageOfPage":{"@id":"https:\/\/pharmadreams.shop\/index.php\/product\/dermacare-huile-seche-parfumee-100ml\/#primaryimage"},"image":{"@id":"https:\/\/pharmadreams.shop\/index.php\/product\/dermacare-huile-seche-parfumee-100ml\/#primaryimage"},"thumbnailUrl":"https:\/\/pharmadreams.shop\/wp-content\/uploads\/2024\/06\/dermacare-huile-seche-parfumee-100ml.webp","datePublished":"2024-06-20T22:06:42+00:00","dateModified":"2024-06-20T22:06:42+00:00","breadcrumb":{"@id":"https:\/\/pharmadreams.shop\/index.php\/product\/dermacare-huile-seche-parfumee-100ml\/#breadcrumb"},"inLanguage":"fr-FR","potentialAction":[{"@type":"ReadAction","target":["https:\/\/pharmadreams.shop\/index.php\/product\/dermacare-huile-seche-parfumee-100ml\/"]}]},{"@type":"ImageObject","inLanguage":"fr-FR","@id":"https:\/\/pharmadreams.shop\/index.php\/product\/dermacare-huile-seche-parfumee-100ml\/#primaryimage","url":"https:\/\/pharmadreams.shop\/wp-content\/uploads\/2024\/06\/dermacare-huile-seche-parfumee-100ml.webp","contentUrl":"https:\/\/pharmadreams.shop\/wp-content\/uploads\/2024\/06\/dermacare-huile-seche-parfumee-100ml.webp","width":1555,"height":1600},{"@type":"BreadcrumbList","@id":"https:\/\/pharmadreams.shop\/index.php\/product\/dermacare-huile-seche-parfumee-100ml\/#breadcrumb","itemListElement":[{"@type":"ListItem","position":1,"name":"Accueil","item":"https:\/\/pharmadreams.shop\/"},{"@type":"ListItem","position":2,"name":"Shop","item":"https:\/\/pharmadreams.shop\/index.php\/shop\/"},{"@type":"ListItem","position":3,"name":"Dermacare Huile S\u00e8che Parfum\u00e9e 100ml"}]},{"@type":"WebSite","@id":"https:\/\/pharmadreams.shop\/#website","url":"https:\/\/pharmadreams.shop\/","name":"pharmadreams","description":"Parapharmacie en ligne","potentialAction":[{"@type":"SearchAction","target":{"@type":"EntryPoint","urlTemplate":"https:\/\/pharmadreams.shop\/?s={search_term_string}"},"query-input":"required name=search_term_string"}],"inLanguage":"fr-FR"}]}},"_links":{"self":[{"href":"https:\/\/pharmadreams.shop\/index.php\/wp-json\/wp\/v2\/product\/18731","targetHints":{"allow":["GET"]}}],"collection":[{"href":"https:\/\/pharmadreams.shop\/index.php\/wp-json\/wp\/v2\/product"}],"about":[{"href":"https:\/\/pharmadreams.shop\/index.php\/wp-json\/wp\/v2\/types\/product"}],"replies":[{"embeddable":true,"href":"https:\/\/pharmadreams.shop\/index.php\/wp-json\/wp\/v2\/comments?post=18731"}],"version-history":[{"count":0,"href":"https:\/\/pharmadreams.shop\/index.php\/wp-json\/wp\/v2\/product\/18731\/revisions"}],"wp:featuredmedia":[{"embeddable":true,"href":"https:\/\/pharmadreams.shop\/index.php\/wp-json\/wp\/v2\/media\/18728"}],"wp:attachment":[{"href":"https:\/\/pharmadreams.shop\/index.php\/wp-json\/wp\/v2\/media?parent=18731"}],"wp:term":[{"taxonomy":"product_brand","embeddable":true,"href":"https:\/\/pharmadreams.shop\/index.php\/wp-json\/wp\/v2\/product_brand?post=18731"},{"taxonomy":"product_cat","embeddable":true,"href":"https:\/\/pharmadreams.shop\/index.php\/wp-json\/wp\/v2\/product_cat?post=18731"},{"taxonomy":"product_tag","embeddable":true,"href":"https:\/\/pharmadreams.shop\/index.php\/wp-json\/wp\/v2\/product_tag?post=18731"}],"curies":[{"name":"wp","href":"https:\/\/api.w.org\/{rel}","templated":true}]}}