{"id":18745,"date":"2024-06-27T10:33:01","date_gmt":"2024-06-27T09:33:01","guid":{"rendered":"https:\/\/pharmadreams.shop\/?post_type=product&#038;p=18745"},"modified":"2024-06-27T10:33:01","modified_gmt":"2024-06-27T09:33:01","slug":"hyfac-sun-protection-solaire-teintee-spf50-40ml-2","status":"publish","type":"product","link":"https:\/\/pharmadreams.shop\/index.php\/product\/hyfac-sun-protection-solaire-teintee-spf50-40ml-2\/","title":{"rendered":"HYFAC SUN PROTECTION SOLAIRE TEINTEE SPF50 40ML"},"content":{"rendered":"","protected":false},"excerpt":{"rendered":"<p>HYFAC Sun Protection solaire Teint\u00e9e SPF50 Toucher sec Anti-pollution Visage 40 ml.<\/p>\n<p>Le soin de protection solaire teint\u00e9 Hyfac Sun offre une haute protection solaire SPF50 pour les peaux les plus fragiles.<br \/>\nLes extraits de graines de Moringa sont r\u00e9put\u00e9s pour faciliter la protection de l&rsquo;\u00e9piderme. Cette cr\u00e8me vous assure une protection optimale contre le soleil et les agressions ext\u00e9rieures ainsi que la lumi\u00e8re bleue. Elle contient des pigments rouges et noirs qui absorbent en partie les rayons bleus et violets.<br \/>\nSa texture non grasse, offre un toucher sec et ne laisse aucune trace blanche.<\/p>\n","protected":false},"featured_media":18746,"comment_status":"open","ping_status":"closed","template":"","meta":[],"product_brand":[],"product_cat":[231,20],"product_tag":[],"class_list":{"0":"post-18745","1":"product","2":"type-product","3":"status-publish","4":"has-post-thumbnail","6":"product_cat-ecran-solaire","7":"product_cat-visage","9":"first","10":"instock","11":"shipping-taxable","12":"purchasable","13":"product-type-simple"},"yoast_head":"<!-- This site is optimized with the Yoast SEO plugin v23.0 - https:\/\/yoast.com\/wordpress\/plugins\/seo\/ -->\n<title>HYFAC SUN PROTECTION SOLAIRE TEINTEE SPF50 40ML - pharmadreams<\/title>\n<meta name=\"robots\" content=\"index, follow, max-snippet:-1, max-image-preview:large, max-video-preview:-1\" \/>\n<link rel=\"canonical\" href=\"https:\/\/pharmadreams.shop\/index.php\/product\/hyfac-sun-protection-solaire-teintee-spf50-40ml-2\/\" \/>\n<meta property=\"og:locale\" content=\"fr_FR\" \/>\n<meta property=\"og:type\" content=\"article\" \/>\n<meta property=\"og:title\" content=\"HYFAC SUN PROTECTION SOLAIRE TEINTEE SPF50 40ML - pharmadreams\" \/>\n<meta property=\"og:description\" content=\"HYFAC Sun Protection solaire Teint\u00e9e SPF50 Toucher sec Anti-pollution Visage 40 ml.  Le soin de protection solaire teint\u00e9 Hyfac Sun offre une haute protection solaire SPF50 pour les peaux les plus fragiles. Les extraits de graines de Moringa sont r\u00e9put\u00e9s pour faciliter la protection de l&#039;\u00e9piderme. Cette cr\u00e8me vous assure une protection optimale contre le soleil et les agressions ext\u00e9rieures ainsi que la lumi\u00e8re bleue. Elle contient des pigments rouges et noirs qui absorbent en partie les rayons bleus et violets. Sa texture non grasse, offre un toucher sec et ne laisse aucune trace blanche.\" \/>\n<meta property=\"og:url\" content=\"https:\/\/pharmadreams.shop\/index.php\/product\/hyfac-sun-protection-solaire-teintee-spf50-40ml-2\/\" \/>\n<meta property=\"og:site_name\" content=\"pharmadreams\" \/>\n<meta property=\"og:image\" content=\"https:\/\/pharmadreams.shop\/wp-content\/uploads\/2024\/06\/hyfac-sun-protection-solaire-teintee-spf50-40ml.jpg\" \/>\n\t<meta property=\"og:image:width\" content=\"500\" \/>\n\t<meta property=\"og:image:height\" content=\"500\" \/>\n\t<meta property=\"og:image:type\" content=\"image\/jpeg\" \/>\n<meta name=\"twitter:card\" content=\"summary_large_image\" \/>\n<meta name=\"twitter:label1\" content=\"Dur\u00e9e de lecture estim\u00e9e\" \/>\n\t<meta name=\"twitter:data1\" content=\"1 minute\" \/>\n<script type=\"application\/ld+json\" class=\"yoast-schema-graph\">{\"@context\":\"https:\/\/schema.org\",\"@graph\":[{\"@type\":\"WebPage\",\"@id\":\"https:\/\/pharmadreams.shop\/index.php\/product\/hyfac-sun-protection-solaire-teintee-spf50-40ml-2\/\",\"url\":\"https:\/\/pharmadreams.shop\/index.php\/product\/hyfac-sun-protection-solaire-teintee-spf50-40ml-2\/\",\"name\":\"HYFAC SUN PROTECTION SOLAIRE TEINTEE SPF50 40ML - pharmadreams\",\"isPartOf\":{\"@id\":\"https:\/\/pharmadreams.shop\/#website\"},\"primaryImageOfPage\":{\"@id\":\"https:\/\/pharmadreams.shop\/index.php\/product\/hyfac-sun-protection-solaire-teintee-spf50-40ml-2\/#primaryimage\"},\"image\":{\"@id\":\"https:\/\/pharmadreams.shop\/index.php\/product\/hyfac-sun-protection-solaire-teintee-spf50-40ml-2\/#primaryimage\"},\"thumbnailUrl\":\"https:\/\/pharmadreams.shop\/wp-content\/uploads\/2024\/06\/hyfac-sun-protection-solaire-teintee-spf50-40ml.jpg\",\"datePublished\":\"2024-06-27T09:33:01+00:00\",\"dateModified\":\"2024-06-27T09:33:01+00:00\",\"breadcrumb\":{\"@id\":\"https:\/\/pharmadreams.shop\/index.php\/product\/hyfac-sun-protection-solaire-teintee-spf50-40ml-2\/#breadcrumb\"},\"inLanguage\":\"fr-FR\",\"potentialAction\":[{\"@type\":\"ReadAction\",\"target\":[\"https:\/\/pharmadreams.shop\/index.php\/product\/hyfac-sun-protection-solaire-teintee-spf50-40ml-2\/\"]}]},{\"@type\":\"ImageObject\",\"inLanguage\":\"fr-FR\",\"@id\":\"https:\/\/pharmadreams.shop\/index.php\/product\/hyfac-sun-protection-solaire-teintee-spf50-40ml-2\/#primaryimage\",\"url\":\"https:\/\/pharmadreams.shop\/wp-content\/uploads\/2024\/06\/hyfac-sun-protection-solaire-teintee-spf50-40ml.jpg\",\"contentUrl\":\"https:\/\/pharmadreams.shop\/wp-content\/uploads\/2024\/06\/hyfac-sun-protection-solaire-teintee-spf50-40ml.jpg\",\"width\":500,\"height\":500},{\"@type\":\"BreadcrumbList\",\"@id\":\"https:\/\/pharmadreams.shop\/index.php\/product\/hyfac-sun-protection-solaire-teintee-spf50-40ml-2\/#breadcrumb\",\"itemListElement\":[{\"@type\":\"ListItem\",\"position\":1,\"name\":\"Accueil\",\"item\":\"https:\/\/pharmadreams.shop\/\"},{\"@type\":\"ListItem\",\"position\":2,\"name\":\"Shop\",\"item\":\"https:\/\/pharmadreams.shop\/index.php\/shop\/\"},{\"@type\":\"ListItem\",\"position\":3,\"name\":\"HYFAC SUN PROTECTION SOLAIRE TEINTEE SPF50 40ML\"}]},{\"@type\":\"WebSite\",\"@id\":\"https:\/\/pharmadreams.shop\/#website\",\"url\":\"https:\/\/pharmadreams.shop\/\",\"name\":\"pharmadreams\",\"description\":\"Parapharmacie en ligne\",\"potentialAction\":[{\"@type\":\"SearchAction\",\"target\":{\"@type\":\"EntryPoint\",\"urlTemplate\":\"https:\/\/pharmadreams.shop\/?s={search_term_string}\"},\"query-input\":\"required name=search_term_string\"}],\"inLanguage\":\"fr-FR\"}]}<\/script>\n<!-- \/ Yoast SEO plugin. -->","yoast_head_json":{"title":"HYFAC SUN PROTECTION SOLAIRE TEINTEE SPF50 40ML - pharmadreams","robots":{"index":"index","follow":"follow","max-snippet":"max-snippet:-1","max-image-preview":"max-image-preview:large","max-video-preview":"max-video-preview:-1"},"canonical":"https:\/\/pharmadreams.shop\/index.php\/product\/hyfac-sun-protection-solaire-teintee-spf50-40ml-2\/","og_locale":"fr_FR","og_type":"article","og_title":"HYFAC SUN PROTECTION SOLAIRE TEINTEE SPF50 40ML - pharmadreams","og_description":"HYFAC Sun Protection solaire Teint\u00e9e SPF50 Toucher sec Anti-pollution Visage 40 ml.  Le soin de protection solaire teint\u00e9 Hyfac Sun offre une haute protection solaire SPF50 pour les peaux les plus fragiles. Les extraits de graines de Moringa sont r\u00e9put\u00e9s pour faciliter la protection de l'\u00e9piderme. Cette cr\u00e8me vous assure une protection optimale contre le soleil et les agressions ext\u00e9rieures ainsi que la lumi\u00e8re bleue. Elle contient des pigments rouges et noirs qui absorbent en partie les rayons bleus et violets. Sa texture non grasse, offre un toucher sec et ne laisse aucune trace blanche.","og_url":"https:\/\/pharmadreams.shop\/index.php\/product\/hyfac-sun-protection-solaire-teintee-spf50-40ml-2\/","og_site_name":"pharmadreams","og_image":[{"width":500,"height":500,"url":"https:\/\/pharmadreams.shop\/wp-content\/uploads\/2024\/06\/hyfac-sun-protection-solaire-teintee-spf50-40ml.jpg","type":"image\/jpeg"}],"twitter_card":"summary_large_image","twitter_misc":{"Dur\u00e9e de lecture estim\u00e9e":"1 minute"},"schema":{"@context":"https:\/\/schema.org","@graph":[{"@type":"WebPage","@id":"https:\/\/pharmadreams.shop\/index.php\/product\/hyfac-sun-protection-solaire-teintee-spf50-40ml-2\/","url":"https:\/\/pharmadreams.shop\/index.php\/product\/hyfac-sun-protection-solaire-teintee-spf50-40ml-2\/","name":"HYFAC SUN PROTECTION SOLAIRE TEINTEE SPF50 40ML - pharmadreams","isPartOf":{"@id":"https:\/\/pharmadreams.shop\/#website"},"primaryImageOfPage":{"@id":"https:\/\/pharmadreams.shop\/index.php\/product\/hyfac-sun-protection-solaire-teintee-spf50-40ml-2\/#primaryimage"},"image":{"@id":"https:\/\/pharmadreams.shop\/index.php\/product\/hyfac-sun-protection-solaire-teintee-spf50-40ml-2\/#primaryimage"},"thumbnailUrl":"https:\/\/pharmadreams.shop\/wp-content\/uploads\/2024\/06\/hyfac-sun-protection-solaire-teintee-spf50-40ml.jpg","datePublished":"2024-06-27T09:33:01+00:00","dateModified":"2024-06-27T09:33:01+00:00","breadcrumb":{"@id":"https:\/\/pharmadreams.shop\/index.php\/product\/hyfac-sun-protection-solaire-teintee-spf50-40ml-2\/#breadcrumb"},"inLanguage":"fr-FR","potentialAction":[{"@type":"ReadAction","target":["https:\/\/pharmadreams.shop\/index.php\/product\/hyfac-sun-protection-solaire-teintee-spf50-40ml-2\/"]}]},{"@type":"ImageObject","inLanguage":"fr-FR","@id":"https:\/\/pharmadreams.shop\/index.php\/product\/hyfac-sun-protection-solaire-teintee-spf50-40ml-2\/#primaryimage","url":"https:\/\/pharmadreams.shop\/wp-content\/uploads\/2024\/06\/hyfac-sun-protection-solaire-teintee-spf50-40ml.jpg","contentUrl":"https:\/\/pharmadreams.shop\/wp-content\/uploads\/2024\/06\/hyfac-sun-protection-solaire-teintee-spf50-40ml.jpg","width":500,"height":500},{"@type":"BreadcrumbList","@id":"https:\/\/pharmadreams.shop\/index.php\/product\/hyfac-sun-protection-solaire-teintee-spf50-40ml-2\/#breadcrumb","itemListElement":[{"@type":"ListItem","position":1,"name":"Accueil","item":"https:\/\/pharmadreams.shop\/"},{"@type":"ListItem","position":2,"name":"Shop","item":"https:\/\/pharmadreams.shop\/index.php\/shop\/"},{"@type":"ListItem","position":3,"name":"HYFAC SUN PROTECTION SOLAIRE TEINTEE SPF50 40ML"}]},{"@type":"WebSite","@id":"https:\/\/pharmadreams.shop\/#website","url":"https:\/\/pharmadreams.shop\/","name":"pharmadreams","description":"Parapharmacie en ligne","potentialAction":[{"@type":"SearchAction","target":{"@type":"EntryPoint","urlTemplate":"https:\/\/pharmadreams.shop\/?s={search_term_string}"},"query-input":"required name=search_term_string"}],"inLanguage":"fr-FR"}]}},"_links":{"self":[{"href":"https:\/\/pharmadreams.shop\/index.php\/wp-json\/wp\/v2\/product\/18745","targetHints":{"allow":["GET"]}}],"collection":[{"href":"https:\/\/pharmadreams.shop\/index.php\/wp-json\/wp\/v2\/product"}],"about":[{"href":"https:\/\/pharmadreams.shop\/index.php\/wp-json\/wp\/v2\/types\/product"}],"replies":[{"embeddable":true,"href":"https:\/\/pharmadreams.shop\/index.php\/wp-json\/wp\/v2\/comments?post=18745"}],"version-history":[{"count":0,"href":"https:\/\/pharmadreams.shop\/index.php\/wp-json\/wp\/v2\/product\/18745\/revisions"}],"wp:featuredmedia":[{"embeddable":true,"href":"https:\/\/pharmadreams.shop\/index.php\/wp-json\/wp\/v2\/media\/18746"}],"wp:attachment":[{"href":"https:\/\/pharmadreams.shop\/index.php\/wp-json\/wp\/v2\/media?parent=18745"}],"wp:term":[{"taxonomy":"product_brand","embeddable":true,"href":"https:\/\/pharmadreams.shop\/index.php\/wp-json\/wp\/v2\/product_brand?post=18745"},{"taxonomy":"product_cat","embeddable":true,"href":"https:\/\/pharmadreams.shop\/index.php\/wp-json\/wp\/v2\/product_cat?post=18745"},{"taxonomy":"product_tag","embeddable":true,"href":"https:\/\/pharmadreams.shop\/index.php\/wp-json\/wp\/v2\/product_tag?post=18745"}],"curies":[{"name":"wp","href":"https:\/\/api.w.org\/{rel}","templated":true}]}}