{"id":18781,"date":"2024-08-26T15:25:06","date_gmt":"2024-08-26T14:25:06","guid":{"rendered":"https:\/\/pharmadreams.shop\/?post_type=product&#038;p=18781"},"modified":"2024-08-26T15:25:06","modified_gmt":"2024-08-26T14:25:06","slug":"pin-up-secret-lait-demaquillant-200ml","status":"publish","type":"product","link":"https:\/\/pharmadreams.shop\/index.php\/product\/pin-up-secret-lait-demaquillant-200ml\/","title":{"rendered":"PIN UP SECRET LAIT DEMAQUILLANT 200ML"},"content":{"rendered":"","protected":false},"excerpt":{"rendered":"<p style=\"font-weight: 400;\">Le SECRET D\u00e9maquillant est un lait d\u00e9maquillant onctueux. Riche en eau florale de rose de Damas et feuille d&rsquo;hamam\u00e9lis. Con\u00e7ue pour peau normale \u00e0 grasse. Il permet:<\/p>\n<p style=\"font-weight: 400;\">D&rsquo;Hydrater, d&rsquo;apaiser et donner de l&rsquo;\u00e9clat \u00e0 la peau.<\/p>\n<p style=\"font-weight: 400;\">Prot\u00e9ger la peau des agressions ext\u00e9rieures et R\u00e9guler l&rsquo;exc\u00e8s de s\u00e9bum.<\/p>\n<p style=\"font-weight: 400;\">D&rsquo;\u00c9liminer le maquillage et les impuret\u00e9s de la peau du visage.<\/p>\n<p style=\"font-weight: 400;\">Secret D\u00e9maquillant est un lait onctueux, doux et ultra frais. Il est enrichi en eau florale de rose de Damas qui lui procure un parfum unique et tr\u00e8s agr\u00e9able, ainsi qu&rsquo;en eau de feuille d\u2019hamam\u00e9lis. Ces eaux d\u2019origine naturelle poss\u00e8dent de multiples vertus hydratantes, apaisantes et rafra\u00eechissantes, et prot\u00e8gent la peau des effets n\u00e9fastes dont sont responsables les facteurs externes. Secret D\u00e9maquillant \u00e9limine efficacement et en douceur le maquillage et les impuret\u00e9s. Tout en prot\u00e9geant votre peau, il vous apporte une sensation de bien-\u00eatre et de confort.<\/p>\n","protected":false},"featured_media":18782,"comment_status":"open","ping_status":"closed","template":"","meta":[],"product_brand":[],"product_cat":[224,20],"product_tag":[],"class_list":{"0":"post-18781","1":"product","2":"type-product","3":"status-publish","4":"has-post-thumbnail","6":"product_cat-lait-demaquillant","7":"product_cat-visage","9":"first","10":"instock","11":"shipping-taxable","12":"purchasable","13":"product-type-simple"},"yoast_head":"<!-- This site is optimized with the Yoast SEO plugin v23.0 - https:\/\/yoast.com\/wordpress\/plugins\/seo\/ -->\n<title>PIN UP SECRET LAIT DEMAQUILLANT 200ML - pharmadreams<\/title>\n<meta name=\"robots\" content=\"index, follow, max-snippet:-1, max-image-preview:large, max-video-preview:-1\" \/>\n<link rel=\"canonical\" href=\"https:\/\/pharmadreams.shop\/index.php\/product\/pin-up-secret-lait-demaquillant-200ml\/\" \/>\n<meta property=\"og:locale\" content=\"fr_FR\" \/>\n<meta property=\"og:type\" content=\"article\" \/>\n<meta property=\"og:title\" content=\"PIN UP SECRET LAIT DEMAQUILLANT 200ML - pharmadreams\" \/>\n<meta property=\"og:description\" content=\"Le SECRET D\u00e9maquillant est un lait d\u00e9maquillant onctueux. Riche en eau florale de rose de Damas et feuille d&#039;hamam\u00e9lis. Con\u00e7ue pour peau normale \u00e0 grasse. Il permet: D&#039;Hydrater, d&#039;apaiser et donner de l&#039;\u00e9clat \u00e0 la peau. Prot\u00e9ger la peau des agressions ext\u00e9rieures et R\u00e9guler l&#039;exc\u00e8s de s\u00e9bum. D&#039;\u00c9liminer le maquillage et les impuret\u00e9s de la peau du visage. Secret D\u00e9maquillant est un lait onctueux, doux et ultra frais. Il est enrichi en eau florale de rose de Damas qui lui procure un parfum unique et tr\u00e8s agr\u00e9able, ainsi qu&#039;en eau de feuille d\u2019hamam\u00e9lis. Ces eaux d\u2019origine naturelle poss\u00e8dent de multiples vertus hydratantes, apaisantes et rafra\u00eechissantes, et prot\u00e8gent la peau des effets n\u00e9fastes dont sont responsables les facteurs externes. Secret D\u00e9maquillant \u00e9limine efficacement et en douceur le maquillage et les impuret\u00e9s. Tout en prot\u00e9geant votre peau, il vous apporte une sensation de bien-\u00eatre et de confort.\" \/>\n<meta property=\"og:url\" content=\"https:\/\/pharmadreams.shop\/index.php\/product\/pin-up-secret-lait-demaquillant-200ml\/\" \/>\n<meta property=\"og:site_name\" content=\"pharmadreams\" \/>\n<meta property=\"og:image\" content=\"https:\/\/pharmadreams.shop\/wp-content\/uploads\/2024\/08\/pin-up-secret-lait-demaquillant-200ml.jpg\" \/>\n\t<meta property=\"og:image:width\" content=\"500\" \/>\n\t<meta property=\"og:image:height\" content=\"500\" \/>\n\t<meta property=\"og:image:type\" content=\"image\/jpeg\" \/>\n<meta name=\"twitter:card\" content=\"summary_large_image\" \/>\n<meta name=\"twitter:label1\" content=\"Dur\u00e9e de lecture estim\u00e9e\" \/>\n\t<meta name=\"twitter:data1\" content=\"1 minute\" \/>\n<script type=\"application\/ld+json\" class=\"yoast-schema-graph\">{\"@context\":\"https:\/\/schema.org\",\"@graph\":[{\"@type\":\"WebPage\",\"@id\":\"https:\/\/pharmadreams.shop\/index.php\/product\/pin-up-secret-lait-demaquillant-200ml\/\",\"url\":\"https:\/\/pharmadreams.shop\/index.php\/product\/pin-up-secret-lait-demaquillant-200ml\/\",\"name\":\"PIN UP SECRET LAIT DEMAQUILLANT 200ML - pharmadreams\",\"isPartOf\":{\"@id\":\"https:\/\/pharmadreams.shop\/#website\"},\"primaryImageOfPage\":{\"@id\":\"https:\/\/pharmadreams.shop\/index.php\/product\/pin-up-secret-lait-demaquillant-200ml\/#primaryimage\"},\"image\":{\"@id\":\"https:\/\/pharmadreams.shop\/index.php\/product\/pin-up-secret-lait-demaquillant-200ml\/#primaryimage\"},\"thumbnailUrl\":\"https:\/\/pharmadreams.shop\/wp-content\/uploads\/2024\/08\/pin-up-secret-lait-demaquillant-200ml.jpg\",\"datePublished\":\"2024-08-26T14:25:06+00:00\",\"dateModified\":\"2024-08-26T14:25:06+00:00\",\"breadcrumb\":{\"@id\":\"https:\/\/pharmadreams.shop\/index.php\/product\/pin-up-secret-lait-demaquillant-200ml\/#breadcrumb\"},\"inLanguage\":\"fr-FR\",\"potentialAction\":[{\"@type\":\"ReadAction\",\"target\":[\"https:\/\/pharmadreams.shop\/index.php\/product\/pin-up-secret-lait-demaquillant-200ml\/\"]}]},{\"@type\":\"ImageObject\",\"inLanguage\":\"fr-FR\",\"@id\":\"https:\/\/pharmadreams.shop\/index.php\/product\/pin-up-secret-lait-demaquillant-200ml\/#primaryimage\",\"url\":\"https:\/\/pharmadreams.shop\/wp-content\/uploads\/2024\/08\/pin-up-secret-lait-demaquillant-200ml.jpg\",\"contentUrl\":\"https:\/\/pharmadreams.shop\/wp-content\/uploads\/2024\/08\/pin-up-secret-lait-demaquillant-200ml.jpg\",\"width\":500,\"height\":500},{\"@type\":\"BreadcrumbList\",\"@id\":\"https:\/\/pharmadreams.shop\/index.php\/product\/pin-up-secret-lait-demaquillant-200ml\/#breadcrumb\",\"itemListElement\":[{\"@type\":\"ListItem\",\"position\":1,\"name\":\"Accueil\",\"item\":\"https:\/\/pharmadreams.shop\/\"},{\"@type\":\"ListItem\",\"position\":2,\"name\":\"Shop\",\"item\":\"https:\/\/pharmadreams.shop\/index.php\/shop\/\"},{\"@type\":\"ListItem\",\"position\":3,\"name\":\"PIN UP SECRET LAIT DEMAQUILLANT 200ML\"}]},{\"@type\":\"WebSite\",\"@id\":\"https:\/\/pharmadreams.shop\/#website\",\"url\":\"https:\/\/pharmadreams.shop\/\",\"name\":\"pharmadreams\",\"description\":\"Parapharmacie en ligne\",\"potentialAction\":[{\"@type\":\"SearchAction\",\"target\":{\"@type\":\"EntryPoint\",\"urlTemplate\":\"https:\/\/pharmadreams.shop\/?s={search_term_string}\"},\"query-input\":\"required name=search_term_string\"}],\"inLanguage\":\"fr-FR\"}]}<\/script>\n<!-- \/ Yoast SEO plugin. -->","yoast_head_json":{"title":"PIN UP SECRET LAIT DEMAQUILLANT 200ML - pharmadreams","robots":{"index":"index","follow":"follow","max-snippet":"max-snippet:-1","max-image-preview":"max-image-preview:large","max-video-preview":"max-video-preview:-1"},"canonical":"https:\/\/pharmadreams.shop\/index.php\/product\/pin-up-secret-lait-demaquillant-200ml\/","og_locale":"fr_FR","og_type":"article","og_title":"PIN UP SECRET LAIT DEMAQUILLANT 200ML - pharmadreams","og_description":"Le SECRET D\u00e9maquillant est un lait d\u00e9maquillant onctueux. Riche en eau florale de rose de Damas et feuille d'hamam\u00e9lis. Con\u00e7ue pour peau normale \u00e0 grasse. Il permet: D'Hydrater, d'apaiser et donner de l'\u00e9clat \u00e0 la peau. Prot\u00e9ger la peau des agressions ext\u00e9rieures et R\u00e9guler l'exc\u00e8s de s\u00e9bum. D'\u00c9liminer le maquillage et les impuret\u00e9s de la peau du visage. Secret D\u00e9maquillant est un lait onctueux, doux et ultra frais. Il est enrichi en eau florale de rose de Damas qui lui procure un parfum unique et tr\u00e8s agr\u00e9able, ainsi qu'en eau de feuille d\u2019hamam\u00e9lis. Ces eaux d\u2019origine naturelle poss\u00e8dent de multiples vertus hydratantes, apaisantes et rafra\u00eechissantes, et prot\u00e8gent la peau des effets n\u00e9fastes dont sont responsables les facteurs externes. Secret D\u00e9maquillant \u00e9limine efficacement et en douceur le maquillage et les impuret\u00e9s. Tout en prot\u00e9geant votre peau, il vous apporte une sensation de bien-\u00eatre et de confort.","og_url":"https:\/\/pharmadreams.shop\/index.php\/product\/pin-up-secret-lait-demaquillant-200ml\/","og_site_name":"pharmadreams","og_image":[{"width":500,"height":500,"url":"https:\/\/pharmadreams.shop\/wp-content\/uploads\/2024\/08\/pin-up-secret-lait-demaquillant-200ml.jpg","type":"image\/jpeg"}],"twitter_card":"summary_large_image","twitter_misc":{"Dur\u00e9e de lecture estim\u00e9e":"1 minute"},"schema":{"@context":"https:\/\/schema.org","@graph":[{"@type":"WebPage","@id":"https:\/\/pharmadreams.shop\/index.php\/product\/pin-up-secret-lait-demaquillant-200ml\/","url":"https:\/\/pharmadreams.shop\/index.php\/product\/pin-up-secret-lait-demaquillant-200ml\/","name":"PIN UP SECRET LAIT DEMAQUILLANT 200ML - pharmadreams","isPartOf":{"@id":"https:\/\/pharmadreams.shop\/#website"},"primaryImageOfPage":{"@id":"https:\/\/pharmadreams.shop\/index.php\/product\/pin-up-secret-lait-demaquillant-200ml\/#primaryimage"},"image":{"@id":"https:\/\/pharmadreams.shop\/index.php\/product\/pin-up-secret-lait-demaquillant-200ml\/#primaryimage"},"thumbnailUrl":"https:\/\/pharmadreams.shop\/wp-content\/uploads\/2024\/08\/pin-up-secret-lait-demaquillant-200ml.jpg","datePublished":"2024-08-26T14:25:06+00:00","dateModified":"2024-08-26T14:25:06+00:00","breadcrumb":{"@id":"https:\/\/pharmadreams.shop\/index.php\/product\/pin-up-secret-lait-demaquillant-200ml\/#breadcrumb"},"inLanguage":"fr-FR","potentialAction":[{"@type":"ReadAction","target":["https:\/\/pharmadreams.shop\/index.php\/product\/pin-up-secret-lait-demaquillant-200ml\/"]}]},{"@type":"ImageObject","inLanguage":"fr-FR","@id":"https:\/\/pharmadreams.shop\/index.php\/product\/pin-up-secret-lait-demaquillant-200ml\/#primaryimage","url":"https:\/\/pharmadreams.shop\/wp-content\/uploads\/2024\/08\/pin-up-secret-lait-demaquillant-200ml.jpg","contentUrl":"https:\/\/pharmadreams.shop\/wp-content\/uploads\/2024\/08\/pin-up-secret-lait-demaquillant-200ml.jpg","width":500,"height":500},{"@type":"BreadcrumbList","@id":"https:\/\/pharmadreams.shop\/index.php\/product\/pin-up-secret-lait-demaquillant-200ml\/#breadcrumb","itemListElement":[{"@type":"ListItem","position":1,"name":"Accueil","item":"https:\/\/pharmadreams.shop\/"},{"@type":"ListItem","position":2,"name":"Shop","item":"https:\/\/pharmadreams.shop\/index.php\/shop\/"},{"@type":"ListItem","position":3,"name":"PIN UP SECRET LAIT DEMAQUILLANT 200ML"}]},{"@type":"WebSite","@id":"https:\/\/pharmadreams.shop\/#website","url":"https:\/\/pharmadreams.shop\/","name":"pharmadreams","description":"Parapharmacie en ligne","potentialAction":[{"@type":"SearchAction","target":{"@type":"EntryPoint","urlTemplate":"https:\/\/pharmadreams.shop\/?s={search_term_string}"},"query-input":"required name=search_term_string"}],"inLanguage":"fr-FR"}]}},"_links":{"self":[{"href":"https:\/\/pharmadreams.shop\/index.php\/wp-json\/wp\/v2\/product\/18781","targetHints":{"allow":["GET"]}}],"collection":[{"href":"https:\/\/pharmadreams.shop\/index.php\/wp-json\/wp\/v2\/product"}],"about":[{"href":"https:\/\/pharmadreams.shop\/index.php\/wp-json\/wp\/v2\/types\/product"}],"replies":[{"embeddable":true,"href":"https:\/\/pharmadreams.shop\/index.php\/wp-json\/wp\/v2\/comments?post=18781"}],"version-history":[{"count":0,"href":"https:\/\/pharmadreams.shop\/index.php\/wp-json\/wp\/v2\/product\/18781\/revisions"}],"wp:featuredmedia":[{"embeddable":true,"href":"https:\/\/pharmadreams.shop\/index.php\/wp-json\/wp\/v2\/media\/18782"}],"wp:attachment":[{"href":"https:\/\/pharmadreams.shop\/index.php\/wp-json\/wp\/v2\/media?parent=18781"}],"wp:term":[{"taxonomy":"product_brand","embeddable":true,"href":"https:\/\/pharmadreams.shop\/index.php\/wp-json\/wp\/v2\/product_brand?post=18781"},{"taxonomy":"product_cat","embeddable":true,"href":"https:\/\/pharmadreams.shop\/index.php\/wp-json\/wp\/v2\/product_cat?post=18781"},{"taxonomy":"product_tag","embeddable":true,"href":"https:\/\/pharmadreams.shop\/index.php\/wp-json\/wp\/v2\/product_tag?post=18781"}],"curies":[{"name":"wp","href":"https:\/\/api.w.org\/{rel}","templated":true}]}}