{"id":18856,"date":"2024-10-21T17:42:17","date_gmt":"2024-10-21T16:42:17","guid":{"rendered":"https:\/\/pharmadreams.shop\/?post_type=product&#038;p=18856"},"modified":"2024-10-21T17:42:18","modified_gmt":"2024-10-21T16:42:18","slug":"phyteal-dpigma-ecran-invisible-spf100-50ml-dpigma-eau-micellaire-a-laloe-vera-150ml-offerte","status":"publish","type":"product","link":"https:\/\/pharmadreams.shop\/index.php\/product\/phyteal-dpigma-ecran-invisible-spf100-50ml-dpigma-eau-micellaire-a-laloe-vera-150ml-offerte\/","title":{"rendered":"PHYTEAL DPIGMA ECRAN INVISIBLE SPF100+ 50ML + DPIGMA EAU MICELLAIRE A L&rsquo;ALOE VERA 150ML OFFERTE"},"content":{"rendered":"","protected":false},"excerpt":{"rendered":"<p>Dpigma \u00e9cran invisible SPF 100+ est un soin solaire hydratant offrant une tr\u00e8s haute protection contre les rayons UV. Sa formule contient 5% de niacinamide pour un teint uniforme et des taches corrig\u00e9es.<\/p>\n<p>Ce soin 5 en 1 prot\u00e8ge, hydrate, \u00e9claircit, et lutte contre les taches et les rides. Il convient \u00e0 tout type de peau et offre une texture l\u00e9g\u00e8re, non collante, non grasse, et sans traces blanches.<\/p>\n<p>Enrichi en huile d&rsquo;argan et extrait d&rsquo;alo\u00e9 vera, il hydrate en profondeur et lutte contre les radicaux libres responsables du vieillissement pr\u00e9matur\u00e9 de la peau.<\/p>\n<p>Ce soin est waterproof, hypoallerg\u00e9nique, sans parab\u00e8ne ni parfum, et convient aux adultes et femmes enceintes.<\/p>\n","protected":false},"featured_media":18857,"comment_status":"open","ping_status":"closed","template":"","meta":[],"product_brand":[],"product_cat":[90,231,233,20],"product_tag":[],"class_list":{"0":"post-18856","1":"product","2":"type-product","3":"status-publish","4":"has-post-thumbnail","6":"product_cat-anti-tache","7":"product_cat-ecran-solaire","8":"product_cat-protection-solaire","9":"product_cat-visage","11":"first","12":"instock","13":"shipping-taxable","14":"purchasable","15":"product-type-simple"},"yoast_head":"<!-- This site is optimized with the Yoast SEO plugin v23.0 - https:\/\/yoast.com\/wordpress\/plugins\/seo\/ -->\n<title>PHYTEAL DPIGMA ECRAN INVISIBLE SPF100+ 50ML + DPIGMA EAU MICELLAIRE A L&#039;ALOE VERA 150ML OFFERTE - pharmadreams<\/title>\n<meta name=\"robots\" content=\"index, follow, max-snippet:-1, max-image-preview:large, max-video-preview:-1\" \/>\n<link rel=\"canonical\" href=\"https:\/\/pharmadreams.shop\/index.php\/product\/phyteal-dpigma-ecran-invisible-spf100-50ml-dpigma-eau-micellaire-a-laloe-vera-150ml-offerte\/\" \/>\n<meta property=\"og:locale\" content=\"fr_FR\" \/>\n<meta property=\"og:type\" content=\"article\" \/>\n<meta property=\"og:title\" content=\"PHYTEAL DPIGMA ECRAN INVISIBLE SPF100+ 50ML + DPIGMA EAU MICELLAIRE A L&#039;ALOE VERA 150ML OFFERTE - pharmadreams\" \/>\n<meta property=\"og:description\" content=\"Dpigma \u00e9cran invisible SPF 100+ est un soin solaire hydratant offrant une tr\u00e8s haute protection contre les rayons UV. Sa formule contient 5% de niacinamide pour un teint uniforme et des taches corrig\u00e9es.  Ce soin 5 en 1 prot\u00e8ge, hydrate, \u00e9claircit, et lutte contre les taches et les rides. Il convient \u00e0 tout type de peau et offre une texture l\u00e9g\u00e8re, non collante, non grasse, et sans traces blanches.  Enrichi en huile d&#039;argan et extrait d&#039;alo\u00e9 vera, il hydrate en profondeur et lutte contre les radicaux libres responsables du vieillissement pr\u00e9matur\u00e9 de la peau.  Ce soin est waterproof, hypoallerg\u00e9nique, sans parab\u00e8ne ni parfum, et convient aux adultes et femmes enceintes.\" \/>\n<meta property=\"og:url\" content=\"https:\/\/pharmadreams.shop\/index.php\/product\/phyteal-dpigma-ecran-invisible-spf100-50ml-dpigma-eau-micellaire-a-laloe-vera-150ml-offerte\/\" \/>\n<meta property=\"og:site_name\" content=\"pharmadreams\" \/>\n<meta property=\"article:modified_time\" content=\"2024-10-21T16:42:18+00:00\" \/>\n<meta property=\"og:image\" content=\"https:\/\/pharmadreams.shop\/wp-content\/uploads\/2024\/10\/phyteal-dpigma-ecran-invisible-spf100-50ml-dpigma-eau-micellaire-a-l-aloe-vera-150ml-offerte.jpg\" \/>\n\t<meta property=\"og:image:width\" content=\"800\" \/>\n\t<meta property=\"og:image:height\" content=\"800\" \/>\n\t<meta property=\"og:image:type\" content=\"image\/jpeg\" \/>\n<meta name=\"twitter:card\" content=\"summary_large_image\" \/>\n<meta name=\"twitter:label1\" content=\"Dur\u00e9e de lecture estim\u00e9e\" \/>\n\t<meta name=\"twitter:data1\" content=\"1 minute\" \/>\n<script type=\"application\/ld+json\" class=\"yoast-schema-graph\">{\"@context\":\"https:\/\/schema.org\",\"@graph\":[{\"@type\":\"WebPage\",\"@id\":\"https:\/\/pharmadreams.shop\/index.php\/product\/phyteal-dpigma-ecran-invisible-spf100-50ml-dpigma-eau-micellaire-a-laloe-vera-150ml-offerte\/\",\"url\":\"https:\/\/pharmadreams.shop\/index.php\/product\/phyteal-dpigma-ecran-invisible-spf100-50ml-dpigma-eau-micellaire-a-laloe-vera-150ml-offerte\/\",\"name\":\"PHYTEAL DPIGMA ECRAN INVISIBLE SPF100+ 50ML + DPIGMA EAU MICELLAIRE A L'ALOE VERA 150ML OFFERTE - pharmadreams\",\"isPartOf\":{\"@id\":\"https:\/\/pharmadreams.shop\/#website\"},\"primaryImageOfPage\":{\"@id\":\"https:\/\/pharmadreams.shop\/index.php\/product\/phyteal-dpigma-ecran-invisible-spf100-50ml-dpigma-eau-micellaire-a-laloe-vera-150ml-offerte\/#primaryimage\"},\"image\":{\"@id\":\"https:\/\/pharmadreams.shop\/index.php\/product\/phyteal-dpigma-ecran-invisible-spf100-50ml-dpigma-eau-micellaire-a-laloe-vera-150ml-offerte\/#primaryimage\"},\"thumbnailUrl\":\"https:\/\/pharmadreams.shop\/wp-content\/uploads\/2024\/10\/phyteal-dpigma-ecran-invisible-spf100-50ml-dpigma-eau-micellaire-a-l-aloe-vera-150ml-offerte.jpg\",\"datePublished\":\"2024-10-21T16:42:17+00:00\",\"dateModified\":\"2024-10-21T16:42:18+00:00\",\"breadcrumb\":{\"@id\":\"https:\/\/pharmadreams.shop\/index.php\/product\/phyteal-dpigma-ecran-invisible-spf100-50ml-dpigma-eau-micellaire-a-laloe-vera-150ml-offerte\/#breadcrumb\"},\"inLanguage\":\"fr-FR\",\"potentialAction\":[{\"@type\":\"ReadAction\",\"target\":[\"https:\/\/pharmadreams.shop\/index.php\/product\/phyteal-dpigma-ecran-invisible-spf100-50ml-dpigma-eau-micellaire-a-laloe-vera-150ml-offerte\/\"]}]},{\"@type\":\"ImageObject\",\"inLanguage\":\"fr-FR\",\"@id\":\"https:\/\/pharmadreams.shop\/index.php\/product\/phyteal-dpigma-ecran-invisible-spf100-50ml-dpigma-eau-micellaire-a-laloe-vera-150ml-offerte\/#primaryimage\",\"url\":\"https:\/\/pharmadreams.shop\/wp-content\/uploads\/2024\/10\/phyteal-dpigma-ecran-invisible-spf100-50ml-dpigma-eau-micellaire-a-l-aloe-vera-150ml-offerte.jpg\",\"contentUrl\":\"https:\/\/pharmadreams.shop\/wp-content\/uploads\/2024\/10\/phyteal-dpigma-ecran-invisible-spf100-50ml-dpigma-eau-micellaire-a-l-aloe-vera-150ml-offerte.jpg\",\"width\":800,\"height\":800},{\"@type\":\"BreadcrumbList\",\"@id\":\"https:\/\/pharmadreams.shop\/index.php\/product\/phyteal-dpigma-ecran-invisible-spf100-50ml-dpigma-eau-micellaire-a-laloe-vera-150ml-offerte\/#breadcrumb\",\"itemListElement\":[{\"@type\":\"ListItem\",\"position\":1,\"name\":\"Accueil\",\"item\":\"https:\/\/pharmadreams.shop\/\"},{\"@type\":\"ListItem\",\"position\":2,\"name\":\"Shop\",\"item\":\"https:\/\/pharmadreams.shop\/index.php\/shop\/\"},{\"@type\":\"ListItem\",\"position\":3,\"name\":\"PHYTEAL DPIGMA ECRAN INVISIBLE SPF100+ 50ML + DPIGMA EAU MICELLAIRE A L&#8217;ALOE VERA 150ML OFFERTE\"}]},{\"@type\":\"WebSite\",\"@id\":\"https:\/\/pharmadreams.shop\/#website\",\"url\":\"https:\/\/pharmadreams.shop\/\",\"name\":\"pharmadreams\",\"description\":\"Parapharmacie en ligne\",\"potentialAction\":[{\"@type\":\"SearchAction\",\"target\":{\"@type\":\"EntryPoint\",\"urlTemplate\":\"https:\/\/pharmadreams.shop\/?s={search_term_string}\"},\"query-input\":\"required name=search_term_string\"}],\"inLanguage\":\"fr-FR\"}]}<\/script>\n<!-- \/ Yoast SEO plugin. -->","yoast_head_json":{"title":"PHYTEAL DPIGMA ECRAN INVISIBLE SPF100+ 50ML + DPIGMA EAU MICELLAIRE A L'ALOE VERA 150ML OFFERTE - pharmadreams","robots":{"index":"index","follow":"follow","max-snippet":"max-snippet:-1","max-image-preview":"max-image-preview:large","max-video-preview":"max-video-preview:-1"},"canonical":"https:\/\/pharmadreams.shop\/index.php\/product\/phyteal-dpigma-ecran-invisible-spf100-50ml-dpigma-eau-micellaire-a-laloe-vera-150ml-offerte\/","og_locale":"fr_FR","og_type":"article","og_title":"PHYTEAL DPIGMA ECRAN INVISIBLE SPF100+ 50ML + DPIGMA EAU MICELLAIRE A L'ALOE VERA 150ML OFFERTE - pharmadreams","og_description":"Dpigma \u00e9cran invisible SPF 100+ est un soin solaire hydratant offrant une tr\u00e8s haute protection contre les rayons UV. Sa formule contient 5% de niacinamide pour un teint uniforme et des taches corrig\u00e9es.  Ce soin 5 en 1 prot\u00e8ge, hydrate, \u00e9claircit, et lutte contre les taches et les rides. Il convient \u00e0 tout type de peau et offre une texture l\u00e9g\u00e8re, non collante, non grasse, et sans traces blanches.  Enrichi en huile d'argan et extrait d'alo\u00e9 vera, il hydrate en profondeur et lutte contre les radicaux libres responsables du vieillissement pr\u00e9matur\u00e9 de la peau.  Ce soin est waterproof, hypoallerg\u00e9nique, sans parab\u00e8ne ni parfum, et convient aux adultes et femmes enceintes.","og_url":"https:\/\/pharmadreams.shop\/index.php\/product\/phyteal-dpigma-ecran-invisible-spf100-50ml-dpigma-eau-micellaire-a-laloe-vera-150ml-offerte\/","og_site_name":"pharmadreams","article_modified_time":"2024-10-21T16:42:18+00:00","og_image":[{"width":800,"height":800,"url":"https:\/\/pharmadreams.shop\/wp-content\/uploads\/2024\/10\/phyteal-dpigma-ecran-invisible-spf100-50ml-dpigma-eau-micellaire-a-l-aloe-vera-150ml-offerte.jpg","type":"image\/jpeg"}],"twitter_card":"summary_large_image","twitter_misc":{"Dur\u00e9e de lecture estim\u00e9e":"1 minute"},"schema":{"@context":"https:\/\/schema.org","@graph":[{"@type":"WebPage","@id":"https:\/\/pharmadreams.shop\/index.php\/product\/phyteal-dpigma-ecran-invisible-spf100-50ml-dpigma-eau-micellaire-a-laloe-vera-150ml-offerte\/","url":"https:\/\/pharmadreams.shop\/index.php\/product\/phyteal-dpigma-ecran-invisible-spf100-50ml-dpigma-eau-micellaire-a-laloe-vera-150ml-offerte\/","name":"PHYTEAL DPIGMA ECRAN INVISIBLE SPF100+ 50ML + DPIGMA EAU MICELLAIRE A L'ALOE VERA 150ML OFFERTE - pharmadreams","isPartOf":{"@id":"https:\/\/pharmadreams.shop\/#website"},"primaryImageOfPage":{"@id":"https:\/\/pharmadreams.shop\/index.php\/product\/phyteal-dpigma-ecran-invisible-spf100-50ml-dpigma-eau-micellaire-a-laloe-vera-150ml-offerte\/#primaryimage"},"image":{"@id":"https:\/\/pharmadreams.shop\/index.php\/product\/phyteal-dpigma-ecran-invisible-spf100-50ml-dpigma-eau-micellaire-a-laloe-vera-150ml-offerte\/#primaryimage"},"thumbnailUrl":"https:\/\/pharmadreams.shop\/wp-content\/uploads\/2024\/10\/phyteal-dpigma-ecran-invisible-spf100-50ml-dpigma-eau-micellaire-a-l-aloe-vera-150ml-offerte.jpg","datePublished":"2024-10-21T16:42:17+00:00","dateModified":"2024-10-21T16:42:18+00:00","breadcrumb":{"@id":"https:\/\/pharmadreams.shop\/index.php\/product\/phyteal-dpigma-ecran-invisible-spf100-50ml-dpigma-eau-micellaire-a-laloe-vera-150ml-offerte\/#breadcrumb"},"inLanguage":"fr-FR","potentialAction":[{"@type":"ReadAction","target":["https:\/\/pharmadreams.shop\/index.php\/product\/phyteal-dpigma-ecran-invisible-spf100-50ml-dpigma-eau-micellaire-a-laloe-vera-150ml-offerte\/"]}]},{"@type":"ImageObject","inLanguage":"fr-FR","@id":"https:\/\/pharmadreams.shop\/index.php\/product\/phyteal-dpigma-ecran-invisible-spf100-50ml-dpigma-eau-micellaire-a-laloe-vera-150ml-offerte\/#primaryimage","url":"https:\/\/pharmadreams.shop\/wp-content\/uploads\/2024\/10\/phyteal-dpigma-ecran-invisible-spf100-50ml-dpigma-eau-micellaire-a-l-aloe-vera-150ml-offerte.jpg","contentUrl":"https:\/\/pharmadreams.shop\/wp-content\/uploads\/2024\/10\/phyteal-dpigma-ecran-invisible-spf100-50ml-dpigma-eau-micellaire-a-l-aloe-vera-150ml-offerte.jpg","width":800,"height":800},{"@type":"BreadcrumbList","@id":"https:\/\/pharmadreams.shop\/index.php\/product\/phyteal-dpigma-ecran-invisible-spf100-50ml-dpigma-eau-micellaire-a-laloe-vera-150ml-offerte\/#breadcrumb","itemListElement":[{"@type":"ListItem","position":1,"name":"Accueil","item":"https:\/\/pharmadreams.shop\/"},{"@type":"ListItem","position":2,"name":"Shop","item":"https:\/\/pharmadreams.shop\/index.php\/shop\/"},{"@type":"ListItem","position":3,"name":"PHYTEAL DPIGMA ECRAN INVISIBLE SPF100+ 50ML + DPIGMA EAU MICELLAIRE A L&#8217;ALOE VERA 150ML OFFERTE"}]},{"@type":"WebSite","@id":"https:\/\/pharmadreams.shop\/#website","url":"https:\/\/pharmadreams.shop\/","name":"pharmadreams","description":"Parapharmacie en ligne","potentialAction":[{"@type":"SearchAction","target":{"@type":"EntryPoint","urlTemplate":"https:\/\/pharmadreams.shop\/?s={search_term_string}"},"query-input":"required name=search_term_string"}],"inLanguage":"fr-FR"}]}},"_links":{"self":[{"href":"https:\/\/pharmadreams.shop\/index.php\/wp-json\/wp\/v2\/product\/18856","targetHints":{"allow":["GET"]}}],"collection":[{"href":"https:\/\/pharmadreams.shop\/index.php\/wp-json\/wp\/v2\/product"}],"about":[{"href":"https:\/\/pharmadreams.shop\/index.php\/wp-json\/wp\/v2\/types\/product"}],"replies":[{"embeddable":true,"href":"https:\/\/pharmadreams.shop\/index.php\/wp-json\/wp\/v2\/comments?post=18856"}],"version-history":[{"count":0,"href":"https:\/\/pharmadreams.shop\/index.php\/wp-json\/wp\/v2\/product\/18856\/revisions"}],"wp:featuredmedia":[{"embeddable":true,"href":"https:\/\/pharmadreams.shop\/index.php\/wp-json\/wp\/v2\/media\/18857"}],"wp:attachment":[{"href":"https:\/\/pharmadreams.shop\/index.php\/wp-json\/wp\/v2\/media?parent=18856"}],"wp:term":[{"taxonomy":"product_brand","embeddable":true,"href":"https:\/\/pharmadreams.shop\/index.php\/wp-json\/wp\/v2\/product_brand?post=18856"},{"taxonomy":"product_cat","embeddable":true,"href":"https:\/\/pharmadreams.shop\/index.php\/wp-json\/wp\/v2\/product_cat?post=18856"},{"taxonomy":"product_tag","embeddable":true,"href":"https:\/\/pharmadreams.shop\/index.php\/wp-json\/wp\/v2\/product_tag?post=18856"}],"curies":[{"name":"wp","href":"https:\/\/api.w.org\/{rel}","templated":true}]}}