{"id":18910,"date":"2024-10-22T17:55:45","date_gmt":"2024-10-22T16:55:45","guid":{"rendered":"https:\/\/pharmadreams.shop\/?post_type=product&#038;p=18910"},"modified":"2024-10-22T17:55:45","modified_gmt":"2024-10-22T16:55:45","slug":"loramel-hyalurosun-spray-capillaire-protecteur-spf50-150ml","status":"publish","type":"product","link":"https:\/\/pharmadreams.shop\/index.php\/product\/loramel-hyalurosun-spray-capillaire-protecteur-spf50-150ml\/","title":{"rendered":"L&rsquo;Oramel Hyalurosun &#8211; Spray capillaire protecteur spf50+ &#8211; 150ml"},"content":{"rendered":"","protected":false},"excerpt":{"rendered":"<p>Spray capillaire qui prot\u00e8ge la fibre capillaire des rayons solaires, chlore de la piscine et sel de mer.<\/p>\n<p>Profitez pleinement du soleil avec des cheveux hautement prot\u00e9g\u00e9s gr\u00e2ce \u00e0 notre spray capillaire anti-UV Hyaluro Sun<\/p>\n<p>Tous types de cheveux<\/p>\n<h2>Conseils d&rsquo;utilisation :<\/h2>\n<ul>\n<li>Appliquer sur L&rsquo;ensemble de la chevelure s\u00e8che ou humide avant L&rsquo;exposition au soleil.<\/li>\n<li>Renouveler fr\u00e9quemment L&rsquo;application notamment apr\u00e8s la baignade.<\/li>\n<li>Sans ringage.<\/li>\n<\/ul>\n","protected":false},"featured_media":18911,"comment_status":"open","ping_status":"closed","template":"","meta":[],"product_brand":[],"product_cat":[53,233],"product_tag":[],"class_list":{"0":"post-18910","1":"product","2":"type-product","3":"status-publish","4":"has-post-thumbnail","6":"product_cat-cheveux","7":"product_cat-protection-solaire","9":"first","10":"instock","11":"shipping-taxable","12":"purchasable","13":"product-type-simple"},"yoast_head":"<!-- This site is optimized with the Yoast SEO plugin v23.0 - https:\/\/yoast.com\/wordpress\/plugins\/seo\/ -->\n<title>L&#039;Oramel Hyalurosun - Spray capillaire protecteur spf50+ - 150ml - pharmadreams<\/title>\n<meta name=\"robots\" content=\"index, follow, max-snippet:-1, max-image-preview:large, max-video-preview:-1\" \/>\n<link rel=\"canonical\" href=\"https:\/\/pharmadreams.shop\/index.php\/product\/loramel-hyalurosun-spray-capillaire-protecteur-spf50-150ml\/\" \/>\n<meta property=\"og:locale\" content=\"fr_FR\" \/>\n<meta property=\"og:type\" content=\"article\" \/>\n<meta property=\"og:title\" content=\"L&#039;Oramel Hyalurosun - Spray capillaire protecteur spf50+ - 150ml - pharmadreams\" \/>\n<meta property=\"og:description\" content=\"Spray capillaire qui prot\u00e8ge la fibre capillaire des rayons solaires, chlore de la piscine et sel de mer.  Profitez pleinement du soleil avec des cheveux hautement prot\u00e9g\u00e9s gr\u00e2ce \u00e0 notre spray capillaire anti-UV Hyaluro Sun  Tous types de cheveux Conseils d&#039;utilisation :   Appliquer sur L&#039;ensemble de la chevelure s\u00e8che ou humide avant L&#039;exposition au soleil.  Renouveler fr\u00e9quemment L&#039;application notamment apr\u00e8s la baignade.  Sans ringage.\" \/>\n<meta property=\"og:url\" content=\"https:\/\/pharmadreams.shop\/index.php\/product\/loramel-hyalurosun-spray-capillaire-protecteur-spf50-150ml\/\" \/>\n<meta property=\"og:site_name\" content=\"pharmadreams\" \/>\n<meta property=\"og:image\" content=\"https:\/\/pharmadreams.shop\/wp-content\/uploads\/2024\/10\/spray-capillaire-protecteur-spf50-l-oramel-hyalurosun-150ml.jpg\" \/>\n\t<meta property=\"og:image:width\" content=\"800\" \/>\n\t<meta property=\"og:image:height\" content=\"800\" \/>\n\t<meta property=\"og:image:type\" content=\"image\/jpeg\" \/>\n<meta name=\"twitter:card\" content=\"summary_large_image\" \/>\n<meta name=\"twitter:label1\" content=\"Dur\u00e9e de lecture estim\u00e9e\" \/>\n\t<meta name=\"twitter:data1\" content=\"1 minute\" \/>\n<script type=\"application\/ld+json\" class=\"yoast-schema-graph\">{\"@context\":\"https:\/\/schema.org\",\"@graph\":[{\"@type\":\"WebPage\",\"@id\":\"https:\/\/pharmadreams.shop\/index.php\/product\/loramel-hyalurosun-spray-capillaire-protecteur-spf50-150ml\/\",\"url\":\"https:\/\/pharmadreams.shop\/index.php\/product\/loramel-hyalurosun-spray-capillaire-protecteur-spf50-150ml\/\",\"name\":\"L'Oramel Hyalurosun - Spray capillaire protecteur spf50+ - 150ml - pharmadreams\",\"isPartOf\":{\"@id\":\"https:\/\/pharmadreams.shop\/#website\"},\"primaryImageOfPage\":{\"@id\":\"https:\/\/pharmadreams.shop\/index.php\/product\/loramel-hyalurosun-spray-capillaire-protecteur-spf50-150ml\/#primaryimage\"},\"image\":{\"@id\":\"https:\/\/pharmadreams.shop\/index.php\/product\/loramel-hyalurosun-spray-capillaire-protecteur-spf50-150ml\/#primaryimage\"},\"thumbnailUrl\":\"https:\/\/pharmadreams.shop\/wp-content\/uploads\/2024\/10\/spray-capillaire-protecteur-spf50-l-oramel-hyalurosun-150ml.jpg\",\"datePublished\":\"2024-10-22T16:55:45+00:00\",\"dateModified\":\"2024-10-22T16:55:45+00:00\",\"breadcrumb\":{\"@id\":\"https:\/\/pharmadreams.shop\/index.php\/product\/loramel-hyalurosun-spray-capillaire-protecteur-spf50-150ml\/#breadcrumb\"},\"inLanguage\":\"fr-FR\",\"potentialAction\":[{\"@type\":\"ReadAction\",\"target\":[\"https:\/\/pharmadreams.shop\/index.php\/product\/loramel-hyalurosun-spray-capillaire-protecteur-spf50-150ml\/\"]}]},{\"@type\":\"ImageObject\",\"inLanguage\":\"fr-FR\",\"@id\":\"https:\/\/pharmadreams.shop\/index.php\/product\/loramel-hyalurosun-spray-capillaire-protecteur-spf50-150ml\/#primaryimage\",\"url\":\"https:\/\/pharmadreams.shop\/wp-content\/uploads\/2024\/10\/spray-capillaire-protecteur-spf50-l-oramel-hyalurosun-150ml.jpg\",\"contentUrl\":\"https:\/\/pharmadreams.shop\/wp-content\/uploads\/2024\/10\/spray-capillaire-protecteur-spf50-l-oramel-hyalurosun-150ml.jpg\",\"width\":800,\"height\":800},{\"@type\":\"BreadcrumbList\",\"@id\":\"https:\/\/pharmadreams.shop\/index.php\/product\/loramel-hyalurosun-spray-capillaire-protecteur-spf50-150ml\/#breadcrumb\",\"itemListElement\":[{\"@type\":\"ListItem\",\"position\":1,\"name\":\"Accueil\",\"item\":\"https:\/\/pharmadreams.shop\/\"},{\"@type\":\"ListItem\",\"position\":2,\"name\":\"Shop\",\"item\":\"https:\/\/pharmadreams.shop\/index.php\/shop\/\"},{\"@type\":\"ListItem\",\"position\":3,\"name\":\"L&#8217;Oramel Hyalurosun &#8211; Spray capillaire protecteur spf50+ &#8211; 150ml\"}]},{\"@type\":\"WebSite\",\"@id\":\"https:\/\/pharmadreams.shop\/#website\",\"url\":\"https:\/\/pharmadreams.shop\/\",\"name\":\"pharmadreams\",\"description\":\"Parapharmacie en ligne\",\"potentialAction\":[{\"@type\":\"SearchAction\",\"target\":{\"@type\":\"EntryPoint\",\"urlTemplate\":\"https:\/\/pharmadreams.shop\/?s={search_term_string}\"},\"query-input\":\"required name=search_term_string\"}],\"inLanguage\":\"fr-FR\"}]}<\/script>\n<!-- \/ Yoast SEO plugin. -->","yoast_head_json":{"title":"L'Oramel Hyalurosun - Spray capillaire protecteur spf50+ - 150ml - pharmadreams","robots":{"index":"index","follow":"follow","max-snippet":"max-snippet:-1","max-image-preview":"max-image-preview:large","max-video-preview":"max-video-preview:-1"},"canonical":"https:\/\/pharmadreams.shop\/index.php\/product\/loramel-hyalurosun-spray-capillaire-protecteur-spf50-150ml\/","og_locale":"fr_FR","og_type":"article","og_title":"L'Oramel Hyalurosun - Spray capillaire protecteur spf50+ - 150ml - pharmadreams","og_description":"Spray capillaire qui prot\u00e8ge la fibre capillaire des rayons solaires, chlore de la piscine et sel de mer.  Profitez pleinement du soleil avec des cheveux hautement prot\u00e9g\u00e9s gr\u00e2ce \u00e0 notre spray capillaire anti-UV Hyaluro Sun  Tous types de cheveux Conseils d'utilisation :   Appliquer sur L'ensemble de la chevelure s\u00e8che ou humide avant L'exposition au soleil.  Renouveler fr\u00e9quemment L'application notamment apr\u00e8s la baignade.  Sans ringage.","og_url":"https:\/\/pharmadreams.shop\/index.php\/product\/loramel-hyalurosun-spray-capillaire-protecteur-spf50-150ml\/","og_site_name":"pharmadreams","og_image":[{"width":800,"height":800,"url":"https:\/\/pharmadreams.shop\/wp-content\/uploads\/2024\/10\/spray-capillaire-protecteur-spf50-l-oramel-hyalurosun-150ml.jpg","type":"image\/jpeg"}],"twitter_card":"summary_large_image","twitter_misc":{"Dur\u00e9e de lecture estim\u00e9e":"1 minute"},"schema":{"@context":"https:\/\/schema.org","@graph":[{"@type":"WebPage","@id":"https:\/\/pharmadreams.shop\/index.php\/product\/loramel-hyalurosun-spray-capillaire-protecteur-spf50-150ml\/","url":"https:\/\/pharmadreams.shop\/index.php\/product\/loramel-hyalurosun-spray-capillaire-protecteur-spf50-150ml\/","name":"L'Oramel Hyalurosun - Spray capillaire protecteur spf50+ - 150ml - pharmadreams","isPartOf":{"@id":"https:\/\/pharmadreams.shop\/#website"},"primaryImageOfPage":{"@id":"https:\/\/pharmadreams.shop\/index.php\/product\/loramel-hyalurosun-spray-capillaire-protecteur-spf50-150ml\/#primaryimage"},"image":{"@id":"https:\/\/pharmadreams.shop\/index.php\/product\/loramel-hyalurosun-spray-capillaire-protecteur-spf50-150ml\/#primaryimage"},"thumbnailUrl":"https:\/\/pharmadreams.shop\/wp-content\/uploads\/2024\/10\/spray-capillaire-protecteur-spf50-l-oramel-hyalurosun-150ml.jpg","datePublished":"2024-10-22T16:55:45+00:00","dateModified":"2024-10-22T16:55:45+00:00","breadcrumb":{"@id":"https:\/\/pharmadreams.shop\/index.php\/product\/loramel-hyalurosun-spray-capillaire-protecteur-spf50-150ml\/#breadcrumb"},"inLanguage":"fr-FR","potentialAction":[{"@type":"ReadAction","target":["https:\/\/pharmadreams.shop\/index.php\/product\/loramel-hyalurosun-spray-capillaire-protecteur-spf50-150ml\/"]}]},{"@type":"ImageObject","inLanguage":"fr-FR","@id":"https:\/\/pharmadreams.shop\/index.php\/product\/loramel-hyalurosun-spray-capillaire-protecteur-spf50-150ml\/#primaryimage","url":"https:\/\/pharmadreams.shop\/wp-content\/uploads\/2024\/10\/spray-capillaire-protecteur-spf50-l-oramel-hyalurosun-150ml.jpg","contentUrl":"https:\/\/pharmadreams.shop\/wp-content\/uploads\/2024\/10\/spray-capillaire-protecteur-spf50-l-oramel-hyalurosun-150ml.jpg","width":800,"height":800},{"@type":"BreadcrumbList","@id":"https:\/\/pharmadreams.shop\/index.php\/product\/loramel-hyalurosun-spray-capillaire-protecteur-spf50-150ml\/#breadcrumb","itemListElement":[{"@type":"ListItem","position":1,"name":"Accueil","item":"https:\/\/pharmadreams.shop\/"},{"@type":"ListItem","position":2,"name":"Shop","item":"https:\/\/pharmadreams.shop\/index.php\/shop\/"},{"@type":"ListItem","position":3,"name":"L&#8217;Oramel Hyalurosun &#8211; Spray capillaire protecteur spf50+ &#8211; 150ml"}]},{"@type":"WebSite","@id":"https:\/\/pharmadreams.shop\/#website","url":"https:\/\/pharmadreams.shop\/","name":"pharmadreams","description":"Parapharmacie en ligne","potentialAction":[{"@type":"SearchAction","target":{"@type":"EntryPoint","urlTemplate":"https:\/\/pharmadreams.shop\/?s={search_term_string}"},"query-input":"required name=search_term_string"}],"inLanguage":"fr-FR"}]}},"_links":{"self":[{"href":"https:\/\/pharmadreams.shop\/index.php\/wp-json\/wp\/v2\/product\/18910","targetHints":{"allow":["GET"]}}],"collection":[{"href":"https:\/\/pharmadreams.shop\/index.php\/wp-json\/wp\/v2\/product"}],"about":[{"href":"https:\/\/pharmadreams.shop\/index.php\/wp-json\/wp\/v2\/types\/product"}],"replies":[{"embeddable":true,"href":"https:\/\/pharmadreams.shop\/index.php\/wp-json\/wp\/v2\/comments?post=18910"}],"version-history":[{"count":0,"href":"https:\/\/pharmadreams.shop\/index.php\/wp-json\/wp\/v2\/product\/18910\/revisions"}],"wp:featuredmedia":[{"embeddable":true,"href":"https:\/\/pharmadreams.shop\/index.php\/wp-json\/wp\/v2\/media\/18911"}],"wp:attachment":[{"href":"https:\/\/pharmadreams.shop\/index.php\/wp-json\/wp\/v2\/media?parent=18910"}],"wp:term":[{"taxonomy":"product_brand","embeddable":true,"href":"https:\/\/pharmadreams.shop\/index.php\/wp-json\/wp\/v2\/product_brand?post=18910"},{"taxonomy":"product_cat","embeddable":true,"href":"https:\/\/pharmadreams.shop\/index.php\/wp-json\/wp\/v2\/product_cat?post=18910"},{"taxonomy":"product_tag","embeddable":true,"href":"https:\/\/pharmadreams.shop\/index.php\/wp-json\/wp\/v2\/product_tag?post=18910"}],"curies":[{"name":"wp","href":"https:\/\/api.w.org\/{rel}","templated":true}]}}