{"id":18951,"date":"2024-10-25T12:32:54","date_gmt":"2024-10-25T11:32:54","guid":{"rendered":"https:\/\/pharmadreams.shop\/?post_type=product&#038;p=18951"},"modified":"2024-10-25T12:32:54","modified_gmt":"2024-10-25T11:32:54","slug":"k-reine-proteine-keratine-primer-200ml","status":"publish","type":"product","link":"https:\/\/pharmadreams.shop\/index.php\/product\/k-reine-proteine-keratine-primer-200ml\/","title":{"rendered":"K-REINE PROT\u00c9INE K\u00c9RATINE PRIMER 200ML"},"content":{"rendered":"","protected":false},"excerpt":{"rendered":"<p>PROTEIN KERATIN PRIMER<\/p>\n<p>Ce primer est sp\u00e9cialement con\u00e7u pour prolonger la dur\u00e9e de votre lissage. Il facilite le d\u00e9m\u00ealage, hydrate et assouplit les cheveux tout en donnant un aspect lisse et soyeux. Ce soin prot\u00e8ge les cheveux contre les outils chauffants, les agressions ext\u00e9rieurs et la d\u00e9gradation de couleurs.<\/p>\n<p>Utilisation :<\/p>\n<p>Appliquer sur cheveux lav\u00e9s et s\u00e9ch\u00e9s. Ne pas rincer, S\u00e9cher au s\u00e8che-cheveux.<\/p>\n<ul>\n<li>SANS RIN\u00c7AGE<\/li>\n<li>Prolongateur de lissage<\/li>\n<li>Anti Humidit\u00e9 Anti Statique<\/li>\n<li>Protection UV<\/li>\n<li>Protection chaleur<\/li>\n<\/ul>\n","protected":false},"featured_media":18952,"comment_status":"open","ping_status":"closed","template":"","meta":[],"product_brand":[],"product_cat":[53],"product_tag":[],"class_list":{"0":"post-18951","1":"product","2":"type-product","3":"status-publish","4":"has-post-thumbnail","6":"product_cat-cheveux","8":"first","9":"instock","10":"shipping-taxable","11":"purchasable","12":"product-type-simple"},"yoast_head":"<!-- This site is optimized with the Yoast SEO plugin v23.0 - https:\/\/yoast.com\/wordpress\/plugins\/seo\/ -->\n<title>K-REINE PROT\u00c9INE K\u00c9RATINE PRIMER 200ML - pharmadreams<\/title>\n<meta name=\"robots\" content=\"index, follow, max-snippet:-1, max-image-preview:large, max-video-preview:-1\" \/>\n<link rel=\"canonical\" href=\"https:\/\/pharmadreams.shop\/index.php\/product\/k-reine-proteine-keratine-primer-200ml\/\" \/>\n<meta property=\"og:locale\" content=\"fr_FR\" \/>\n<meta property=\"og:type\" content=\"article\" \/>\n<meta property=\"og:title\" content=\"K-REINE PROT\u00c9INE K\u00c9RATINE PRIMER 200ML - pharmadreams\" \/>\n<meta property=\"og:description\" content=\"PROTEIN KERATIN PRIMER  Ce primer est sp\u00e9cialement con\u00e7u pour prolonger la dur\u00e9e de votre lissage. Il facilite le d\u00e9m\u00ealage, hydrate et assouplit les cheveux tout en donnant un aspect lisse et soyeux. Ce soin prot\u00e8ge les cheveux contre les outils chauffants, les agressions ext\u00e9rieurs et la d\u00e9gradation de couleurs.  Utilisation :  Appliquer sur cheveux lav\u00e9s et s\u00e9ch\u00e9s. Ne pas rincer, S\u00e9cher au s\u00e8che-cheveux.   SANS RIN\u00c7AGE  Prolongateur de lissage  Anti Humidit\u00e9 Anti Statique  Protection UV  Protection chaleur\" \/>\n<meta property=\"og:url\" content=\"https:\/\/pharmadreams.shop\/index.php\/product\/k-reine-proteine-keratine-primer-200ml\/\" \/>\n<meta property=\"og:site_name\" content=\"pharmadreams\" \/>\n<meta property=\"og:image\" content=\"https:\/\/pharmadreams.shop\/wp-content\/uploads\/2024\/10\/k-reine-proteine-keratine-primer-200ml.jpg\" \/>\n\t<meta property=\"og:image:width\" content=\"500\" \/>\n\t<meta property=\"og:image:height\" content=\"500\" \/>\n\t<meta property=\"og:image:type\" content=\"image\/jpeg\" \/>\n<meta name=\"twitter:card\" content=\"summary_large_image\" \/>\n<meta name=\"twitter:label1\" content=\"Dur\u00e9e de lecture estim\u00e9e\" \/>\n\t<meta name=\"twitter:data1\" content=\"1 minute\" \/>\n<script type=\"application\/ld+json\" class=\"yoast-schema-graph\">{\"@context\":\"https:\/\/schema.org\",\"@graph\":[{\"@type\":\"WebPage\",\"@id\":\"https:\/\/pharmadreams.shop\/index.php\/product\/k-reine-proteine-keratine-primer-200ml\/\",\"url\":\"https:\/\/pharmadreams.shop\/index.php\/product\/k-reine-proteine-keratine-primer-200ml\/\",\"name\":\"K-REINE PROT\u00c9INE K\u00c9RATINE PRIMER 200ML - pharmadreams\",\"isPartOf\":{\"@id\":\"https:\/\/pharmadreams.shop\/#website\"},\"primaryImageOfPage\":{\"@id\":\"https:\/\/pharmadreams.shop\/index.php\/product\/k-reine-proteine-keratine-primer-200ml\/#primaryimage\"},\"image\":{\"@id\":\"https:\/\/pharmadreams.shop\/index.php\/product\/k-reine-proteine-keratine-primer-200ml\/#primaryimage\"},\"thumbnailUrl\":\"https:\/\/pharmadreams.shop\/wp-content\/uploads\/2024\/10\/k-reine-proteine-keratine-primer-200ml.jpg\",\"datePublished\":\"2024-10-25T11:32:54+00:00\",\"dateModified\":\"2024-10-25T11:32:54+00:00\",\"breadcrumb\":{\"@id\":\"https:\/\/pharmadreams.shop\/index.php\/product\/k-reine-proteine-keratine-primer-200ml\/#breadcrumb\"},\"inLanguage\":\"fr-FR\",\"potentialAction\":[{\"@type\":\"ReadAction\",\"target\":[\"https:\/\/pharmadreams.shop\/index.php\/product\/k-reine-proteine-keratine-primer-200ml\/\"]}]},{\"@type\":\"ImageObject\",\"inLanguage\":\"fr-FR\",\"@id\":\"https:\/\/pharmadreams.shop\/index.php\/product\/k-reine-proteine-keratine-primer-200ml\/#primaryimage\",\"url\":\"https:\/\/pharmadreams.shop\/wp-content\/uploads\/2024\/10\/k-reine-proteine-keratine-primer-200ml.jpg\",\"contentUrl\":\"https:\/\/pharmadreams.shop\/wp-content\/uploads\/2024\/10\/k-reine-proteine-keratine-primer-200ml.jpg\",\"width\":500,\"height\":500},{\"@type\":\"BreadcrumbList\",\"@id\":\"https:\/\/pharmadreams.shop\/index.php\/product\/k-reine-proteine-keratine-primer-200ml\/#breadcrumb\",\"itemListElement\":[{\"@type\":\"ListItem\",\"position\":1,\"name\":\"Accueil\",\"item\":\"https:\/\/pharmadreams.shop\/\"},{\"@type\":\"ListItem\",\"position\":2,\"name\":\"Shop\",\"item\":\"https:\/\/pharmadreams.shop\/index.php\/shop\/\"},{\"@type\":\"ListItem\",\"position\":3,\"name\":\"K-REINE PROT\u00c9INE K\u00c9RATINE PRIMER 200ML\"}]},{\"@type\":\"WebSite\",\"@id\":\"https:\/\/pharmadreams.shop\/#website\",\"url\":\"https:\/\/pharmadreams.shop\/\",\"name\":\"pharmadreams\",\"description\":\"Parapharmacie en ligne\",\"potentialAction\":[{\"@type\":\"SearchAction\",\"target\":{\"@type\":\"EntryPoint\",\"urlTemplate\":\"https:\/\/pharmadreams.shop\/?s={search_term_string}\"},\"query-input\":\"required name=search_term_string\"}],\"inLanguage\":\"fr-FR\"}]}<\/script>\n<!-- \/ Yoast SEO plugin. -->","yoast_head_json":{"title":"K-REINE PROT\u00c9INE K\u00c9RATINE PRIMER 200ML - pharmadreams","robots":{"index":"index","follow":"follow","max-snippet":"max-snippet:-1","max-image-preview":"max-image-preview:large","max-video-preview":"max-video-preview:-1"},"canonical":"https:\/\/pharmadreams.shop\/index.php\/product\/k-reine-proteine-keratine-primer-200ml\/","og_locale":"fr_FR","og_type":"article","og_title":"K-REINE PROT\u00c9INE K\u00c9RATINE PRIMER 200ML - pharmadreams","og_description":"PROTEIN KERATIN PRIMER  Ce primer est sp\u00e9cialement con\u00e7u pour prolonger la dur\u00e9e de votre lissage. Il facilite le d\u00e9m\u00ealage, hydrate et assouplit les cheveux tout en donnant un aspect lisse et soyeux. Ce soin prot\u00e8ge les cheveux contre les outils chauffants, les agressions ext\u00e9rieurs et la d\u00e9gradation de couleurs.  Utilisation :  Appliquer sur cheveux lav\u00e9s et s\u00e9ch\u00e9s. Ne pas rincer, S\u00e9cher au s\u00e8che-cheveux.   SANS RIN\u00c7AGE  Prolongateur de lissage  Anti Humidit\u00e9 Anti Statique  Protection UV  Protection chaleur","og_url":"https:\/\/pharmadreams.shop\/index.php\/product\/k-reine-proteine-keratine-primer-200ml\/","og_site_name":"pharmadreams","og_image":[{"width":500,"height":500,"url":"https:\/\/pharmadreams.shop\/wp-content\/uploads\/2024\/10\/k-reine-proteine-keratine-primer-200ml.jpg","type":"image\/jpeg"}],"twitter_card":"summary_large_image","twitter_misc":{"Dur\u00e9e de lecture estim\u00e9e":"1 minute"},"schema":{"@context":"https:\/\/schema.org","@graph":[{"@type":"WebPage","@id":"https:\/\/pharmadreams.shop\/index.php\/product\/k-reine-proteine-keratine-primer-200ml\/","url":"https:\/\/pharmadreams.shop\/index.php\/product\/k-reine-proteine-keratine-primer-200ml\/","name":"K-REINE PROT\u00c9INE K\u00c9RATINE PRIMER 200ML - pharmadreams","isPartOf":{"@id":"https:\/\/pharmadreams.shop\/#website"},"primaryImageOfPage":{"@id":"https:\/\/pharmadreams.shop\/index.php\/product\/k-reine-proteine-keratine-primer-200ml\/#primaryimage"},"image":{"@id":"https:\/\/pharmadreams.shop\/index.php\/product\/k-reine-proteine-keratine-primer-200ml\/#primaryimage"},"thumbnailUrl":"https:\/\/pharmadreams.shop\/wp-content\/uploads\/2024\/10\/k-reine-proteine-keratine-primer-200ml.jpg","datePublished":"2024-10-25T11:32:54+00:00","dateModified":"2024-10-25T11:32:54+00:00","breadcrumb":{"@id":"https:\/\/pharmadreams.shop\/index.php\/product\/k-reine-proteine-keratine-primer-200ml\/#breadcrumb"},"inLanguage":"fr-FR","potentialAction":[{"@type":"ReadAction","target":["https:\/\/pharmadreams.shop\/index.php\/product\/k-reine-proteine-keratine-primer-200ml\/"]}]},{"@type":"ImageObject","inLanguage":"fr-FR","@id":"https:\/\/pharmadreams.shop\/index.php\/product\/k-reine-proteine-keratine-primer-200ml\/#primaryimage","url":"https:\/\/pharmadreams.shop\/wp-content\/uploads\/2024\/10\/k-reine-proteine-keratine-primer-200ml.jpg","contentUrl":"https:\/\/pharmadreams.shop\/wp-content\/uploads\/2024\/10\/k-reine-proteine-keratine-primer-200ml.jpg","width":500,"height":500},{"@type":"BreadcrumbList","@id":"https:\/\/pharmadreams.shop\/index.php\/product\/k-reine-proteine-keratine-primer-200ml\/#breadcrumb","itemListElement":[{"@type":"ListItem","position":1,"name":"Accueil","item":"https:\/\/pharmadreams.shop\/"},{"@type":"ListItem","position":2,"name":"Shop","item":"https:\/\/pharmadreams.shop\/index.php\/shop\/"},{"@type":"ListItem","position":3,"name":"K-REINE PROT\u00c9INE K\u00c9RATINE PRIMER 200ML"}]},{"@type":"WebSite","@id":"https:\/\/pharmadreams.shop\/#website","url":"https:\/\/pharmadreams.shop\/","name":"pharmadreams","description":"Parapharmacie en ligne","potentialAction":[{"@type":"SearchAction","target":{"@type":"EntryPoint","urlTemplate":"https:\/\/pharmadreams.shop\/?s={search_term_string}"},"query-input":"required name=search_term_string"}],"inLanguage":"fr-FR"}]}},"_links":{"self":[{"href":"https:\/\/pharmadreams.shop\/index.php\/wp-json\/wp\/v2\/product\/18951","targetHints":{"allow":["GET"]}}],"collection":[{"href":"https:\/\/pharmadreams.shop\/index.php\/wp-json\/wp\/v2\/product"}],"about":[{"href":"https:\/\/pharmadreams.shop\/index.php\/wp-json\/wp\/v2\/types\/product"}],"replies":[{"embeddable":true,"href":"https:\/\/pharmadreams.shop\/index.php\/wp-json\/wp\/v2\/comments?post=18951"}],"version-history":[{"count":0,"href":"https:\/\/pharmadreams.shop\/index.php\/wp-json\/wp\/v2\/product\/18951\/revisions"}],"wp:featuredmedia":[{"embeddable":true,"href":"https:\/\/pharmadreams.shop\/index.php\/wp-json\/wp\/v2\/media\/18952"}],"wp:attachment":[{"href":"https:\/\/pharmadreams.shop\/index.php\/wp-json\/wp\/v2\/media?parent=18951"}],"wp:term":[{"taxonomy":"product_brand","embeddable":true,"href":"https:\/\/pharmadreams.shop\/index.php\/wp-json\/wp\/v2\/product_brand?post=18951"},{"taxonomy":"product_cat","embeddable":true,"href":"https:\/\/pharmadreams.shop\/index.php\/wp-json\/wp\/v2\/product_cat?post=18951"},{"taxonomy":"product_tag","embeddable":true,"href":"https:\/\/pharmadreams.shop\/index.php\/wp-json\/wp\/v2\/product_tag?post=18951"}],"curies":[{"name":"wp","href":"https:\/\/api.w.org\/{rel}","templated":true}]}}