{"id":19049,"date":"2024-11-01T16:20:47","date_gmt":"2024-11-01T15:20:47","guid":{"rendered":"https:\/\/pharmadreams.shop\/?post_type=product&#038;p=19049"},"modified":"2024-11-01T16:20:48","modified_gmt":"2024-11-01T15:20:48","slug":"isdin-fotoprotector-fusion-gel-sport-spf-50","status":"publish","type":"product","link":"https:\/\/pharmadreams.shop\/index.php\/product\/isdin-fotoprotector-fusion-gel-sport-spf-50\/","title":{"rendered":"ISDIN Fotoprotector Fusion Gel Sport SPF 50"},"content":{"rendered":"","protected":false},"excerpt":{"rendered":"<p>ISDIN Fotoprotector Fusion Gel Sport SPF 50 est uUne protection solaire au fini invisible qui offre un effet rafra\u00eechissant imm\u00e9diat tout en prot\u00e9geant la peau sans laisser de r\u00e9sidu gras en etant tr\u00e8s r\u00e9sistant \u00e0 l&rsquo;eau et \u00e0 la sueur.<\/p>\n<div>Fotoprotector isdin fusion gel sport spf 50 100ml est une photoprotection pour le corps, ultra-l\u00e9g\u00e8re pour les sportifs.<\/div>\n<div>Formule am\u00e9lior\u00e9e de ISDIN fusion sport gel avec Ginger Cell Protect, un extrait de gingembre 100% naturel qui, gr\u00e2ce \u00e0 sa forte teneur en antioxydants, offre une protection cellulaire contre les dommages oxydatifs.<\/div>\n<div>\n<div>La texture de FUSION GEL sous forme d&rsquo;\u00e9mulsion non grasse permet une application sur les zones pileuses<\/div>\n<\/div>\n","protected":false},"featured_media":19050,"comment_status":"open","ping_status":"closed","template":"","meta":[],"product_brand":[],"product_cat":[28,231,20],"product_tag":[],"class_list":{"0":"post-19049","1":"product","2":"type-product","3":"status-publish","4":"has-post-thumbnail","6":"product_cat-corps","7":"product_cat-ecran-solaire","8":"product_cat-visage","10":"first","11":"instock","12":"shipping-taxable","13":"purchasable","14":"product-type-simple"},"yoast_head":"<!-- This site is optimized with the Yoast SEO plugin v23.0 - https:\/\/yoast.com\/wordpress\/plugins\/seo\/ -->\n<title>ISDIN Fotoprotector Fusion Gel Sport SPF 50 - pharmadreams<\/title>\n<meta name=\"robots\" content=\"index, follow, max-snippet:-1, max-image-preview:large, max-video-preview:-1\" \/>\n<link rel=\"canonical\" href=\"https:\/\/pharmadreams.shop\/index.php\/product\/isdin-fotoprotector-fusion-gel-sport-spf-50\/\" \/>\n<meta property=\"og:locale\" content=\"fr_FR\" \/>\n<meta property=\"og:type\" content=\"article\" \/>\n<meta property=\"og:title\" content=\"ISDIN Fotoprotector Fusion Gel Sport SPF 50 - pharmadreams\" \/>\n<meta property=\"og:description\" content=\"ISDIN Fotoprotector Fusion Gel Sport SPF 50 est uUne protection solaire au fini invisible qui offre un effet rafra\u00eechissant imm\u00e9diat tout en prot\u00e9geant la peau sans laisser de r\u00e9sidu gras en etant tr\u00e8s r\u00e9sistant \u00e0 l&#039;eau et \u00e0 la sueur. Fotoprotector isdin fusion gel sport spf 50 100ml est une photoprotection pour le corps, ultra-l\u00e9g\u00e8re pour les sportifs. Formule am\u00e9lior\u00e9e de ISDIN fusion sport gel avec Ginger Cell Protect, un extrait de gingembre 100% naturel qui, gr\u00e2ce \u00e0 sa forte teneur en antioxydants, offre une protection cellulaire contre les dommages oxydatifs.  La texture de FUSION GEL sous forme d&#039;\u00e9mulsion non grasse permet une application sur les zones pileuses\" \/>\n<meta property=\"og:url\" content=\"https:\/\/pharmadreams.shop\/index.php\/product\/isdin-fotoprotector-fusion-gel-sport-spf-50\/\" \/>\n<meta property=\"og:site_name\" content=\"pharmadreams\" \/>\n<meta property=\"article:modified_time\" content=\"2024-11-01T15:20:48+00:00\" \/>\n<meta property=\"og:image\" content=\"https:\/\/pharmadreams.shop\/wp-content\/uploads\/2024\/11\/es_2914_th_gelsport_main_0_0.jpg\" \/>\n\t<meta property=\"og:image:width\" content=\"1200\" \/>\n\t<meta property=\"og:image:height\" content=\"1200\" \/>\n\t<meta property=\"og:image:type\" content=\"image\/jpeg\" \/>\n<meta name=\"twitter:card\" content=\"summary_large_image\" \/>\n<meta name=\"twitter:label1\" content=\"Dur\u00e9e de lecture estim\u00e9e\" \/>\n\t<meta name=\"twitter:data1\" content=\"1 minute\" \/>\n<script type=\"application\/ld+json\" class=\"yoast-schema-graph\">{\"@context\":\"https:\/\/schema.org\",\"@graph\":[{\"@type\":\"WebPage\",\"@id\":\"https:\/\/pharmadreams.shop\/index.php\/product\/isdin-fotoprotector-fusion-gel-sport-spf-50\/\",\"url\":\"https:\/\/pharmadreams.shop\/index.php\/product\/isdin-fotoprotector-fusion-gel-sport-spf-50\/\",\"name\":\"ISDIN Fotoprotector Fusion Gel Sport SPF 50 - pharmadreams\",\"isPartOf\":{\"@id\":\"https:\/\/pharmadreams.shop\/#website\"},\"primaryImageOfPage\":{\"@id\":\"https:\/\/pharmadreams.shop\/index.php\/product\/isdin-fotoprotector-fusion-gel-sport-spf-50\/#primaryimage\"},\"image\":{\"@id\":\"https:\/\/pharmadreams.shop\/index.php\/product\/isdin-fotoprotector-fusion-gel-sport-spf-50\/#primaryimage\"},\"thumbnailUrl\":\"https:\/\/pharmadreams.shop\/wp-content\/uploads\/2024\/11\/es_2914_th_gelsport_main_0_0.jpg\",\"datePublished\":\"2024-11-01T15:20:47+00:00\",\"dateModified\":\"2024-11-01T15:20:48+00:00\",\"breadcrumb\":{\"@id\":\"https:\/\/pharmadreams.shop\/index.php\/product\/isdin-fotoprotector-fusion-gel-sport-spf-50\/#breadcrumb\"},\"inLanguage\":\"fr-FR\",\"potentialAction\":[{\"@type\":\"ReadAction\",\"target\":[\"https:\/\/pharmadreams.shop\/index.php\/product\/isdin-fotoprotector-fusion-gel-sport-spf-50\/\"]}]},{\"@type\":\"ImageObject\",\"inLanguage\":\"fr-FR\",\"@id\":\"https:\/\/pharmadreams.shop\/index.php\/product\/isdin-fotoprotector-fusion-gel-sport-spf-50\/#primaryimage\",\"url\":\"https:\/\/pharmadreams.shop\/wp-content\/uploads\/2024\/11\/es_2914_th_gelsport_main_0_0.jpg\",\"contentUrl\":\"https:\/\/pharmadreams.shop\/wp-content\/uploads\/2024\/11\/es_2914_th_gelsport_main_0_0.jpg\",\"width\":1200,\"height\":1200},{\"@type\":\"BreadcrumbList\",\"@id\":\"https:\/\/pharmadreams.shop\/index.php\/product\/isdin-fotoprotector-fusion-gel-sport-spf-50\/#breadcrumb\",\"itemListElement\":[{\"@type\":\"ListItem\",\"position\":1,\"name\":\"Accueil\",\"item\":\"https:\/\/pharmadreams.shop\/\"},{\"@type\":\"ListItem\",\"position\":2,\"name\":\"Shop\",\"item\":\"https:\/\/pharmadreams.shop\/index.php\/shop\/\"},{\"@type\":\"ListItem\",\"position\":3,\"name\":\"ISDIN Fotoprotector Fusion Gel Sport SPF 50\"}]},{\"@type\":\"WebSite\",\"@id\":\"https:\/\/pharmadreams.shop\/#website\",\"url\":\"https:\/\/pharmadreams.shop\/\",\"name\":\"pharmadreams\",\"description\":\"Parapharmacie en ligne\",\"potentialAction\":[{\"@type\":\"SearchAction\",\"target\":{\"@type\":\"EntryPoint\",\"urlTemplate\":\"https:\/\/pharmadreams.shop\/?s={search_term_string}\"},\"query-input\":\"required name=search_term_string\"}],\"inLanguage\":\"fr-FR\"}]}<\/script>\n<!-- \/ Yoast SEO plugin. -->","yoast_head_json":{"title":"ISDIN Fotoprotector Fusion Gel Sport SPF 50 - pharmadreams","robots":{"index":"index","follow":"follow","max-snippet":"max-snippet:-1","max-image-preview":"max-image-preview:large","max-video-preview":"max-video-preview:-1"},"canonical":"https:\/\/pharmadreams.shop\/index.php\/product\/isdin-fotoprotector-fusion-gel-sport-spf-50\/","og_locale":"fr_FR","og_type":"article","og_title":"ISDIN Fotoprotector Fusion Gel Sport SPF 50 - pharmadreams","og_description":"ISDIN Fotoprotector Fusion Gel Sport SPF 50 est uUne protection solaire au fini invisible qui offre un effet rafra\u00eechissant imm\u00e9diat tout en prot\u00e9geant la peau sans laisser de r\u00e9sidu gras en etant tr\u00e8s r\u00e9sistant \u00e0 l'eau et \u00e0 la sueur. Fotoprotector isdin fusion gel sport spf 50 100ml est une photoprotection pour le corps, ultra-l\u00e9g\u00e8re pour les sportifs. Formule am\u00e9lior\u00e9e de ISDIN fusion sport gel avec Ginger Cell Protect, un extrait de gingembre 100% naturel qui, gr\u00e2ce \u00e0 sa forte teneur en antioxydants, offre une protection cellulaire contre les dommages oxydatifs.  La texture de FUSION GEL sous forme d'\u00e9mulsion non grasse permet une application sur les zones pileuses","og_url":"https:\/\/pharmadreams.shop\/index.php\/product\/isdin-fotoprotector-fusion-gel-sport-spf-50\/","og_site_name":"pharmadreams","article_modified_time":"2024-11-01T15:20:48+00:00","og_image":[{"width":1200,"height":1200,"url":"https:\/\/pharmadreams.shop\/wp-content\/uploads\/2024\/11\/es_2914_th_gelsport_main_0_0.jpg","type":"image\/jpeg"}],"twitter_card":"summary_large_image","twitter_misc":{"Dur\u00e9e de lecture estim\u00e9e":"1 minute"},"schema":{"@context":"https:\/\/schema.org","@graph":[{"@type":"WebPage","@id":"https:\/\/pharmadreams.shop\/index.php\/product\/isdin-fotoprotector-fusion-gel-sport-spf-50\/","url":"https:\/\/pharmadreams.shop\/index.php\/product\/isdin-fotoprotector-fusion-gel-sport-spf-50\/","name":"ISDIN Fotoprotector Fusion Gel Sport SPF 50 - pharmadreams","isPartOf":{"@id":"https:\/\/pharmadreams.shop\/#website"},"primaryImageOfPage":{"@id":"https:\/\/pharmadreams.shop\/index.php\/product\/isdin-fotoprotector-fusion-gel-sport-spf-50\/#primaryimage"},"image":{"@id":"https:\/\/pharmadreams.shop\/index.php\/product\/isdin-fotoprotector-fusion-gel-sport-spf-50\/#primaryimage"},"thumbnailUrl":"https:\/\/pharmadreams.shop\/wp-content\/uploads\/2024\/11\/es_2914_th_gelsport_main_0_0.jpg","datePublished":"2024-11-01T15:20:47+00:00","dateModified":"2024-11-01T15:20:48+00:00","breadcrumb":{"@id":"https:\/\/pharmadreams.shop\/index.php\/product\/isdin-fotoprotector-fusion-gel-sport-spf-50\/#breadcrumb"},"inLanguage":"fr-FR","potentialAction":[{"@type":"ReadAction","target":["https:\/\/pharmadreams.shop\/index.php\/product\/isdin-fotoprotector-fusion-gel-sport-spf-50\/"]}]},{"@type":"ImageObject","inLanguage":"fr-FR","@id":"https:\/\/pharmadreams.shop\/index.php\/product\/isdin-fotoprotector-fusion-gel-sport-spf-50\/#primaryimage","url":"https:\/\/pharmadreams.shop\/wp-content\/uploads\/2024\/11\/es_2914_th_gelsport_main_0_0.jpg","contentUrl":"https:\/\/pharmadreams.shop\/wp-content\/uploads\/2024\/11\/es_2914_th_gelsport_main_0_0.jpg","width":1200,"height":1200},{"@type":"BreadcrumbList","@id":"https:\/\/pharmadreams.shop\/index.php\/product\/isdin-fotoprotector-fusion-gel-sport-spf-50\/#breadcrumb","itemListElement":[{"@type":"ListItem","position":1,"name":"Accueil","item":"https:\/\/pharmadreams.shop\/"},{"@type":"ListItem","position":2,"name":"Shop","item":"https:\/\/pharmadreams.shop\/index.php\/shop\/"},{"@type":"ListItem","position":3,"name":"ISDIN Fotoprotector Fusion Gel Sport SPF 50"}]},{"@type":"WebSite","@id":"https:\/\/pharmadreams.shop\/#website","url":"https:\/\/pharmadreams.shop\/","name":"pharmadreams","description":"Parapharmacie en ligne","potentialAction":[{"@type":"SearchAction","target":{"@type":"EntryPoint","urlTemplate":"https:\/\/pharmadreams.shop\/?s={search_term_string}"},"query-input":"required name=search_term_string"}],"inLanguage":"fr-FR"}]}},"_links":{"self":[{"href":"https:\/\/pharmadreams.shop\/index.php\/wp-json\/wp\/v2\/product\/19049","targetHints":{"allow":["GET"]}}],"collection":[{"href":"https:\/\/pharmadreams.shop\/index.php\/wp-json\/wp\/v2\/product"}],"about":[{"href":"https:\/\/pharmadreams.shop\/index.php\/wp-json\/wp\/v2\/types\/product"}],"replies":[{"embeddable":true,"href":"https:\/\/pharmadreams.shop\/index.php\/wp-json\/wp\/v2\/comments?post=19049"}],"version-history":[{"count":0,"href":"https:\/\/pharmadreams.shop\/index.php\/wp-json\/wp\/v2\/product\/19049\/revisions"}],"wp:featuredmedia":[{"embeddable":true,"href":"https:\/\/pharmadreams.shop\/index.php\/wp-json\/wp\/v2\/media\/19050"}],"wp:attachment":[{"href":"https:\/\/pharmadreams.shop\/index.php\/wp-json\/wp\/v2\/media?parent=19049"}],"wp:term":[{"taxonomy":"product_brand","embeddable":true,"href":"https:\/\/pharmadreams.shop\/index.php\/wp-json\/wp\/v2\/product_brand?post=19049"},{"taxonomy":"product_cat","embeddable":true,"href":"https:\/\/pharmadreams.shop\/index.php\/wp-json\/wp\/v2\/product_cat?post=19049"},{"taxonomy":"product_tag","embeddable":true,"href":"https:\/\/pharmadreams.shop\/index.php\/wp-json\/wp\/v2\/product_tag?post=19049"}],"curies":[{"name":"wp","href":"https:\/\/api.w.org\/{rel}","templated":true}]}}