{"id":19086,"date":"2024-11-06T15:48:09","date_gmt":"2024-11-06T14:48:09","guid":{"rendered":"https:\/\/pharmadreams.shop\/?post_type=product&#038;p=19086"},"modified":"2024-11-06T15:48:10","modified_gmt":"2024-11-06T14:48:10","slug":"uriage-bariederm-cica-creme-spf50-40ml","status":"publish","type":"product","link":"https:\/\/pharmadreams.shop\/index.php\/product\/uriage-bariederm-cica-creme-spf50-40ml\/","title":{"rendered":"URIAGE BARIEDERM CICA CREME SPF50+ 40ML"},"content":{"rendered":"","protected":false},"excerpt":{"rendered":"<p>Cette cr\u00e8me protectrice et r\u00e9paratrice est le soin id\u00e9al pour les peaux fragilis\u00e9es \u00e0 la suite d\u2019agressions diverses pouvant \u00eatre expos\u00e9es au soleil : Sensations de d\u00e9mangeaisons, \u00e9chauffements, post-actes dermo-esth\u00e9tiques, tatouages&#8230;<\/p>\n<p>Double protection :<\/p>\n<ul>\n<li>Le brevet Poly-2P cr\u00e9e un \u00ab effet barri\u00e8re \u00bb imm\u00e9diat non-occlusif pour isoler et prot\u00e9ger la peau des agents ext\u00e9rieurs.<\/li>\n<li>La tr\u00e8s haute protection solaire SPF50+ prot\u00e8ge et aide \u00e0 pr\u00e9venir les marques post-cicatricielles (taches brunes ou rouges).<\/li>\n<\/ul>\n<p>R\u00e9pare<\/p>\n<p>Le complexe brevet\u00e9 GF-Repair stimule les facteurs de croissance pour favoriser la r\u00e9paration de l\u2019\u00e9piderme.<\/p>\n<p>Assainit et Apaise<\/p>\n<ul>\n<li>L\u2019Eau Thermale d\u2019Uriage associ\u00e9 au D-Panth\u00e9nol apaise imm\u00e9diatement et durablement les irritations.<\/li>\n<li>Le Cuivre-Zinc aide \u00e0 limiter le risque de prolif\u00e9ration bact\u00e9rienne.<\/li>\n<\/ul>\n","protected":false},"featured_media":19087,"comment_status":"open","ping_status":"closed","template":"","meta":[],"product_brand":[],"product_cat":[28,194,233,20],"product_tag":[],"class_list":{"0":"post-19086","1":"product","2":"type-product","3":"status-publish","4":"has-post-thumbnail","6":"product_cat-corps","7":"product_cat-peaux-sensibles","8":"product_cat-protection-solaire","9":"product_cat-visage","11":"first","12":"instock","13":"shipping-taxable","14":"purchasable","15":"product-type-simple"},"yoast_head":"<!-- This site is optimized with the Yoast SEO plugin v23.0 - https:\/\/yoast.com\/wordpress\/plugins\/seo\/ -->\n<title>URIAGE BARIEDERM CICA CREME SPF50+ 40ML - pharmadreams<\/title>\n<meta name=\"robots\" content=\"index, follow, max-snippet:-1, max-image-preview:large, max-video-preview:-1\" \/>\n<link rel=\"canonical\" href=\"https:\/\/pharmadreams.shop\/index.php\/product\/uriage-bariederm-cica-creme-spf50-40ml\/\" \/>\n<meta property=\"og:locale\" content=\"fr_FR\" \/>\n<meta property=\"og:type\" content=\"article\" \/>\n<meta property=\"og:title\" content=\"URIAGE BARIEDERM CICA CREME SPF50+ 40ML - pharmadreams\" \/>\n<meta property=\"og:description\" content=\"Cette cr\u00e8me protectrice et r\u00e9paratrice est le soin id\u00e9al pour les peaux fragilis\u00e9es \u00e0 la suite d\u2019agressions diverses pouvant \u00eatre expos\u00e9es au soleil : Sensations de d\u00e9mangeaisons, \u00e9chauffements, post-actes dermo-esth\u00e9tiques, tatouages...  Double protection :   Le brevet Poly-2P cr\u00e9e un \u00ab effet barri\u00e8re \u00bb imm\u00e9diat non-occlusif pour isoler et prot\u00e9ger la peau des agents ext\u00e9rieurs.  La tr\u00e8s haute protection solaire SPF50+ prot\u00e8ge et aide \u00e0 pr\u00e9venir les marques post-cicatricielles (taches brunes ou rouges).  R\u00e9pare  Le complexe brevet\u00e9 GF-Repair stimule les facteurs de croissance pour favoriser la r\u00e9paration de l\u2019\u00e9piderme.  Assainit et Apaise   L\u2019Eau Thermale d\u2019Uriage associ\u00e9 au D-Panth\u00e9nol apaise imm\u00e9diatement et durablement les irritations.  Le Cuivre-Zinc aide \u00e0 limiter le risque de prolif\u00e9ration bact\u00e9rienne.\" \/>\n<meta property=\"og:url\" content=\"https:\/\/pharmadreams.shop\/index.php\/product\/uriage-bariederm-cica-creme-spf50-40ml\/\" \/>\n<meta property=\"og:site_name\" content=\"pharmadreams\" \/>\n<meta property=\"article:modified_time\" content=\"2024-11-06T14:48:10+00:00\" \/>\n<meta property=\"og:image\" content=\"https:\/\/pharmadreams.shop\/wp-content\/uploads\/2024\/11\/uriage-bariederm-cica-creme-spf50-40ml.jpg\" \/>\n\t<meta property=\"og:image:width\" content=\"500\" \/>\n\t<meta property=\"og:image:height\" content=\"500\" \/>\n\t<meta property=\"og:image:type\" content=\"image\/jpeg\" \/>\n<meta name=\"twitter:card\" content=\"summary_large_image\" \/>\n<meta name=\"twitter:label1\" content=\"Dur\u00e9e de lecture estim\u00e9e\" \/>\n\t<meta name=\"twitter:data1\" content=\"1 minute\" \/>\n<script type=\"application\/ld+json\" class=\"yoast-schema-graph\">{\"@context\":\"https:\/\/schema.org\",\"@graph\":[{\"@type\":\"WebPage\",\"@id\":\"https:\/\/pharmadreams.shop\/index.php\/product\/uriage-bariederm-cica-creme-spf50-40ml\/\",\"url\":\"https:\/\/pharmadreams.shop\/index.php\/product\/uriage-bariederm-cica-creme-spf50-40ml\/\",\"name\":\"URIAGE BARIEDERM CICA CREME SPF50+ 40ML - pharmadreams\",\"isPartOf\":{\"@id\":\"https:\/\/pharmadreams.shop\/#website\"},\"primaryImageOfPage\":{\"@id\":\"https:\/\/pharmadreams.shop\/index.php\/product\/uriage-bariederm-cica-creme-spf50-40ml\/#primaryimage\"},\"image\":{\"@id\":\"https:\/\/pharmadreams.shop\/index.php\/product\/uriage-bariederm-cica-creme-spf50-40ml\/#primaryimage\"},\"thumbnailUrl\":\"https:\/\/pharmadreams.shop\/wp-content\/uploads\/2024\/11\/uriage-bariederm-cica-creme-spf50-40ml.jpg\",\"datePublished\":\"2024-11-06T14:48:09+00:00\",\"dateModified\":\"2024-11-06T14:48:10+00:00\",\"breadcrumb\":{\"@id\":\"https:\/\/pharmadreams.shop\/index.php\/product\/uriage-bariederm-cica-creme-spf50-40ml\/#breadcrumb\"},\"inLanguage\":\"fr-FR\",\"potentialAction\":[{\"@type\":\"ReadAction\",\"target\":[\"https:\/\/pharmadreams.shop\/index.php\/product\/uriage-bariederm-cica-creme-spf50-40ml\/\"]}]},{\"@type\":\"ImageObject\",\"inLanguage\":\"fr-FR\",\"@id\":\"https:\/\/pharmadreams.shop\/index.php\/product\/uriage-bariederm-cica-creme-spf50-40ml\/#primaryimage\",\"url\":\"https:\/\/pharmadreams.shop\/wp-content\/uploads\/2024\/11\/uriage-bariederm-cica-creme-spf50-40ml.jpg\",\"contentUrl\":\"https:\/\/pharmadreams.shop\/wp-content\/uploads\/2024\/11\/uriage-bariederm-cica-creme-spf50-40ml.jpg\",\"width\":500,\"height\":500},{\"@type\":\"BreadcrumbList\",\"@id\":\"https:\/\/pharmadreams.shop\/index.php\/product\/uriage-bariederm-cica-creme-spf50-40ml\/#breadcrumb\",\"itemListElement\":[{\"@type\":\"ListItem\",\"position\":1,\"name\":\"Accueil\",\"item\":\"https:\/\/pharmadreams.shop\/\"},{\"@type\":\"ListItem\",\"position\":2,\"name\":\"Shop\",\"item\":\"https:\/\/pharmadreams.shop\/index.php\/shop\/\"},{\"@type\":\"ListItem\",\"position\":3,\"name\":\"URIAGE BARIEDERM CICA CREME SPF50+ 40ML\"}]},{\"@type\":\"WebSite\",\"@id\":\"https:\/\/pharmadreams.shop\/#website\",\"url\":\"https:\/\/pharmadreams.shop\/\",\"name\":\"pharmadreams\",\"description\":\"Parapharmacie en ligne\",\"potentialAction\":[{\"@type\":\"SearchAction\",\"target\":{\"@type\":\"EntryPoint\",\"urlTemplate\":\"https:\/\/pharmadreams.shop\/?s={search_term_string}\"},\"query-input\":\"required name=search_term_string\"}],\"inLanguage\":\"fr-FR\"}]}<\/script>\n<!-- \/ Yoast SEO plugin. -->","yoast_head_json":{"title":"URIAGE BARIEDERM CICA CREME SPF50+ 40ML - pharmadreams","robots":{"index":"index","follow":"follow","max-snippet":"max-snippet:-1","max-image-preview":"max-image-preview:large","max-video-preview":"max-video-preview:-1"},"canonical":"https:\/\/pharmadreams.shop\/index.php\/product\/uriage-bariederm-cica-creme-spf50-40ml\/","og_locale":"fr_FR","og_type":"article","og_title":"URIAGE BARIEDERM CICA CREME SPF50+ 40ML - pharmadreams","og_description":"Cette cr\u00e8me protectrice et r\u00e9paratrice est le soin id\u00e9al pour les peaux fragilis\u00e9es \u00e0 la suite d\u2019agressions diverses pouvant \u00eatre expos\u00e9es au soleil : Sensations de d\u00e9mangeaisons, \u00e9chauffements, post-actes dermo-esth\u00e9tiques, tatouages...  Double protection :   Le brevet Poly-2P cr\u00e9e un \u00ab effet barri\u00e8re \u00bb imm\u00e9diat non-occlusif pour isoler et prot\u00e9ger la peau des agents ext\u00e9rieurs.  La tr\u00e8s haute protection solaire SPF50+ prot\u00e8ge et aide \u00e0 pr\u00e9venir les marques post-cicatricielles (taches brunes ou rouges).  R\u00e9pare  Le complexe brevet\u00e9 GF-Repair stimule les facteurs de croissance pour favoriser la r\u00e9paration de l\u2019\u00e9piderme.  Assainit et Apaise   L\u2019Eau Thermale d\u2019Uriage associ\u00e9 au D-Panth\u00e9nol apaise imm\u00e9diatement et durablement les irritations.  Le Cuivre-Zinc aide \u00e0 limiter le risque de prolif\u00e9ration bact\u00e9rienne.","og_url":"https:\/\/pharmadreams.shop\/index.php\/product\/uriage-bariederm-cica-creme-spf50-40ml\/","og_site_name":"pharmadreams","article_modified_time":"2024-11-06T14:48:10+00:00","og_image":[{"width":500,"height":500,"url":"https:\/\/pharmadreams.shop\/wp-content\/uploads\/2024\/11\/uriage-bariederm-cica-creme-spf50-40ml.jpg","type":"image\/jpeg"}],"twitter_card":"summary_large_image","twitter_misc":{"Dur\u00e9e de lecture estim\u00e9e":"1 minute"},"schema":{"@context":"https:\/\/schema.org","@graph":[{"@type":"WebPage","@id":"https:\/\/pharmadreams.shop\/index.php\/product\/uriage-bariederm-cica-creme-spf50-40ml\/","url":"https:\/\/pharmadreams.shop\/index.php\/product\/uriage-bariederm-cica-creme-spf50-40ml\/","name":"URIAGE BARIEDERM CICA CREME SPF50+ 40ML - pharmadreams","isPartOf":{"@id":"https:\/\/pharmadreams.shop\/#website"},"primaryImageOfPage":{"@id":"https:\/\/pharmadreams.shop\/index.php\/product\/uriage-bariederm-cica-creme-spf50-40ml\/#primaryimage"},"image":{"@id":"https:\/\/pharmadreams.shop\/index.php\/product\/uriage-bariederm-cica-creme-spf50-40ml\/#primaryimage"},"thumbnailUrl":"https:\/\/pharmadreams.shop\/wp-content\/uploads\/2024\/11\/uriage-bariederm-cica-creme-spf50-40ml.jpg","datePublished":"2024-11-06T14:48:09+00:00","dateModified":"2024-11-06T14:48:10+00:00","breadcrumb":{"@id":"https:\/\/pharmadreams.shop\/index.php\/product\/uriage-bariederm-cica-creme-spf50-40ml\/#breadcrumb"},"inLanguage":"fr-FR","potentialAction":[{"@type":"ReadAction","target":["https:\/\/pharmadreams.shop\/index.php\/product\/uriage-bariederm-cica-creme-spf50-40ml\/"]}]},{"@type":"ImageObject","inLanguage":"fr-FR","@id":"https:\/\/pharmadreams.shop\/index.php\/product\/uriage-bariederm-cica-creme-spf50-40ml\/#primaryimage","url":"https:\/\/pharmadreams.shop\/wp-content\/uploads\/2024\/11\/uriage-bariederm-cica-creme-spf50-40ml.jpg","contentUrl":"https:\/\/pharmadreams.shop\/wp-content\/uploads\/2024\/11\/uriage-bariederm-cica-creme-spf50-40ml.jpg","width":500,"height":500},{"@type":"BreadcrumbList","@id":"https:\/\/pharmadreams.shop\/index.php\/product\/uriage-bariederm-cica-creme-spf50-40ml\/#breadcrumb","itemListElement":[{"@type":"ListItem","position":1,"name":"Accueil","item":"https:\/\/pharmadreams.shop\/"},{"@type":"ListItem","position":2,"name":"Shop","item":"https:\/\/pharmadreams.shop\/index.php\/shop\/"},{"@type":"ListItem","position":3,"name":"URIAGE BARIEDERM CICA CREME SPF50+ 40ML"}]},{"@type":"WebSite","@id":"https:\/\/pharmadreams.shop\/#website","url":"https:\/\/pharmadreams.shop\/","name":"pharmadreams","description":"Parapharmacie en ligne","potentialAction":[{"@type":"SearchAction","target":{"@type":"EntryPoint","urlTemplate":"https:\/\/pharmadreams.shop\/?s={search_term_string}"},"query-input":"required name=search_term_string"}],"inLanguage":"fr-FR"}]}},"_links":{"self":[{"href":"https:\/\/pharmadreams.shop\/index.php\/wp-json\/wp\/v2\/product\/19086","targetHints":{"allow":["GET"]}}],"collection":[{"href":"https:\/\/pharmadreams.shop\/index.php\/wp-json\/wp\/v2\/product"}],"about":[{"href":"https:\/\/pharmadreams.shop\/index.php\/wp-json\/wp\/v2\/types\/product"}],"replies":[{"embeddable":true,"href":"https:\/\/pharmadreams.shop\/index.php\/wp-json\/wp\/v2\/comments?post=19086"}],"version-history":[{"count":0,"href":"https:\/\/pharmadreams.shop\/index.php\/wp-json\/wp\/v2\/product\/19086\/revisions"}],"wp:featuredmedia":[{"embeddable":true,"href":"https:\/\/pharmadreams.shop\/index.php\/wp-json\/wp\/v2\/media\/19087"}],"wp:attachment":[{"href":"https:\/\/pharmadreams.shop\/index.php\/wp-json\/wp\/v2\/media?parent=19086"}],"wp:term":[{"taxonomy":"product_brand","embeddable":true,"href":"https:\/\/pharmadreams.shop\/index.php\/wp-json\/wp\/v2\/product_brand?post=19086"},{"taxonomy":"product_cat","embeddable":true,"href":"https:\/\/pharmadreams.shop\/index.php\/wp-json\/wp\/v2\/product_cat?post=19086"},{"taxonomy":"product_tag","embeddable":true,"href":"https:\/\/pharmadreams.shop\/index.php\/wp-json\/wp\/v2\/product_tag?post=19086"}],"curies":[{"name":"wp","href":"https:\/\/api.w.org\/{rel}","templated":true}]}}