{"id":19104,"date":"2024-11-06T16:31:37","date_gmt":"2024-11-06T15:31:37","guid":{"rendered":"https:\/\/pharmadreams.shop\/?post_type=product&#038;p=19104"},"modified":"2024-11-06T16:31:37","modified_gmt":"2024-11-06T15:31:37","slug":"uriage-gel-surgras-liquide-dermatologique-500ml","status":"publish","type":"product","link":"https:\/\/pharmadreams.shop\/index.php\/product\/uriage-gel-surgras-liquide-dermatologique-500ml\/","title":{"rendered":"URIAGE Gel Surgras Liquide Dermatologique 500ML"},"content":{"rendered":"","protected":false},"excerpt":{"rendered":"<p>Le Gel Surgras Uriage Frais et extra-doux, le surgras liquide nettoie et am\u00e9liore le confort de la peau tout en respectant le film hydrolipidique. La peau est parfaitement nettoy\u00e9e, hydrat\u00e9e et apais\u00e9e. Un soin agr\u00e9able au quotidien pour toute la famille.<\/p>\n<ul>\n<li>Nettoie: Sa base lavante douce sans savon \u00e9limine toutes les impuret\u00e9s de la peau sans agresser.<\/li>\n<li>Pr\u00e9serve du d\u00e9ssechement: Ses actifs surgraissants et hydratants am\u00e9liorent le confort cutan\u00e9.<\/li>\n<\/ul>\n","protected":false},"featured_media":19105,"comment_status":"open","ping_status":"closed","template":"","meta":[],"product_brand":[],"product_cat":[96,20],"product_tag":[],"class_list":{"0":"post-19104","1":"product","2":"type-product","3":"status-publish","4":"has-post-thumbnail","6":"product_cat-gel-nottoyant","7":"product_cat-visage","9":"first","10":"instock","11":"sale","12":"shipping-taxable","13":"purchasable","14":"product-type-simple"},"yoast_head":"<!-- This site is optimized with the Yoast SEO plugin v23.0 - https:\/\/yoast.com\/wordpress\/plugins\/seo\/ -->\n<title>URIAGE Gel Surgras Liquide Dermatologique 500ML - pharmadreams<\/title>\n<meta name=\"robots\" content=\"index, follow, max-snippet:-1, max-image-preview:large, max-video-preview:-1\" \/>\n<link rel=\"canonical\" href=\"https:\/\/pharmadreams.shop\/index.php\/product\/uriage-gel-surgras-liquide-dermatologique-500ml\/\" \/>\n<meta property=\"og:locale\" content=\"fr_FR\" \/>\n<meta property=\"og:type\" content=\"article\" \/>\n<meta property=\"og:title\" content=\"URIAGE Gel Surgras Liquide Dermatologique 500ML - pharmadreams\" \/>\n<meta property=\"og:description\" content=\"Le Gel Surgras Uriage Frais et extra-doux, le surgras liquide nettoie et am\u00e9liore le confort de la peau tout en respectant le film hydrolipidique. La peau est parfaitement nettoy\u00e9e, hydrat\u00e9e et apais\u00e9e. Un soin agr\u00e9able au quotidien pour toute la famille.   Nettoie: Sa base lavante douce sans savon \u00e9limine toutes les impuret\u00e9s de la peau sans agresser.  Pr\u00e9serve du d\u00e9ssechement: Ses actifs surgraissants et hydratants am\u00e9liorent le confort cutan\u00e9.\" \/>\n<meta property=\"og:url\" content=\"https:\/\/pharmadreams.shop\/index.php\/product\/uriage-gel-surgras-liquide-dermatologique-500ml\/\" \/>\n<meta property=\"og:site_name\" content=\"pharmadreams\" \/>\n<meta property=\"og:image\" content=\"https:\/\/pharmadreams.shop\/wp-content\/uploads\/2024\/11\/80_71078f59-83e1-4f7a-8af4-68f907b8ba7c_1024x1024.jpg\" \/>\n\t<meta property=\"og:image:width\" content=\"1024\" \/>\n\t<meta property=\"og:image:height\" content=\"1024\" \/>\n\t<meta property=\"og:image:type\" content=\"image\/jpeg\" \/>\n<meta name=\"twitter:card\" content=\"summary_large_image\" \/>\n<meta name=\"twitter:label1\" content=\"Dur\u00e9e de lecture estim\u00e9e\" \/>\n\t<meta name=\"twitter:data1\" content=\"1 minute\" \/>\n<script type=\"application\/ld+json\" class=\"yoast-schema-graph\">{\"@context\":\"https:\/\/schema.org\",\"@graph\":[{\"@type\":\"WebPage\",\"@id\":\"https:\/\/pharmadreams.shop\/index.php\/product\/uriage-gel-surgras-liquide-dermatologique-500ml\/\",\"url\":\"https:\/\/pharmadreams.shop\/index.php\/product\/uriage-gel-surgras-liquide-dermatologique-500ml\/\",\"name\":\"URIAGE Gel Surgras Liquide Dermatologique 500ML - pharmadreams\",\"isPartOf\":{\"@id\":\"https:\/\/pharmadreams.shop\/#website\"},\"primaryImageOfPage\":{\"@id\":\"https:\/\/pharmadreams.shop\/index.php\/product\/uriage-gel-surgras-liquide-dermatologique-500ml\/#primaryimage\"},\"image\":{\"@id\":\"https:\/\/pharmadreams.shop\/index.php\/product\/uriage-gel-surgras-liquide-dermatologique-500ml\/#primaryimage\"},\"thumbnailUrl\":\"https:\/\/pharmadreams.shop\/wp-content\/uploads\/2024\/11\/80_71078f59-83e1-4f7a-8af4-68f907b8ba7c_1024x1024.jpg\",\"datePublished\":\"2024-11-06T15:31:37+00:00\",\"dateModified\":\"2024-11-06T15:31:37+00:00\",\"breadcrumb\":{\"@id\":\"https:\/\/pharmadreams.shop\/index.php\/product\/uriage-gel-surgras-liquide-dermatologique-500ml\/#breadcrumb\"},\"inLanguage\":\"fr-FR\",\"potentialAction\":[{\"@type\":\"ReadAction\",\"target\":[\"https:\/\/pharmadreams.shop\/index.php\/product\/uriage-gel-surgras-liquide-dermatologique-500ml\/\"]}]},{\"@type\":\"ImageObject\",\"inLanguage\":\"fr-FR\",\"@id\":\"https:\/\/pharmadreams.shop\/index.php\/product\/uriage-gel-surgras-liquide-dermatologique-500ml\/#primaryimage\",\"url\":\"https:\/\/pharmadreams.shop\/wp-content\/uploads\/2024\/11\/80_71078f59-83e1-4f7a-8af4-68f907b8ba7c_1024x1024.jpg\",\"contentUrl\":\"https:\/\/pharmadreams.shop\/wp-content\/uploads\/2024\/11\/80_71078f59-83e1-4f7a-8af4-68f907b8ba7c_1024x1024.jpg\",\"width\":1024,\"height\":1024},{\"@type\":\"BreadcrumbList\",\"@id\":\"https:\/\/pharmadreams.shop\/index.php\/product\/uriage-gel-surgras-liquide-dermatologique-500ml\/#breadcrumb\",\"itemListElement\":[{\"@type\":\"ListItem\",\"position\":1,\"name\":\"Accueil\",\"item\":\"https:\/\/pharmadreams.shop\/\"},{\"@type\":\"ListItem\",\"position\":2,\"name\":\"Shop\",\"item\":\"https:\/\/pharmadreams.shop\/index.php\/shop\/\"},{\"@type\":\"ListItem\",\"position\":3,\"name\":\"URIAGE Gel Surgras Liquide Dermatologique 500ML\"}]},{\"@type\":\"WebSite\",\"@id\":\"https:\/\/pharmadreams.shop\/#website\",\"url\":\"https:\/\/pharmadreams.shop\/\",\"name\":\"pharmadreams\",\"description\":\"Parapharmacie en ligne\",\"potentialAction\":[{\"@type\":\"SearchAction\",\"target\":{\"@type\":\"EntryPoint\",\"urlTemplate\":\"https:\/\/pharmadreams.shop\/?s={search_term_string}\"},\"query-input\":\"required name=search_term_string\"}],\"inLanguage\":\"fr-FR\"}]}<\/script>\n<!-- \/ Yoast SEO plugin. -->","yoast_head_json":{"title":"URIAGE Gel Surgras Liquide Dermatologique 500ML - pharmadreams","robots":{"index":"index","follow":"follow","max-snippet":"max-snippet:-1","max-image-preview":"max-image-preview:large","max-video-preview":"max-video-preview:-1"},"canonical":"https:\/\/pharmadreams.shop\/index.php\/product\/uriage-gel-surgras-liquide-dermatologique-500ml\/","og_locale":"fr_FR","og_type":"article","og_title":"URIAGE Gel Surgras Liquide Dermatologique 500ML - pharmadreams","og_description":"Le Gel Surgras Uriage Frais et extra-doux, le surgras liquide nettoie et am\u00e9liore le confort de la peau tout en respectant le film hydrolipidique. La peau est parfaitement nettoy\u00e9e, hydrat\u00e9e et apais\u00e9e. Un soin agr\u00e9able au quotidien pour toute la famille.   Nettoie: Sa base lavante douce sans savon \u00e9limine toutes les impuret\u00e9s de la peau sans agresser.  Pr\u00e9serve du d\u00e9ssechement: Ses actifs surgraissants et hydratants am\u00e9liorent le confort cutan\u00e9.","og_url":"https:\/\/pharmadreams.shop\/index.php\/product\/uriage-gel-surgras-liquide-dermatologique-500ml\/","og_site_name":"pharmadreams","og_image":[{"width":1024,"height":1024,"url":"https:\/\/pharmadreams.shop\/wp-content\/uploads\/2024\/11\/80_71078f59-83e1-4f7a-8af4-68f907b8ba7c_1024x1024.jpg","type":"image\/jpeg"}],"twitter_card":"summary_large_image","twitter_misc":{"Dur\u00e9e de lecture estim\u00e9e":"1 minute"},"schema":{"@context":"https:\/\/schema.org","@graph":[{"@type":"WebPage","@id":"https:\/\/pharmadreams.shop\/index.php\/product\/uriage-gel-surgras-liquide-dermatologique-500ml\/","url":"https:\/\/pharmadreams.shop\/index.php\/product\/uriage-gel-surgras-liquide-dermatologique-500ml\/","name":"URIAGE Gel Surgras Liquide Dermatologique 500ML - pharmadreams","isPartOf":{"@id":"https:\/\/pharmadreams.shop\/#website"},"primaryImageOfPage":{"@id":"https:\/\/pharmadreams.shop\/index.php\/product\/uriage-gel-surgras-liquide-dermatologique-500ml\/#primaryimage"},"image":{"@id":"https:\/\/pharmadreams.shop\/index.php\/product\/uriage-gel-surgras-liquide-dermatologique-500ml\/#primaryimage"},"thumbnailUrl":"https:\/\/pharmadreams.shop\/wp-content\/uploads\/2024\/11\/80_71078f59-83e1-4f7a-8af4-68f907b8ba7c_1024x1024.jpg","datePublished":"2024-11-06T15:31:37+00:00","dateModified":"2024-11-06T15:31:37+00:00","breadcrumb":{"@id":"https:\/\/pharmadreams.shop\/index.php\/product\/uriage-gel-surgras-liquide-dermatologique-500ml\/#breadcrumb"},"inLanguage":"fr-FR","potentialAction":[{"@type":"ReadAction","target":["https:\/\/pharmadreams.shop\/index.php\/product\/uriage-gel-surgras-liquide-dermatologique-500ml\/"]}]},{"@type":"ImageObject","inLanguage":"fr-FR","@id":"https:\/\/pharmadreams.shop\/index.php\/product\/uriage-gel-surgras-liquide-dermatologique-500ml\/#primaryimage","url":"https:\/\/pharmadreams.shop\/wp-content\/uploads\/2024\/11\/80_71078f59-83e1-4f7a-8af4-68f907b8ba7c_1024x1024.jpg","contentUrl":"https:\/\/pharmadreams.shop\/wp-content\/uploads\/2024\/11\/80_71078f59-83e1-4f7a-8af4-68f907b8ba7c_1024x1024.jpg","width":1024,"height":1024},{"@type":"BreadcrumbList","@id":"https:\/\/pharmadreams.shop\/index.php\/product\/uriage-gel-surgras-liquide-dermatologique-500ml\/#breadcrumb","itemListElement":[{"@type":"ListItem","position":1,"name":"Accueil","item":"https:\/\/pharmadreams.shop\/"},{"@type":"ListItem","position":2,"name":"Shop","item":"https:\/\/pharmadreams.shop\/index.php\/shop\/"},{"@type":"ListItem","position":3,"name":"URIAGE Gel Surgras Liquide Dermatologique 500ML"}]},{"@type":"WebSite","@id":"https:\/\/pharmadreams.shop\/#website","url":"https:\/\/pharmadreams.shop\/","name":"pharmadreams","description":"Parapharmacie en ligne","potentialAction":[{"@type":"SearchAction","target":{"@type":"EntryPoint","urlTemplate":"https:\/\/pharmadreams.shop\/?s={search_term_string}"},"query-input":"required name=search_term_string"}],"inLanguage":"fr-FR"}]}},"_links":{"self":[{"href":"https:\/\/pharmadreams.shop\/index.php\/wp-json\/wp\/v2\/product\/19104","targetHints":{"allow":["GET"]}}],"collection":[{"href":"https:\/\/pharmadreams.shop\/index.php\/wp-json\/wp\/v2\/product"}],"about":[{"href":"https:\/\/pharmadreams.shop\/index.php\/wp-json\/wp\/v2\/types\/product"}],"replies":[{"embeddable":true,"href":"https:\/\/pharmadreams.shop\/index.php\/wp-json\/wp\/v2\/comments?post=19104"}],"version-history":[{"count":0,"href":"https:\/\/pharmadreams.shop\/index.php\/wp-json\/wp\/v2\/product\/19104\/revisions"}],"wp:featuredmedia":[{"embeddable":true,"href":"https:\/\/pharmadreams.shop\/index.php\/wp-json\/wp\/v2\/media\/19105"}],"wp:attachment":[{"href":"https:\/\/pharmadreams.shop\/index.php\/wp-json\/wp\/v2\/media?parent=19104"}],"wp:term":[{"taxonomy":"product_brand","embeddable":true,"href":"https:\/\/pharmadreams.shop\/index.php\/wp-json\/wp\/v2\/product_brand?post=19104"},{"taxonomy":"product_cat","embeddable":true,"href":"https:\/\/pharmadreams.shop\/index.php\/wp-json\/wp\/v2\/product_cat?post=19104"},{"taxonomy":"product_tag","embeddable":true,"href":"https:\/\/pharmadreams.shop\/index.php\/wp-json\/wp\/v2\/product_tag?post=19104"}],"curies":[{"name":"wp","href":"https:\/\/api.w.org\/{rel}","templated":true}]}}