{"id":19119,"date":"2024-11-06T16:59:57","date_gmt":"2024-11-06T15:59:57","guid":{"rendered":"https:\/\/pharmadreams.shop\/?post_type=product&#038;p=19119"},"modified":"2024-11-06T16:59:57","modified_gmt":"2024-11-06T15:59:57","slug":"uriage-xemose-soin-apaisant-contour-des-yeux-15ml","status":"publish","type":"product","link":"https:\/\/pharmadreams.shop\/index.php\/product\/uriage-xemose-soin-apaisant-contour-des-yeux-15ml\/","title":{"rendered":"URIAGE XEMOSE SOIN APAISANT CONTOUR DES YEUX 15ML"},"content":{"rendered":"","protected":false},"excerpt":{"rendered":"<p>Le soin apaisant contour des yeux d&rsquo;Uriage X\u00e9mose est sp\u00e9cialement con\u00e7u pour le soin des paupi\u00e8res s\u00e8ches \u00e0 tr\u00e8s s\u00e8ches et souffrant de d\u00e9mangeaisons. Il prend soin de la peau sensible du contour des yeux. En effet, celle-ci est \u00e0 la fois tr\u00e8s fine, tr\u00e8s expos\u00e9e et surtout tr\u00e8s sollicit\u00e9e par le mouvement des paupi\u00e8res et des muscles de cette zone. Pour les personnes ayant une peau s\u00e8che \u00e0 tr\u00e8s s\u00e8che, elle peut \u00eatre la source de d\u00e9mangeaisons et de douleurs.<\/p>\n<p><strong>Conseils d&rsquo;utilisation :<\/strong><\/p>\n<p>Appliquer avec d\u00e9licatesse le matin et\/ou le soir sur le contour de l&rsquo;oeil.<\/p>\n","protected":false},"featured_media":19120,"comment_status":"open","ping_status":"closed","template":"","meta":[],"product_brand":[],"product_cat":[80,270],"product_tag":[],"class_list":{"0":"post-19119","1":"product","2":"type-product","3":"status-publish","4":"has-post-thumbnail","6":"product_cat-soins","7":"product_cat-yeux-sensibles","9":"first","10":"instock","11":"shipping-taxable","12":"purchasable","13":"product-type-simple"},"yoast_head":"<!-- This site is optimized with the Yoast SEO plugin v23.0 - https:\/\/yoast.com\/wordpress\/plugins\/seo\/ -->\n<title>URIAGE XEMOSE SOIN APAISANT CONTOUR DES YEUX 15ML - pharmadreams<\/title>\n<meta name=\"robots\" content=\"index, follow, max-snippet:-1, max-image-preview:large, max-video-preview:-1\" \/>\n<link rel=\"canonical\" href=\"https:\/\/pharmadreams.shop\/index.php\/product\/uriage-xemose-soin-apaisant-contour-des-yeux-15ml\/\" \/>\n<meta property=\"og:locale\" content=\"fr_FR\" \/>\n<meta property=\"og:type\" content=\"article\" \/>\n<meta property=\"og:title\" content=\"URIAGE XEMOSE SOIN APAISANT CONTOUR DES YEUX 15ML - pharmadreams\" \/>\n<meta property=\"og:description\" content=\"Le soin apaisant contour des yeux d&#039;Uriage X\u00e9mose est sp\u00e9cialement con\u00e7u pour le soin des paupi\u00e8res s\u00e8ches \u00e0 tr\u00e8s s\u00e8ches et souffrant de d\u00e9mangeaisons. Il prend soin de la peau sensible du contour des yeux. En effet, celle-ci est \u00e0 la fois tr\u00e8s fine, tr\u00e8s expos\u00e9e et surtout tr\u00e8s sollicit\u00e9e par le mouvement des paupi\u00e8res et des muscles de cette zone. Pour les personnes ayant une peau s\u00e8che \u00e0 tr\u00e8s s\u00e8che, elle peut \u00eatre la source de d\u00e9mangeaisons et de douleurs.  Conseils d&#039;utilisation :  Appliquer avec d\u00e9licatesse le matin et\/ou le soir sur le contour de l&#039;oeil.\" \/>\n<meta property=\"og:url\" content=\"https:\/\/pharmadreams.shop\/index.php\/product\/uriage-xemose-soin-apaisant-contour-des-yeux-15ml\/\" \/>\n<meta property=\"og:site_name\" content=\"pharmadreams\" \/>\n<meta property=\"og:image\" content=\"https:\/\/pharmadreams.shop\/wp-content\/uploads\/2024\/11\/uriage-xemose-soin-apaisant-contour-des-yeux-15ml.jpg\" \/>\n\t<meta property=\"og:image:width\" content=\"500\" \/>\n\t<meta property=\"og:image:height\" content=\"500\" \/>\n\t<meta property=\"og:image:type\" content=\"image\/jpeg\" \/>\n<meta name=\"twitter:card\" content=\"summary_large_image\" \/>\n<meta name=\"twitter:label1\" content=\"Dur\u00e9e de lecture estim\u00e9e\" \/>\n\t<meta name=\"twitter:data1\" content=\"1 minute\" \/>\n<script type=\"application\/ld+json\" class=\"yoast-schema-graph\">{\"@context\":\"https:\/\/schema.org\",\"@graph\":[{\"@type\":\"WebPage\",\"@id\":\"https:\/\/pharmadreams.shop\/index.php\/product\/uriage-xemose-soin-apaisant-contour-des-yeux-15ml\/\",\"url\":\"https:\/\/pharmadreams.shop\/index.php\/product\/uriage-xemose-soin-apaisant-contour-des-yeux-15ml\/\",\"name\":\"URIAGE XEMOSE SOIN APAISANT CONTOUR DES YEUX 15ML - pharmadreams\",\"isPartOf\":{\"@id\":\"https:\/\/pharmadreams.shop\/#website\"},\"primaryImageOfPage\":{\"@id\":\"https:\/\/pharmadreams.shop\/index.php\/product\/uriage-xemose-soin-apaisant-contour-des-yeux-15ml\/#primaryimage\"},\"image\":{\"@id\":\"https:\/\/pharmadreams.shop\/index.php\/product\/uriage-xemose-soin-apaisant-contour-des-yeux-15ml\/#primaryimage\"},\"thumbnailUrl\":\"https:\/\/pharmadreams.shop\/wp-content\/uploads\/2024\/11\/uriage-xemose-soin-apaisant-contour-des-yeux-15ml.jpg\",\"datePublished\":\"2024-11-06T15:59:57+00:00\",\"dateModified\":\"2024-11-06T15:59:57+00:00\",\"breadcrumb\":{\"@id\":\"https:\/\/pharmadreams.shop\/index.php\/product\/uriage-xemose-soin-apaisant-contour-des-yeux-15ml\/#breadcrumb\"},\"inLanguage\":\"fr-FR\",\"potentialAction\":[{\"@type\":\"ReadAction\",\"target\":[\"https:\/\/pharmadreams.shop\/index.php\/product\/uriage-xemose-soin-apaisant-contour-des-yeux-15ml\/\"]}]},{\"@type\":\"ImageObject\",\"inLanguage\":\"fr-FR\",\"@id\":\"https:\/\/pharmadreams.shop\/index.php\/product\/uriage-xemose-soin-apaisant-contour-des-yeux-15ml\/#primaryimage\",\"url\":\"https:\/\/pharmadreams.shop\/wp-content\/uploads\/2024\/11\/uriage-xemose-soin-apaisant-contour-des-yeux-15ml.jpg\",\"contentUrl\":\"https:\/\/pharmadreams.shop\/wp-content\/uploads\/2024\/11\/uriage-xemose-soin-apaisant-contour-des-yeux-15ml.jpg\",\"width\":500,\"height\":500},{\"@type\":\"BreadcrumbList\",\"@id\":\"https:\/\/pharmadreams.shop\/index.php\/product\/uriage-xemose-soin-apaisant-contour-des-yeux-15ml\/#breadcrumb\",\"itemListElement\":[{\"@type\":\"ListItem\",\"position\":1,\"name\":\"Accueil\",\"item\":\"https:\/\/pharmadreams.shop\/\"},{\"@type\":\"ListItem\",\"position\":2,\"name\":\"Shop\",\"item\":\"https:\/\/pharmadreams.shop\/index.php\/shop\/\"},{\"@type\":\"ListItem\",\"position\":3,\"name\":\"URIAGE XEMOSE SOIN APAISANT CONTOUR DES YEUX 15ML\"}]},{\"@type\":\"WebSite\",\"@id\":\"https:\/\/pharmadreams.shop\/#website\",\"url\":\"https:\/\/pharmadreams.shop\/\",\"name\":\"pharmadreams\",\"description\":\"Parapharmacie en ligne\",\"potentialAction\":[{\"@type\":\"SearchAction\",\"target\":{\"@type\":\"EntryPoint\",\"urlTemplate\":\"https:\/\/pharmadreams.shop\/?s={search_term_string}\"},\"query-input\":\"required name=search_term_string\"}],\"inLanguage\":\"fr-FR\"}]}<\/script>\n<!-- \/ Yoast SEO plugin. -->","yoast_head_json":{"title":"URIAGE XEMOSE SOIN APAISANT CONTOUR DES YEUX 15ML - pharmadreams","robots":{"index":"index","follow":"follow","max-snippet":"max-snippet:-1","max-image-preview":"max-image-preview:large","max-video-preview":"max-video-preview:-1"},"canonical":"https:\/\/pharmadreams.shop\/index.php\/product\/uriage-xemose-soin-apaisant-contour-des-yeux-15ml\/","og_locale":"fr_FR","og_type":"article","og_title":"URIAGE XEMOSE SOIN APAISANT CONTOUR DES YEUX 15ML - pharmadreams","og_description":"Le soin apaisant contour des yeux d'Uriage X\u00e9mose est sp\u00e9cialement con\u00e7u pour le soin des paupi\u00e8res s\u00e8ches \u00e0 tr\u00e8s s\u00e8ches et souffrant de d\u00e9mangeaisons. Il prend soin de la peau sensible du contour des yeux. En effet, celle-ci est \u00e0 la fois tr\u00e8s fine, tr\u00e8s expos\u00e9e et surtout tr\u00e8s sollicit\u00e9e par le mouvement des paupi\u00e8res et des muscles de cette zone. Pour les personnes ayant une peau s\u00e8che \u00e0 tr\u00e8s s\u00e8che, elle peut \u00eatre la source de d\u00e9mangeaisons et de douleurs.  Conseils d'utilisation :  Appliquer avec d\u00e9licatesse le matin et\/ou le soir sur le contour de l'oeil.","og_url":"https:\/\/pharmadreams.shop\/index.php\/product\/uriage-xemose-soin-apaisant-contour-des-yeux-15ml\/","og_site_name":"pharmadreams","og_image":[{"width":500,"height":500,"url":"https:\/\/pharmadreams.shop\/wp-content\/uploads\/2024\/11\/uriage-xemose-soin-apaisant-contour-des-yeux-15ml.jpg","type":"image\/jpeg"}],"twitter_card":"summary_large_image","twitter_misc":{"Dur\u00e9e de lecture estim\u00e9e":"1 minute"},"schema":{"@context":"https:\/\/schema.org","@graph":[{"@type":"WebPage","@id":"https:\/\/pharmadreams.shop\/index.php\/product\/uriage-xemose-soin-apaisant-contour-des-yeux-15ml\/","url":"https:\/\/pharmadreams.shop\/index.php\/product\/uriage-xemose-soin-apaisant-contour-des-yeux-15ml\/","name":"URIAGE XEMOSE SOIN APAISANT CONTOUR DES YEUX 15ML - pharmadreams","isPartOf":{"@id":"https:\/\/pharmadreams.shop\/#website"},"primaryImageOfPage":{"@id":"https:\/\/pharmadreams.shop\/index.php\/product\/uriage-xemose-soin-apaisant-contour-des-yeux-15ml\/#primaryimage"},"image":{"@id":"https:\/\/pharmadreams.shop\/index.php\/product\/uriage-xemose-soin-apaisant-contour-des-yeux-15ml\/#primaryimage"},"thumbnailUrl":"https:\/\/pharmadreams.shop\/wp-content\/uploads\/2024\/11\/uriage-xemose-soin-apaisant-contour-des-yeux-15ml.jpg","datePublished":"2024-11-06T15:59:57+00:00","dateModified":"2024-11-06T15:59:57+00:00","breadcrumb":{"@id":"https:\/\/pharmadreams.shop\/index.php\/product\/uriage-xemose-soin-apaisant-contour-des-yeux-15ml\/#breadcrumb"},"inLanguage":"fr-FR","potentialAction":[{"@type":"ReadAction","target":["https:\/\/pharmadreams.shop\/index.php\/product\/uriage-xemose-soin-apaisant-contour-des-yeux-15ml\/"]}]},{"@type":"ImageObject","inLanguage":"fr-FR","@id":"https:\/\/pharmadreams.shop\/index.php\/product\/uriage-xemose-soin-apaisant-contour-des-yeux-15ml\/#primaryimage","url":"https:\/\/pharmadreams.shop\/wp-content\/uploads\/2024\/11\/uriage-xemose-soin-apaisant-contour-des-yeux-15ml.jpg","contentUrl":"https:\/\/pharmadreams.shop\/wp-content\/uploads\/2024\/11\/uriage-xemose-soin-apaisant-contour-des-yeux-15ml.jpg","width":500,"height":500},{"@type":"BreadcrumbList","@id":"https:\/\/pharmadreams.shop\/index.php\/product\/uriage-xemose-soin-apaisant-contour-des-yeux-15ml\/#breadcrumb","itemListElement":[{"@type":"ListItem","position":1,"name":"Accueil","item":"https:\/\/pharmadreams.shop\/"},{"@type":"ListItem","position":2,"name":"Shop","item":"https:\/\/pharmadreams.shop\/index.php\/shop\/"},{"@type":"ListItem","position":3,"name":"URIAGE XEMOSE SOIN APAISANT CONTOUR DES YEUX 15ML"}]},{"@type":"WebSite","@id":"https:\/\/pharmadreams.shop\/#website","url":"https:\/\/pharmadreams.shop\/","name":"pharmadreams","description":"Parapharmacie en ligne","potentialAction":[{"@type":"SearchAction","target":{"@type":"EntryPoint","urlTemplate":"https:\/\/pharmadreams.shop\/?s={search_term_string}"},"query-input":"required name=search_term_string"}],"inLanguage":"fr-FR"}]}},"_links":{"self":[{"href":"https:\/\/pharmadreams.shop\/index.php\/wp-json\/wp\/v2\/product\/19119","targetHints":{"allow":["GET"]}}],"collection":[{"href":"https:\/\/pharmadreams.shop\/index.php\/wp-json\/wp\/v2\/product"}],"about":[{"href":"https:\/\/pharmadreams.shop\/index.php\/wp-json\/wp\/v2\/types\/product"}],"replies":[{"embeddable":true,"href":"https:\/\/pharmadreams.shop\/index.php\/wp-json\/wp\/v2\/comments?post=19119"}],"version-history":[{"count":0,"href":"https:\/\/pharmadreams.shop\/index.php\/wp-json\/wp\/v2\/product\/19119\/revisions"}],"wp:featuredmedia":[{"embeddable":true,"href":"https:\/\/pharmadreams.shop\/index.php\/wp-json\/wp\/v2\/media\/19120"}],"wp:attachment":[{"href":"https:\/\/pharmadreams.shop\/index.php\/wp-json\/wp\/v2\/media?parent=19119"}],"wp:term":[{"taxonomy":"product_brand","embeddable":true,"href":"https:\/\/pharmadreams.shop\/index.php\/wp-json\/wp\/v2\/product_brand?post=19119"},{"taxonomy":"product_cat","embeddable":true,"href":"https:\/\/pharmadreams.shop\/index.php\/wp-json\/wp\/v2\/product_cat?post=19119"},{"taxonomy":"product_tag","embeddable":true,"href":"https:\/\/pharmadreams.shop\/index.php\/wp-json\/wp\/v2\/product_tag?post=19119"}],"curies":[{"name":"wp","href":"https:\/\/api.w.org\/{rel}","templated":true}]}}