{"id":19159,"date":"2024-11-07T16:22:06","date_gmt":"2024-11-07T15:22:06","guid":{"rendered":"https:\/\/pharmadreams.shop\/?post_type=product&#038;p=19159"},"modified":"2024-11-07T16:22:06","modified_gmt":"2024-11-07T15:22:06","slug":"uriage-bariesun-brume-solaire-spf50-toucher-sec-200ml","status":"publish","type":"product","link":"https:\/\/pharmadreams.shop\/index.php\/product\/uriage-bariesun-brume-solaire-spf50-toucher-sec-200ml\/","title":{"rendered":"URIAGE BARIESUN BRUME SOLAIRE SPF50 TOUCHER SEC 200ML"},"content":{"rendered":"","protected":false},"excerpt":{"rendered":"<div class=\"product-tabs\">\n<div class=\"std\">\n<p>URIAGE Eau thermale Bari\u00e9sun Brume SPF50 Protection moyenne Application facile Toucher sec Peaux sensibles .<\/p>\n<p>D\u00e9velopp\u00e9e pour les peaux mates ou d\u00e9j\u00e0 bronz\u00e9es, cette brume peut s\u2019utiliser en relais aux produits solaires SPF50+.<br \/>\nAvec son a\u00e9rosol \u00e0 diffusion continue l\u2019application est facile et id\u00e9ale pour les zones \u00e9tendues.<br \/>\nSa texture fluide au fini invisible, hydratant et non-collant, prodigue au corps souplesse et confort.<\/p>\n<p>Prot\u00e8ge contre les UV :<br \/>\nSon nouveau complexe de filtres de derni\u00e8re g\u00e9n\u00e9ration assure une moyenne protection contre les UV.<br \/>\nCe soin garantit une photostabilit\u00e9 prouv\u00e9e et une large couverture UVB-UVA.<\/p>\n<\/div>\n<\/div>\n<div class=\"product-tabs\">\n<div class=\"title-border\">\n<h3 class=\"h2\">Conseils d&rsquo;utilisation<\/h3>\n<\/div>\n<div class=\"std\">\n<p>Avant l\u2019exposition, appliquer une dose g\u00e9n\u00e9reuse et homog\u00e8ne pour bien couvrir la zone expos\u00e9e au soleil.<br \/>\nRenouveler l\u2019application fr\u00e9quemment, surtout apr\u00e8s avoir transpir\u00e9, nag\u00e9 ou s\u2019\u00eatre essuy\u00e9.<\/p>\n<\/div>\n<\/div>\n","protected":false},"featured_media":19160,"comment_status":"open","ping_status":"closed","template":"","meta":[],"product_brand":[],"product_cat":[28,233],"product_tag":[],"class_list":{"0":"post-19159","1":"product","2":"type-product","3":"status-publish","4":"has-post-thumbnail","6":"product_cat-corps","7":"product_cat-protection-solaire","9":"first","10":"instock","11":"shipping-taxable","12":"purchasable","13":"product-type-simple"},"yoast_head":"<!-- This site is optimized with the Yoast SEO plugin v23.0 - https:\/\/yoast.com\/wordpress\/plugins\/seo\/ -->\n<title>URIAGE BARIESUN BRUME SOLAIRE SPF50 TOUCHER SEC 200ML - pharmadreams<\/title>\n<meta name=\"robots\" content=\"index, follow, max-snippet:-1, max-image-preview:large, max-video-preview:-1\" \/>\n<link rel=\"canonical\" href=\"https:\/\/pharmadreams.shop\/index.php\/product\/uriage-bariesun-brume-solaire-spf50-toucher-sec-200ml\/\" \/>\n<meta property=\"og:locale\" content=\"fr_FR\" \/>\n<meta property=\"og:type\" content=\"article\" \/>\n<meta property=\"og:title\" content=\"URIAGE BARIESUN BRUME SOLAIRE SPF50 TOUCHER SEC 200ML - pharmadreams\" \/>\n<meta property=\"og:description\" content=\"URIAGE Eau thermale Bari\u00e9sun Brume SPF50 Protection moyenne Application facile Toucher sec Peaux sensibles .  D\u00e9velopp\u00e9e pour les peaux mates ou d\u00e9j\u00e0 bronz\u00e9es, cette brume peut s\u2019utiliser en relais aux produits solaires SPF50+. Avec son a\u00e9rosol \u00e0 diffusion continue l\u2019application est facile et id\u00e9ale pour les zones \u00e9tendues. Sa texture fluide au fini invisible, hydratant et non-collant, prodigue au corps souplesse et confort.  Prot\u00e8ge contre les UV : Son nouveau complexe de filtres de derni\u00e8re g\u00e9n\u00e9ration assure une moyenne protection contre les UV. Ce soin garantit une photostabilit\u00e9 prouv\u00e9e et une large couverture UVB-UVA.      Conseils d&#039;utilisation    Avant l\u2019exposition, appliquer une dose g\u00e9n\u00e9reuse et homog\u00e8ne pour bien couvrir la zone expos\u00e9e au soleil. Renouveler l\u2019application fr\u00e9quemment, surtout apr\u00e8s avoir transpir\u00e9, nag\u00e9 ou s\u2019\u00eatre essuy\u00e9.\" \/>\n<meta property=\"og:url\" content=\"https:\/\/pharmadreams.shop\/index.php\/product\/uriage-bariesun-brume-solaire-spf50-toucher-sec-200ml\/\" \/>\n<meta property=\"og:site_name\" content=\"pharmadreams\" \/>\n<meta property=\"og:image\" content=\"https:\/\/pharmadreams.shop\/wp-content\/uploads\/2024\/11\/uriage-bariesun-brume-seche-spf50-200ml.jpg\" \/>\n\t<meta property=\"og:image:width\" content=\"600\" \/>\n\t<meta property=\"og:image:height\" content=\"727\" \/>\n\t<meta property=\"og:image:type\" content=\"image\/jpeg\" \/>\n<meta name=\"twitter:card\" content=\"summary_large_image\" \/>\n<meta name=\"twitter:label1\" content=\"Dur\u00e9e de lecture estim\u00e9e\" \/>\n\t<meta name=\"twitter:data1\" content=\"1 minute\" \/>\n<script type=\"application\/ld+json\" class=\"yoast-schema-graph\">{\"@context\":\"https:\/\/schema.org\",\"@graph\":[{\"@type\":\"WebPage\",\"@id\":\"https:\/\/pharmadreams.shop\/index.php\/product\/uriage-bariesun-brume-solaire-spf50-toucher-sec-200ml\/\",\"url\":\"https:\/\/pharmadreams.shop\/index.php\/product\/uriage-bariesun-brume-solaire-spf50-toucher-sec-200ml\/\",\"name\":\"URIAGE BARIESUN BRUME SOLAIRE SPF50 TOUCHER SEC 200ML - pharmadreams\",\"isPartOf\":{\"@id\":\"https:\/\/pharmadreams.shop\/#website\"},\"primaryImageOfPage\":{\"@id\":\"https:\/\/pharmadreams.shop\/index.php\/product\/uriage-bariesun-brume-solaire-spf50-toucher-sec-200ml\/#primaryimage\"},\"image\":{\"@id\":\"https:\/\/pharmadreams.shop\/index.php\/product\/uriage-bariesun-brume-solaire-spf50-toucher-sec-200ml\/#primaryimage\"},\"thumbnailUrl\":\"https:\/\/pharmadreams.shop\/wp-content\/uploads\/2024\/11\/uriage-bariesun-brume-seche-spf50-200ml.jpg\",\"datePublished\":\"2024-11-07T15:22:06+00:00\",\"dateModified\":\"2024-11-07T15:22:06+00:00\",\"breadcrumb\":{\"@id\":\"https:\/\/pharmadreams.shop\/index.php\/product\/uriage-bariesun-brume-solaire-spf50-toucher-sec-200ml\/#breadcrumb\"},\"inLanguage\":\"fr-FR\",\"potentialAction\":[{\"@type\":\"ReadAction\",\"target\":[\"https:\/\/pharmadreams.shop\/index.php\/product\/uriage-bariesun-brume-solaire-spf50-toucher-sec-200ml\/\"]}]},{\"@type\":\"ImageObject\",\"inLanguage\":\"fr-FR\",\"@id\":\"https:\/\/pharmadreams.shop\/index.php\/product\/uriage-bariesun-brume-solaire-spf50-toucher-sec-200ml\/#primaryimage\",\"url\":\"https:\/\/pharmadreams.shop\/wp-content\/uploads\/2024\/11\/uriage-bariesun-brume-seche-spf50-200ml.jpg\",\"contentUrl\":\"https:\/\/pharmadreams.shop\/wp-content\/uploads\/2024\/11\/uriage-bariesun-brume-seche-spf50-200ml.jpg\",\"width\":600,\"height\":727},{\"@type\":\"BreadcrumbList\",\"@id\":\"https:\/\/pharmadreams.shop\/index.php\/product\/uriage-bariesun-brume-solaire-spf50-toucher-sec-200ml\/#breadcrumb\",\"itemListElement\":[{\"@type\":\"ListItem\",\"position\":1,\"name\":\"Accueil\",\"item\":\"https:\/\/pharmadreams.shop\/\"},{\"@type\":\"ListItem\",\"position\":2,\"name\":\"Shop\",\"item\":\"https:\/\/pharmadreams.shop\/index.php\/shop\/\"},{\"@type\":\"ListItem\",\"position\":3,\"name\":\"URIAGE BARIESUN BRUME SOLAIRE SPF50 TOUCHER SEC 200ML\"}]},{\"@type\":\"WebSite\",\"@id\":\"https:\/\/pharmadreams.shop\/#website\",\"url\":\"https:\/\/pharmadreams.shop\/\",\"name\":\"pharmadreams\",\"description\":\"Parapharmacie en ligne\",\"potentialAction\":[{\"@type\":\"SearchAction\",\"target\":{\"@type\":\"EntryPoint\",\"urlTemplate\":\"https:\/\/pharmadreams.shop\/?s={search_term_string}\"},\"query-input\":\"required name=search_term_string\"}],\"inLanguage\":\"fr-FR\"}]}<\/script>\n<!-- \/ Yoast SEO plugin. -->","yoast_head_json":{"title":"URIAGE BARIESUN BRUME SOLAIRE SPF50 TOUCHER SEC 200ML - pharmadreams","robots":{"index":"index","follow":"follow","max-snippet":"max-snippet:-1","max-image-preview":"max-image-preview:large","max-video-preview":"max-video-preview:-1"},"canonical":"https:\/\/pharmadreams.shop\/index.php\/product\/uriage-bariesun-brume-solaire-spf50-toucher-sec-200ml\/","og_locale":"fr_FR","og_type":"article","og_title":"URIAGE BARIESUN BRUME SOLAIRE SPF50 TOUCHER SEC 200ML - pharmadreams","og_description":"URIAGE Eau thermale Bari\u00e9sun Brume SPF50 Protection moyenne Application facile Toucher sec Peaux sensibles .  D\u00e9velopp\u00e9e pour les peaux mates ou d\u00e9j\u00e0 bronz\u00e9es, cette brume peut s\u2019utiliser en relais aux produits solaires SPF50+. Avec son a\u00e9rosol \u00e0 diffusion continue l\u2019application est facile et id\u00e9ale pour les zones \u00e9tendues. Sa texture fluide au fini invisible, hydratant et non-collant, prodigue au corps souplesse et confort.  Prot\u00e8ge contre les UV : Son nouveau complexe de filtres de derni\u00e8re g\u00e9n\u00e9ration assure une moyenne protection contre les UV. Ce soin garantit une photostabilit\u00e9 prouv\u00e9e et une large couverture UVB-UVA.      Conseils d'utilisation    Avant l\u2019exposition, appliquer une dose g\u00e9n\u00e9reuse et homog\u00e8ne pour bien couvrir la zone expos\u00e9e au soleil. Renouveler l\u2019application fr\u00e9quemment, surtout apr\u00e8s avoir transpir\u00e9, nag\u00e9 ou s\u2019\u00eatre essuy\u00e9.","og_url":"https:\/\/pharmadreams.shop\/index.php\/product\/uriage-bariesun-brume-solaire-spf50-toucher-sec-200ml\/","og_site_name":"pharmadreams","og_image":[{"width":600,"height":727,"url":"https:\/\/pharmadreams.shop\/wp-content\/uploads\/2024\/11\/uriage-bariesun-brume-seche-spf50-200ml.jpg","type":"image\/jpeg"}],"twitter_card":"summary_large_image","twitter_misc":{"Dur\u00e9e de lecture estim\u00e9e":"1 minute"},"schema":{"@context":"https:\/\/schema.org","@graph":[{"@type":"WebPage","@id":"https:\/\/pharmadreams.shop\/index.php\/product\/uriage-bariesun-brume-solaire-spf50-toucher-sec-200ml\/","url":"https:\/\/pharmadreams.shop\/index.php\/product\/uriage-bariesun-brume-solaire-spf50-toucher-sec-200ml\/","name":"URIAGE BARIESUN BRUME SOLAIRE SPF50 TOUCHER SEC 200ML - pharmadreams","isPartOf":{"@id":"https:\/\/pharmadreams.shop\/#website"},"primaryImageOfPage":{"@id":"https:\/\/pharmadreams.shop\/index.php\/product\/uriage-bariesun-brume-solaire-spf50-toucher-sec-200ml\/#primaryimage"},"image":{"@id":"https:\/\/pharmadreams.shop\/index.php\/product\/uriage-bariesun-brume-solaire-spf50-toucher-sec-200ml\/#primaryimage"},"thumbnailUrl":"https:\/\/pharmadreams.shop\/wp-content\/uploads\/2024\/11\/uriage-bariesun-brume-seche-spf50-200ml.jpg","datePublished":"2024-11-07T15:22:06+00:00","dateModified":"2024-11-07T15:22:06+00:00","breadcrumb":{"@id":"https:\/\/pharmadreams.shop\/index.php\/product\/uriage-bariesun-brume-solaire-spf50-toucher-sec-200ml\/#breadcrumb"},"inLanguage":"fr-FR","potentialAction":[{"@type":"ReadAction","target":["https:\/\/pharmadreams.shop\/index.php\/product\/uriage-bariesun-brume-solaire-spf50-toucher-sec-200ml\/"]}]},{"@type":"ImageObject","inLanguage":"fr-FR","@id":"https:\/\/pharmadreams.shop\/index.php\/product\/uriage-bariesun-brume-solaire-spf50-toucher-sec-200ml\/#primaryimage","url":"https:\/\/pharmadreams.shop\/wp-content\/uploads\/2024\/11\/uriage-bariesun-brume-seche-spf50-200ml.jpg","contentUrl":"https:\/\/pharmadreams.shop\/wp-content\/uploads\/2024\/11\/uriage-bariesun-brume-seche-spf50-200ml.jpg","width":600,"height":727},{"@type":"BreadcrumbList","@id":"https:\/\/pharmadreams.shop\/index.php\/product\/uriage-bariesun-brume-solaire-spf50-toucher-sec-200ml\/#breadcrumb","itemListElement":[{"@type":"ListItem","position":1,"name":"Accueil","item":"https:\/\/pharmadreams.shop\/"},{"@type":"ListItem","position":2,"name":"Shop","item":"https:\/\/pharmadreams.shop\/index.php\/shop\/"},{"@type":"ListItem","position":3,"name":"URIAGE BARIESUN BRUME SOLAIRE SPF50 TOUCHER SEC 200ML"}]},{"@type":"WebSite","@id":"https:\/\/pharmadreams.shop\/#website","url":"https:\/\/pharmadreams.shop\/","name":"pharmadreams","description":"Parapharmacie en ligne","potentialAction":[{"@type":"SearchAction","target":{"@type":"EntryPoint","urlTemplate":"https:\/\/pharmadreams.shop\/?s={search_term_string}"},"query-input":"required name=search_term_string"}],"inLanguage":"fr-FR"}]}},"_links":{"self":[{"href":"https:\/\/pharmadreams.shop\/index.php\/wp-json\/wp\/v2\/product\/19159","targetHints":{"allow":["GET"]}}],"collection":[{"href":"https:\/\/pharmadreams.shop\/index.php\/wp-json\/wp\/v2\/product"}],"about":[{"href":"https:\/\/pharmadreams.shop\/index.php\/wp-json\/wp\/v2\/types\/product"}],"replies":[{"embeddable":true,"href":"https:\/\/pharmadreams.shop\/index.php\/wp-json\/wp\/v2\/comments?post=19159"}],"version-history":[{"count":0,"href":"https:\/\/pharmadreams.shop\/index.php\/wp-json\/wp\/v2\/product\/19159\/revisions"}],"wp:featuredmedia":[{"embeddable":true,"href":"https:\/\/pharmadreams.shop\/index.php\/wp-json\/wp\/v2\/media\/19160"}],"wp:attachment":[{"href":"https:\/\/pharmadreams.shop\/index.php\/wp-json\/wp\/v2\/media?parent=19159"}],"wp:term":[{"taxonomy":"product_brand","embeddable":true,"href":"https:\/\/pharmadreams.shop\/index.php\/wp-json\/wp\/v2\/product_brand?post=19159"},{"taxonomy":"product_cat","embeddable":true,"href":"https:\/\/pharmadreams.shop\/index.php\/wp-json\/wp\/v2\/product_cat?post=19159"},{"taxonomy":"product_tag","embeddable":true,"href":"https:\/\/pharmadreams.shop\/index.php\/wp-json\/wp\/v2\/product_tag?post=19159"}],"curies":[{"name":"wp","href":"https:\/\/api.w.org\/{rel}","templated":true}]}}