{"id":19165,"date":"2024-11-07T16:45:11","date_gmt":"2024-11-07T15:45:11","guid":{"rendered":"https:\/\/pharmadreams.shop\/?post_type=product&#038;p=19165"},"modified":"2024-11-07T16:45:12","modified_gmt":"2024-11-07T15:45:12","slug":"uriage-ds-hair-shampooing-keratoreducteur-150ml","status":"publish","type":"product","link":"https:\/\/pharmadreams.shop\/index.php\/product\/uriage-ds-hair-shampooing-keratoreducteur-150ml\/","title":{"rendered":"URIAGE DS HAIR SHAMPOOING KERATOREDUCTEUR 150ML"},"content":{"rendered":"","protected":false},"excerpt":{"rendered":"<p>Uriage DS Hair Shampooing Traitant K\u00e9rator\u00e9ducteur 150 ml est un shampooing traitant k\u00e9rator\u00e9ducteur qui \u00e9limine les pellicules, s\u00e8ches ou grasses et exfolie les squames.<\/p>\n<p><strong>Conseil d&rsquo;utilisation:<\/strong><\/p>\n<div class=\"tabcontent\">\n<div>\n<div id=\"type_info_prio_6_1\">Appliquer 1 \u00e0 2 fois par semaine sur cheveux mouill\u00e9s, le front et la nuque. Faire mousser en massant avec douceur, laisser poser 2-3 minutes puis rincer abondamment. En relais, utiliser DS HAIR Shampooing doux \u00e9quilibrant.<br \/>\nNe pas utiliser chez l&rsquo;enfant de moins de 3 ans, la femme enceinte ou allaitante.<\/div>\n<div><span class=\"bold\">Indication<\/span>\u00a0:\u00a0<span id=\"type_info_prio_6_2_1\">Diminuer les rougeurs, \u00e9liminer les squames, apaiser les d\u00e9mangeaisons. Pellicules s\u00e9v\u00e8res.<\/span><\/div>\n<\/div>\n<\/div>\n","protected":false},"featured_media":19166,"comment_status":"open","ping_status":"closed","template":"","meta":[],"product_brand":[],"product_cat":[280,53],"product_tag":[],"class_list":{"0":"post-19165","1":"product","2":"type-product","3":"status-publish","4":"has-post-thumbnail","6":"product_cat-anti-pelliculaire","7":"product_cat-cheveux","9":"first","10":"instock","11":"shipping-taxable","12":"purchasable","13":"product-type-simple"},"yoast_head":"<!-- This site is optimized with the Yoast SEO plugin v23.0 - https:\/\/yoast.com\/wordpress\/plugins\/seo\/ -->\n<title>URIAGE DS HAIR SHAMPOOING KERATOREDUCTEUR 150ML - pharmadreams<\/title>\n<meta name=\"robots\" content=\"index, follow, max-snippet:-1, max-image-preview:large, max-video-preview:-1\" \/>\n<link rel=\"canonical\" href=\"https:\/\/pharmadreams.shop\/index.php\/product\/uriage-ds-hair-shampooing-keratoreducteur-150ml\/\" \/>\n<meta property=\"og:locale\" content=\"fr_FR\" \/>\n<meta property=\"og:type\" content=\"article\" \/>\n<meta property=\"og:title\" content=\"URIAGE DS HAIR SHAMPOOING KERATOREDUCTEUR 150ML - pharmadreams\" \/>\n<meta property=\"og:description\" content=\"Uriage DS Hair Shampooing Traitant K\u00e9rator\u00e9ducteur 150 ml est un shampooing traitant k\u00e9rator\u00e9ducteur qui \u00e9limine les pellicules, s\u00e8ches ou grasses et exfolie les squames.  Conseil d&#039;utilisation:   Appliquer 1 \u00e0 2 fois par semaine sur cheveux mouill\u00e9s, le front et la nuque. Faire mousser en massant avec douceur, laisser poser 2-3 minutes puis rincer abondamment. En relais, utiliser DS HAIR Shampooing doux \u00e9quilibrant. Ne pas utiliser chez l&#039;enfant de moins de 3 ans, la femme enceinte ou allaitante. Indication\u00a0:\u00a0Diminuer les rougeurs, \u00e9liminer les squames, apaiser les d\u00e9mangeaisons. Pellicules s\u00e9v\u00e8res.\" \/>\n<meta property=\"og:url\" content=\"https:\/\/pharmadreams.shop\/index.php\/product\/uriage-ds-hair-shampooing-keratoreducteur-150ml\/\" \/>\n<meta property=\"og:site_name\" content=\"pharmadreams\" \/>\n<meta property=\"article:modified_time\" content=\"2024-11-07T15:45:12+00:00\" \/>\n<meta property=\"og:image\" content=\"https:\/\/pharmadreams.shop\/wp-content\/uploads\/2024\/11\/uriage-ds-hair-shampooing-keratoregulateur-150ml.jpg\" \/>\n\t<meta property=\"og:image:width\" content=\"500\" \/>\n\t<meta property=\"og:image:height\" content=\"500\" \/>\n\t<meta property=\"og:image:type\" content=\"image\/jpeg\" \/>\n<meta name=\"twitter:card\" content=\"summary_large_image\" \/>\n<meta name=\"twitter:label1\" content=\"Dur\u00e9e de lecture estim\u00e9e\" \/>\n\t<meta name=\"twitter:data1\" content=\"1 minute\" \/>\n<script type=\"application\/ld+json\" class=\"yoast-schema-graph\">{\"@context\":\"https:\/\/schema.org\",\"@graph\":[{\"@type\":\"WebPage\",\"@id\":\"https:\/\/pharmadreams.shop\/index.php\/product\/uriage-ds-hair-shampooing-keratoreducteur-150ml\/\",\"url\":\"https:\/\/pharmadreams.shop\/index.php\/product\/uriage-ds-hair-shampooing-keratoreducteur-150ml\/\",\"name\":\"URIAGE DS HAIR SHAMPOOING KERATOREDUCTEUR 150ML - pharmadreams\",\"isPartOf\":{\"@id\":\"https:\/\/pharmadreams.shop\/#website\"},\"primaryImageOfPage\":{\"@id\":\"https:\/\/pharmadreams.shop\/index.php\/product\/uriage-ds-hair-shampooing-keratoreducteur-150ml\/#primaryimage\"},\"image\":{\"@id\":\"https:\/\/pharmadreams.shop\/index.php\/product\/uriage-ds-hair-shampooing-keratoreducteur-150ml\/#primaryimage\"},\"thumbnailUrl\":\"https:\/\/pharmadreams.shop\/wp-content\/uploads\/2024\/11\/uriage-ds-hair-shampooing-keratoregulateur-150ml.jpg\",\"datePublished\":\"2024-11-07T15:45:11+00:00\",\"dateModified\":\"2024-11-07T15:45:12+00:00\",\"breadcrumb\":{\"@id\":\"https:\/\/pharmadreams.shop\/index.php\/product\/uriage-ds-hair-shampooing-keratoreducteur-150ml\/#breadcrumb\"},\"inLanguage\":\"fr-FR\",\"potentialAction\":[{\"@type\":\"ReadAction\",\"target\":[\"https:\/\/pharmadreams.shop\/index.php\/product\/uriage-ds-hair-shampooing-keratoreducteur-150ml\/\"]}]},{\"@type\":\"ImageObject\",\"inLanguage\":\"fr-FR\",\"@id\":\"https:\/\/pharmadreams.shop\/index.php\/product\/uriage-ds-hair-shampooing-keratoreducteur-150ml\/#primaryimage\",\"url\":\"https:\/\/pharmadreams.shop\/wp-content\/uploads\/2024\/11\/uriage-ds-hair-shampooing-keratoregulateur-150ml.jpg\",\"contentUrl\":\"https:\/\/pharmadreams.shop\/wp-content\/uploads\/2024\/11\/uriage-ds-hair-shampooing-keratoregulateur-150ml.jpg\",\"width\":500,\"height\":500},{\"@type\":\"BreadcrumbList\",\"@id\":\"https:\/\/pharmadreams.shop\/index.php\/product\/uriage-ds-hair-shampooing-keratoreducteur-150ml\/#breadcrumb\",\"itemListElement\":[{\"@type\":\"ListItem\",\"position\":1,\"name\":\"Accueil\",\"item\":\"https:\/\/pharmadreams.shop\/\"},{\"@type\":\"ListItem\",\"position\":2,\"name\":\"Shop\",\"item\":\"https:\/\/pharmadreams.shop\/index.php\/shop\/\"},{\"@type\":\"ListItem\",\"position\":3,\"name\":\"URIAGE DS HAIR SHAMPOOING KERATOREDUCTEUR 150ML\"}]},{\"@type\":\"WebSite\",\"@id\":\"https:\/\/pharmadreams.shop\/#website\",\"url\":\"https:\/\/pharmadreams.shop\/\",\"name\":\"pharmadreams\",\"description\":\"Parapharmacie en ligne\",\"potentialAction\":[{\"@type\":\"SearchAction\",\"target\":{\"@type\":\"EntryPoint\",\"urlTemplate\":\"https:\/\/pharmadreams.shop\/?s={search_term_string}\"},\"query-input\":\"required name=search_term_string\"}],\"inLanguage\":\"fr-FR\"}]}<\/script>\n<!-- \/ Yoast SEO plugin. -->","yoast_head_json":{"title":"URIAGE DS HAIR SHAMPOOING KERATOREDUCTEUR 150ML - pharmadreams","robots":{"index":"index","follow":"follow","max-snippet":"max-snippet:-1","max-image-preview":"max-image-preview:large","max-video-preview":"max-video-preview:-1"},"canonical":"https:\/\/pharmadreams.shop\/index.php\/product\/uriage-ds-hair-shampooing-keratoreducteur-150ml\/","og_locale":"fr_FR","og_type":"article","og_title":"URIAGE DS HAIR SHAMPOOING KERATOREDUCTEUR 150ML - pharmadreams","og_description":"Uriage DS Hair Shampooing Traitant K\u00e9rator\u00e9ducteur 150 ml est un shampooing traitant k\u00e9rator\u00e9ducteur qui \u00e9limine les pellicules, s\u00e8ches ou grasses et exfolie les squames.  Conseil d'utilisation:   Appliquer 1 \u00e0 2 fois par semaine sur cheveux mouill\u00e9s, le front et la nuque. Faire mousser en massant avec douceur, laisser poser 2-3 minutes puis rincer abondamment. En relais, utiliser DS HAIR Shampooing doux \u00e9quilibrant. Ne pas utiliser chez l'enfant de moins de 3 ans, la femme enceinte ou allaitante. Indication\u00a0:\u00a0Diminuer les rougeurs, \u00e9liminer les squames, apaiser les d\u00e9mangeaisons. Pellicules s\u00e9v\u00e8res.","og_url":"https:\/\/pharmadreams.shop\/index.php\/product\/uriage-ds-hair-shampooing-keratoreducteur-150ml\/","og_site_name":"pharmadreams","article_modified_time":"2024-11-07T15:45:12+00:00","og_image":[{"width":500,"height":500,"url":"https:\/\/pharmadreams.shop\/wp-content\/uploads\/2024\/11\/uriage-ds-hair-shampooing-keratoregulateur-150ml.jpg","type":"image\/jpeg"}],"twitter_card":"summary_large_image","twitter_misc":{"Dur\u00e9e de lecture estim\u00e9e":"1 minute"},"schema":{"@context":"https:\/\/schema.org","@graph":[{"@type":"WebPage","@id":"https:\/\/pharmadreams.shop\/index.php\/product\/uriage-ds-hair-shampooing-keratoreducteur-150ml\/","url":"https:\/\/pharmadreams.shop\/index.php\/product\/uriage-ds-hair-shampooing-keratoreducteur-150ml\/","name":"URIAGE DS HAIR SHAMPOOING KERATOREDUCTEUR 150ML - pharmadreams","isPartOf":{"@id":"https:\/\/pharmadreams.shop\/#website"},"primaryImageOfPage":{"@id":"https:\/\/pharmadreams.shop\/index.php\/product\/uriage-ds-hair-shampooing-keratoreducteur-150ml\/#primaryimage"},"image":{"@id":"https:\/\/pharmadreams.shop\/index.php\/product\/uriage-ds-hair-shampooing-keratoreducteur-150ml\/#primaryimage"},"thumbnailUrl":"https:\/\/pharmadreams.shop\/wp-content\/uploads\/2024\/11\/uriage-ds-hair-shampooing-keratoregulateur-150ml.jpg","datePublished":"2024-11-07T15:45:11+00:00","dateModified":"2024-11-07T15:45:12+00:00","breadcrumb":{"@id":"https:\/\/pharmadreams.shop\/index.php\/product\/uriage-ds-hair-shampooing-keratoreducteur-150ml\/#breadcrumb"},"inLanguage":"fr-FR","potentialAction":[{"@type":"ReadAction","target":["https:\/\/pharmadreams.shop\/index.php\/product\/uriage-ds-hair-shampooing-keratoreducteur-150ml\/"]}]},{"@type":"ImageObject","inLanguage":"fr-FR","@id":"https:\/\/pharmadreams.shop\/index.php\/product\/uriage-ds-hair-shampooing-keratoreducteur-150ml\/#primaryimage","url":"https:\/\/pharmadreams.shop\/wp-content\/uploads\/2024\/11\/uriage-ds-hair-shampooing-keratoregulateur-150ml.jpg","contentUrl":"https:\/\/pharmadreams.shop\/wp-content\/uploads\/2024\/11\/uriage-ds-hair-shampooing-keratoregulateur-150ml.jpg","width":500,"height":500},{"@type":"BreadcrumbList","@id":"https:\/\/pharmadreams.shop\/index.php\/product\/uriage-ds-hair-shampooing-keratoreducteur-150ml\/#breadcrumb","itemListElement":[{"@type":"ListItem","position":1,"name":"Accueil","item":"https:\/\/pharmadreams.shop\/"},{"@type":"ListItem","position":2,"name":"Shop","item":"https:\/\/pharmadreams.shop\/index.php\/shop\/"},{"@type":"ListItem","position":3,"name":"URIAGE DS HAIR SHAMPOOING KERATOREDUCTEUR 150ML"}]},{"@type":"WebSite","@id":"https:\/\/pharmadreams.shop\/#website","url":"https:\/\/pharmadreams.shop\/","name":"pharmadreams","description":"Parapharmacie en ligne","potentialAction":[{"@type":"SearchAction","target":{"@type":"EntryPoint","urlTemplate":"https:\/\/pharmadreams.shop\/?s={search_term_string}"},"query-input":"required name=search_term_string"}],"inLanguage":"fr-FR"}]}},"_links":{"self":[{"href":"https:\/\/pharmadreams.shop\/index.php\/wp-json\/wp\/v2\/product\/19165","targetHints":{"allow":["GET"]}}],"collection":[{"href":"https:\/\/pharmadreams.shop\/index.php\/wp-json\/wp\/v2\/product"}],"about":[{"href":"https:\/\/pharmadreams.shop\/index.php\/wp-json\/wp\/v2\/types\/product"}],"replies":[{"embeddable":true,"href":"https:\/\/pharmadreams.shop\/index.php\/wp-json\/wp\/v2\/comments?post=19165"}],"version-history":[{"count":0,"href":"https:\/\/pharmadreams.shop\/index.php\/wp-json\/wp\/v2\/product\/19165\/revisions"}],"wp:featuredmedia":[{"embeddable":true,"href":"https:\/\/pharmadreams.shop\/index.php\/wp-json\/wp\/v2\/media\/19166"}],"wp:attachment":[{"href":"https:\/\/pharmadreams.shop\/index.php\/wp-json\/wp\/v2\/media?parent=19165"}],"wp:term":[{"taxonomy":"product_brand","embeddable":true,"href":"https:\/\/pharmadreams.shop\/index.php\/wp-json\/wp\/v2\/product_brand?post=19165"},{"taxonomy":"product_cat","embeddable":true,"href":"https:\/\/pharmadreams.shop\/index.php\/wp-json\/wp\/v2\/product_cat?post=19165"},{"taxonomy":"product_tag","embeddable":true,"href":"https:\/\/pharmadreams.shop\/index.php\/wp-json\/wp\/v2\/product_tag?post=19165"}],"curies":[{"name":"wp","href":"https:\/\/api.w.org\/{rel}","templated":true}]}}