{"id":19180,"date":"2024-11-07T17:36:43","date_gmt":"2024-11-07T16:36:43","guid":{"rendered":"https:\/\/pharmadreams.shop\/?post_type=product&#038;p=19180"},"modified":"2024-11-07T17:36:43","modified_gmt":"2024-11-07T16:36:43","slug":"uriage-ds-hair-lotion-antipelliculaire-regulatrice-100ml","status":"publish","type":"product","link":"https:\/\/pharmadreams.shop\/index.php\/product\/uriage-ds-hair-lotion-antipelliculaire-regulatrice-100ml\/","title":{"rendered":"URIAGE DS HAIR LOTION ANTIPELLICULAIRE REGULATRICE 100ML"},"content":{"rendered":"","protected":false},"excerpt":{"rendered":"<p style=\"font-weight: 400;\">D.S. Lotion est une solution r\u00e9gulatrice non grasse \u00e0 utiliser quotidiennement. Rapidement le cuir chevelu se normalise, son aspect redevient sain, les pellicules disparaissent.<\/p>\n<p style=\"font-weight: 400;\">Elimine les squames<\/p>\n<p style=\"font-weight: 400;\">L&rsquo;Huile Essentielle de Cade est un actif anti-squames qui r\u00e9gule le renouvellement cellulaire.<\/p>\n<p style=\"font-weight: 400;\">Calme les d\u00e9mangeaisons<\/p>\n<p style=\"font-weight: 400;\">La technologie brevet\u00e9e TLR2-Regul agit sp\u00e9cifiquement sur les irritations du cuir chevelu d\u00e9clench\u00e9es par la pr\u00e9sence de micro-organismes.<\/p>\n<p style=\"font-weight: 400;\">Assainit et purifie<\/p>\n<p style=\"font-weight: 400;\">Enrichie en Eau Thermale d&rsquo;Uriage et en actifs assainissants, la peau est purifi\u00e9e.<\/p>\n<p style=\"font-weight: 400;\"><b><strong>Conseils d&rsquo;utilisation\u00a0:<\/strong><\/b><\/p>\n<p style=\"font-weight: 400;\">Vaporiser sur cuir chevelu sec ou mouill\u00e9, raie par raie : 2 fois par jour en cas de crise, 1 fois par jour en entretien pr\u00e9ventif.<\/p>\n<p style=\"font-weight: 400;\">Laisser agir.<\/p>\n<p style=\"font-weight: 400;\">Sans rin\u00e7age.<\/p>\n","protected":false},"featured_media":19181,"comment_status":"open","ping_status":"closed","template":"","meta":[],"product_brand":[],"product_cat":[280,53],"product_tag":[],"class_list":{"0":"post-19180","1":"product","2":"type-product","3":"status-publish","4":"has-post-thumbnail","6":"product_cat-anti-pelliculaire","7":"product_cat-cheveux","9":"first","10":"instock","11":"shipping-taxable","12":"purchasable","13":"product-type-simple"},"yoast_head":"<!-- This site is optimized with the Yoast SEO plugin v23.0 - https:\/\/yoast.com\/wordpress\/plugins\/seo\/ -->\n<title>URIAGE DS HAIR LOTION ANTIPELLICULAIRE REGULATRICE 100ML - pharmadreams<\/title>\n<meta name=\"robots\" content=\"index, follow, max-snippet:-1, max-image-preview:large, max-video-preview:-1\" \/>\n<link rel=\"canonical\" href=\"https:\/\/pharmadreams.shop\/index.php\/product\/uriage-ds-hair-lotion-antipelliculaire-regulatrice-100ml\/\" \/>\n<meta property=\"og:locale\" content=\"fr_FR\" \/>\n<meta property=\"og:type\" content=\"article\" \/>\n<meta property=\"og:title\" content=\"URIAGE DS HAIR LOTION ANTIPELLICULAIRE REGULATRICE 100ML - pharmadreams\" \/>\n<meta property=\"og:description\" content=\"D.S. Lotion est une solution r\u00e9gulatrice non grasse \u00e0 utiliser quotidiennement. Rapidement le cuir chevelu se normalise, son aspect redevient sain, les pellicules disparaissent. Elimine les squames L&#039;Huile Essentielle de Cade est un actif anti-squames qui r\u00e9gule le renouvellement cellulaire. Calme les d\u00e9mangeaisons La technologie brevet\u00e9e TLR2-Regul agit sp\u00e9cifiquement sur les irritations du cuir chevelu d\u00e9clench\u00e9es par la pr\u00e9sence de micro-organismes. Assainit et purifie Enrichie en Eau Thermale d&#039;Uriage et en actifs assainissants, la peau est purifi\u00e9e. Conseils d&#039;utilisation\u00a0: Vaporiser sur cuir chevelu sec ou mouill\u00e9, raie par raie : 2 fois par jour en cas de crise, 1 fois par jour en entretien pr\u00e9ventif. Laisser agir. Sans rin\u00e7age.\" \/>\n<meta property=\"og:url\" content=\"https:\/\/pharmadreams.shop\/index.php\/product\/uriage-ds-hair-lotion-antipelliculaire-regulatrice-100ml\/\" \/>\n<meta property=\"og:site_name\" content=\"pharmadreams\" \/>\n<meta property=\"og:image\" content=\"https:\/\/pharmadreams.shop\/wp-content\/uploads\/2024\/11\/65149812-ds-lotion-apaisante-100ml-f-0718-ld-20164619000000.png\" \/>\n\t<meta property=\"og:image:width\" content=\"230\" \/>\n\t<meta property=\"og:image:height\" content=\"600\" \/>\n\t<meta property=\"og:image:type\" content=\"image\/png\" \/>\n<meta name=\"twitter:card\" content=\"summary_large_image\" \/>\n<meta name=\"twitter:label1\" content=\"Dur\u00e9e de lecture estim\u00e9e\" \/>\n\t<meta name=\"twitter:data1\" content=\"1 minute\" \/>\n<script type=\"application\/ld+json\" class=\"yoast-schema-graph\">{\"@context\":\"https:\/\/schema.org\",\"@graph\":[{\"@type\":\"WebPage\",\"@id\":\"https:\/\/pharmadreams.shop\/index.php\/product\/uriage-ds-hair-lotion-antipelliculaire-regulatrice-100ml\/\",\"url\":\"https:\/\/pharmadreams.shop\/index.php\/product\/uriage-ds-hair-lotion-antipelliculaire-regulatrice-100ml\/\",\"name\":\"URIAGE DS HAIR LOTION ANTIPELLICULAIRE REGULATRICE 100ML - pharmadreams\",\"isPartOf\":{\"@id\":\"https:\/\/pharmadreams.shop\/#website\"},\"primaryImageOfPage\":{\"@id\":\"https:\/\/pharmadreams.shop\/index.php\/product\/uriage-ds-hair-lotion-antipelliculaire-regulatrice-100ml\/#primaryimage\"},\"image\":{\"@id\":\"https:\/\/pharmadreams.shop\/index.php\/product\/uriage-ds-hair-lotion-antipelliculaire-regulatrice-100ml\/#primaryimage\"},\"thumbnailUrl\":\"https:\/\/pharmadreams.shop\/wp-content\/uploads\/2024\/11\/65149812-ds-lotion-apaisante-100ml-f-0718-ld-20164619000000.png\",\"datePublished\":\"2024-11-07T16:36:43+00:00\",\"dateModified\":\"2024-11-07T16:36:43+00:00\",\"breadcrumb\":{\"@id\":\"https:\/\/pharmadreams.shop\/index.php\/product\/uriage-ds-hair-lotion-antipelliculaire-regulatrice-100ml\/#breadcrumb\"},\"inLanguage\":\"fr-FR\",\"potentialAction\":[{\"@type\":\"ReadAction\",\"target\":[\"https:\/\/pharmadreams.shop\/index.php\/product\/uriage-ds-hair-lotion-antipelliculaire-regulatrice-100ml\/\"]}]},{\"@type\":\"ImageObject\",\"inLanguage\":\"fr-FR\",\"@id\":\"https:\/\/pharmadreams.shop\/index.php\/product\/uriage-ds-hair-lotion-antipelliculaire-regulatrice-100ml\/#primaryimage\",\"url\":\"https:\/\/pharmadreams.shop\/wp-content\/uploads\/2024\/11\/65149812-ds-lotion-apaisante-100ml-f-0718-ld-20164619000000.png\",\"contentUrl\":\"https:\/\/pharmadreams.shop\/wp-content\/uploads\/2024\/11\/65149812-ds-lotion-apaisante-100ml-f-0718-ld-20164619000000.png\",\"width\":230,\"height\":600},{\"@type\":\"BreadcrumbList\",\"@id\":\"https:\/\/pharmadreams.shop\/index.php\/product\/uriage-ds-hair-lotion-antipelliculaire-regulatrice-100ml\/#breadcrumb\",\"itemListElement\":[{\"@type\":\"ListItem\",\"position\":1,\"name\":\"Accueil\",\"item\":\"https:\/\/pharmadreams.shop\/\"},{\"@type\":\"ListItem\",\"position\":2,\"name\":\"Shop\",\"item\":\"https:\/\/pharmadreams.shop\/index.php\/shop\/\"},{\"@type\":\"ListItem\",\"position\":3,\"name\":\"URIAGE DS HAIR LOTION ANTIPELLICULAIRE REGULATRICE 100ML\"}]},{\"@type\":\"WebSite\",\"@id\":\"https:\/\/pharmadreams.shop\/#website\",\"url\":\"https:\/\/pharmadreams.shop\/\",\"name\":\"pharmadreams\",\"description\":\"Parapharmacie en ligne\",\"potentialAction\":[{\"@type\":\"SearchAction\",\"target\":{\"@type\":\"EntryPoint\",\"urlTemplate\":\"https:\/\/pharmadreams.shop\/?s={search_term_string}\"},\"query-input\":\"required name=search_term_string\"}],\"inLanguage\":\"fr-FR\"}]}<\/script>\n<!-- \/ Yoast SEO plugin. -->","yoast_head_json":{"title":"URIAGE DS HAIR LOTION ANTIPELLICULAIRE REGULATRICE 100ML - pharmadreams","robots":{"index":"index","follow":"follow","max-snippet":"max-snippet:-1","max-image-preview":"max-image-preview:large","max-video-preview":"max-video-preview:-1"},"canonical":"https:\/\/pharmadreams.shop\/index.php\/product\/uriage-ds-hair-lotion-antipelliculaire-regulatrice-100ml\/","og_locale":"fr_FR","og_type":"article","og_title":"URIAGE DS HAIR LOTION ANTIPELLICULAIRE REGULATRICE 100ML - pharmadreams","og_description":"D.S. Lotion est une solution r\u00e9gulatrice non grasse \u00e0 utiliser quotidiennement. Rapidement le cuir chevelu se normalise, son aspect redevient sain, les pellicules disparaissent. Elimine les squames L'Huile Essentielle de Cade est un actif anti-squames qui r\u00e9gule le renouvellement cellulaire. Calme les d\u00e9mangeaisons La technologie brevet\u00e9e TLR2-Regul agit sp\u00e9cifiquement sur les irritations du cuir chevelu d\u00e9clench\u00e9es par la pr\u00e9sence de micro-organismes. Assainit et purifie Enrichie en Eau Thermale d'Uriage et en actifs assainissants, la peau est purifi\u00e9e. Conseils d'utilisation\u00a0: Vaporiser sur cuir chevelu sec ou mouill\u00e9, raie par raie : 2 fois par jour en cas de crise, 1 fois par jour en entretien pr\u00e9ventif. Laisser agir. Sans rin\u00e7age.","og_url":"https:\/\/pharmadreams.shop\/index.php\/product\/uriage-ds-hair-lotion-antipelliculaire-regulatrice-100ml\/","og_site_name":"pharmadreams","og_image":[{"width":230,"height":600,"url":"https:\/\/pharmadreams.shop\/wp-content\/uploads\/2024\/11\/65149812-ds-lotion-apaisante-100ml-f-0718-ld-20164619000000.png","type":"image\/png"}],"twitter_card":"summary_large_image","twitter_misc":{"Dur\u00e9e de lecture estim\u00e9e":"1 minute"},"schema":{"@context":"https:\/\/schema.org","@graph":[{"@type":"WebPage","@id":"https:\/\/pharmadreams.shop\/index.php\/product\/uriage-ds-hair-lotion-antipelliculaire-regulatrice-100ml\/","url":"https:\/\/pharmadreams.shop\/index.php\/product\/uriage-ds-hair-lotion-antipelliculaire-regulatrice-100ml\/","name":"URIAGE DS HAIR LOTION ANTIPELLICULAIRE REGULATRICE 100ML - pharmadreams","isPartOf":{"@id":"https:\/\/pharmadreams.shop\/#website"},"primaryImageOfPage":{"@id":"https:\/\/pharmadreams.shop\/index.php\/product\/uriage-ds-hair-lotion-antipelliculaire-regulatrice-100ml\/#primaryimage"},"image":{"@id":"https:\/\/pharmadreams.shop\/index.php\/product\/uriage-ds-hair-lotion-antipelliculaire-regulatrice-100ml\/#primaryimage"},"thumbnailUrl":"https:\/\/pharmadreams.shop\/wp-content\/uploads\/2024\/11\/65149812-ds-lotion-apaisante-100ml-f-0718-ld-20164619000000.png","datePublished":"2024-11-07T16:36:43+00:00","dateModified":"2024-11-07T16:36:43+00:00","breadcrumb":{"@id":"https:\/\/pharmadreams.shop\/index.php\/product\/uriage-ds-hair-lotion-antipelliculaire-regulatrice-100ml\/#breadcrumb"},"inLanguage":"fr-FR","potentialAction":[{"@type":"ReadAction","target":["https:\/\/pharmadreams.shop\/index.php\/product\/uriage-ds-hair-lotion-antipelliculaire-regulatrice-100ml\/"]}]},{"@type":"ImageObject","inLanguage":"fr-FR","@id":"https:\/\/pharmadreams.shop\/index.php\/product\/uriage-ds-hair-lotion-antipelliculaire-regulatrice-100ml\/#primaryimage","url":"https:\/\/pharmadreams.shop\/wp-content\/uploads\/2024\/11\/65149812-ds-lotion-apaisante-100ml-f-0718-ld-20164619000000.png","contentUrl":"https:\/\/pharmadreams.shop\/wp-content\/uploads\/2024\/11\/65149812-ds-lotion-apaisante-100ml-f-0718-ld-20164619000000.png","width":230,"height":600},{"@type":"BreadcrumbList","@id":"https:\/\/pharmadreams.shop\/index.php\/product\/uriage-ds-hair-lotion-antipelliculaire-regulatrice-100ml\/#breadcrumb","itemListElement":[{"@type":"ListItem","position":1,"name":"Accueil","item":"https:\/\/pharmadreams.shop\/"},{"@type":"ListItem","position":2,"name":"Shop","item":"https:\/\/pharmadreams.shop\/index.php\/shop\/"},{"@type":"ListItem","position":3,"name":"URIAGE DS HAIR LOTION ANTIPELLICULAIRE REGULATRICE 100ML"}]},{"@type":"WebSite","@id":"https:\/\/pharmadreams.shop\/#website","url":"https:\/\/pharmadreams.shop\/","name":"pharmadreams","description":"Parapharmacie en ligne","potentialAction":[{"@type":"SearchAction","target":{"@type":"EntryPoint","urlTemplate":"https:\/\/pharmadreams.shop\/?s={search_term_string}"},"query-input":"required name=search_term_string"}],"inLanguage":"fr-FR"}]}},"_links":{"self":[{"href":"https:\/\/pharmadreams.shop\/index.php\/wp-json\/wp\/v2\/product\/19180","targetHints":{"allow":["GET"]}}],"collection":[{"href":"https:\/\/pharmadreams.shop\/index.php\/wp-json\/wp\/v2\/product"}],"about":[{"href":"https:\/\/pharmadreams.shop\/index.php\/wp-json\/wp\/v2\/types\/product"}],"replies":[{"embeddable":true,"href":"https:\/\/pharmadreams.shop\/index.php\/wp-json\/wp\/v2\/comments?post=19180"}],"version-history":[{"count":0,"href":"https:\/\/pharmadreams.shop\/index.php\/wp-json\/wp\/v2\/product\/19180\/revisions"}],"wp:featuredmedia":[{"embeddable":true,"href":"https:\/\/pharmadreams.shop\/index.php\/wp-json\/wp\/v2\/media\/19181"}],"wp:attachment":[{"href":"https:\/\/pharmadreams.shop\/index.php\/wp-json\/wp\/v2\/media?parent=19180"}],"wp:term":[{"taxonomy":"product_brand","embeddable":true,"href":"https:\/\/pharmadreams.shop\/index.php\/wp-json\/wp\/v2\/product_brand?post=19180"},{"taxonomy":"product_cat","embeddable":true,"href":"https:\/\/pharmadreams.shop\/index.php\/wp-json\/wp\/v2\/product_cat?post=19180"},{"taxonomy":"product_tag","embeddable":true,"href":"https:\/\/pharmadreams.shop\/index.php\/wp-json\/wp\/v2\/product_tag?post=19180"}],"curies":[{"name":"wp","href":"https:\/\/api.w.org\/{rel}","templated":true}]}}